{"id":1251,"date":"2019-03-22T11:43:26","date_gmt":"2019-03-22T10:43:26","guid":{"rendered":"https:\/\/samhallsentreprenor.glokala.net\/2018-2019\/?page_id=1251"},"modified":"2019-05-27T10:34:48","modified_gmt":"2019-05-27T08:34:48","slug":"modul-4","status":"publish","type":"page","link":"https:\/\/samhallsentreprenor.glokala.net\/2018-2019\/modul-4\/","title":{"rendered":"Modul 4"},"content":{"rendered":"\n<p><strong>Tidsperiod modul 4:<\/strong> 25 mars \u2013 4 juni<\/p>\n\n\n\n<h2 class=\"wp-block-heading\">Inneh\u00e5ll under modulen:<\/h2>\n\n\n\n<p><strong>Metoder f\u00f6r m\u00f6ten och processer<\/strong><br>En viktig del i samh\u00e4llsentrepren\u00f6rskap handlar om olika typer av m\u00f6ten  och processer. Beroende p\u00e5 vad det \u00e4r som ska ske, vilka som \u00e4r  involverade och andra f\u00f6ruts\u00e4ttningar kan det finnas olika s\u00e4tt att arbeta. Vilka nya m\u00f6jligheter skapas genom anv\u00e4ndande av ny teknik? Vilka fallgropar finns det? Inom detta tema presenterar vi tips och exempel.<\/p>\n\n\n\n<p><strong>Verksamhetsplaner, aff\u00e4rsplaner och utv\u00e4rdering<\/strong><br> Vi tittar p\u00e5 vad olika typer av planer kan inneh\u00e5lla, och hur man kan  skriva dem f\u00f6r att p\u00e5 b\u00e4sta s\u00e4tt f\u00f6rmedla sin vision. Du arbetar sj\u00e4lv med att ta fram en projekt-, verksamhets- eller aff\u00e4rsplan.<br>Att utv\u00e4rdera \u00e4r inte bara viktigt f\u00f6r att kunna dra erfarenheter av en  verksamhet, det \u00e4r ocks\u00e5 m\u00e5nga g\u00e5nger ett krav idag fr\u00e5n olika anslagsgivare. Vi ser p\u00e5 olika metoder, m\u00f6jligheter och utmaningar f\u00f6r att g\u00f6ra s\u00e5dana utv\u00e4rderingar s\u00e5 anv\u00e4ndbara som m\u00f6jligt.<\/p>\n\n\n\n<h4 class=\"wp-block-heading\">Studiematerial<\/h4>\n\n\n\n<p>H\u00e4r hittar du det studiematerial i text som vi planerar att anv\u00e4nda. L\u00e4sanvisningar ges respektive vecka.<br><a href=\"https:\/\/samhallsentreprenor.glokala.net\/2018-2019\/modul-4\/studiematerial-modul-4\/\">Studiematerial \u2013 modul 4 \u2192<\/a><\/p>\n\n\n\n<h4 class=\"wp-block-heading\">Modulens veckoteman<\/h4>\n\n\n\n<p><strong>Veckoteman mars\/april<\/strong><\/p>\n\n\n\n<p><a href=\"https:\/\/samhallsentreprenor.glokala.net\/2018-2019\/modul-4\/v-13-intro-modul-4-inspiration\/\">v 13: Introduktion till modul 4 &amp; inspiration<\/a><br><a href=\"https:\/\/samhallsentreprenor.glokala.net\/2018-2019\/modul-4\/v-14-perspektiv-verksamhetsplaner-affarsplaner\/\">v 14: Perspektiv p\u00e5 verksamhetsplaner och aff\u00e4rsplaner.<\/a> <br><a href=\"https:\/\/samhallsentreprenor.glokala.net\/2018-2019\/modul-4\/upg-9-plan\/\">Upg 9 &#8221;Projekt-\/verksamhets-\/aff\u00e4rsplan&#8221;<\/a> (inl\u00e4mning 6 maj) och <a href=\"https:\/\/samhallsentreprenor.glokala.net\/2018-2019\/modul-4\/upg-10-reflektion-projektledning\/\">upg 10 &#8221;Reflektion kring projektledning&#8221;<\/a> (inl\u00e4mning 27 maj) presenteras.<br><a href=\"https:\/\/samhallsentreprenor.glokala.net\/2018-2019\/modul-4\/v-15-motesmetoder-rollen-som-underlattare\/\">v 15: M\u00f6tesmetoder och rollen som underl\u00e4ttare<\/a><br><a href=\"https:\/\/samhallsentreprenor.glokala.net\/2018-2019\/modul-4\/v-16-digitala-verktyg-for-samarbete\/\">v 16: Digitala verktyg f\u00f6r samarbete<\/a><br><a href=\"https:\/\/samhallsentreprenor.glokala.net\/2018-2019\/modul-4\/v-17-utvardering\/\">v 17: Utv\u00e4rdering<\/a><\/p>\n\n\n\n<p><strong>Veckoteman maj\/juni<\/strong><\/p>\n\n\n\n<p><a href=\"https:\/\/samhallsentreprenor.glokala.net\/2018-2019\/modul-4\/v-18\/\">v 18: Tid f\u00f6r arbete med upg 9<\/a> + <a href=\"https:\/\/samhallsentreprenor.glokala.net\/2018-2019\/modul-4\/kurstraff-3-4-maj\/\">kurstr\u00e4ff i Malm\u00f6 3-4 maj<\/a><br><a href=\"https:\/\/samhallsentreprenor.glokala.net\/2018-2019\/modul-4\/v-19-utvardering-fordjupning\/\">v 19: Utv\u00e4rdering \u2013 f\u00f6rdjupning &amp; inspiration<\/a><br><a href=\"https:\/\/samhallsentreprenor.glokala.net\/2018-2019\/modul-4\/v-20-tid-for-uppgift-10\/\">v 20: Tid f\u00f6r arbete med upg 10<\/a><br><a href=\"https:\/\/samhallsentreprenor.glokala.net\/2018-2019\/modul-4\/v-21-aktuella-perspektiv-kursutvardering\/\">v 21: Aktuella perspektiv + kursutv\u00e4rdering<\/a><br><a href=\"https:\/\/samhallsentreprenor.glokala.net\/2018-2019\/modul-4\/v-22-23-framtidsperspektiv-och-kursens-avslutning\/\">v 22\/23: Inspiration, framtiden och kursens avslutning<\/a> <em>(kursen avslutas tisdag 4 juni)<\/em><\/p>\n\n\n\n<h4 class=\"wp-block-heading\">Uppgifter<\/h4>\n\n\n\n<p>Under modul 4 genomf\u00f6r du uppgift 9 och 10.<\/p>\n\n\n\n<p><em><strong>Uppsamlings-datum<\/strong> f\u00f6r uppgifterna under Modul 4 och tidigare uppgifter under kursen: 26 augusti.<\/em><br><em>Det g\u00e5r ocks\u00e5 bra att komplettera tidigare under sommarperioden!<\/em><\/p>\n\n\n\n<hr class=\"wp-block-separator is-style-dots\"\/>\n\n\n\n<h4 class=\"wp-block-heading\"><strong>Vi vill ocks\u00e5 passa p\u00e5 att lyfta fram sp\u00e4nnande arrangemang den n\u00e4rmaste tiden:<\/strong><\/h4>\n\n\n\n<p class=\"has-background has-light-green-cyan-background-color\"><strong>28 mars, Malm\u00f6: <\/strong><a rel=\"noreferrer noopener\" aria-label=\"Movie for Change - Tomorrow (Demain) (opens in a new tab)\" href=\"http:\/\/storm.mah.se\/evenemang\/\" target=\"_blank\"><strong>Movie for Change &#8211; Tomorrow (Demain)<\/strong><\/a><br>&#8221;As mankind is threatened by the collapse of the ecosystems, the filmmakers explore the world in search of solutions that can save their children, and with them, future generations.&#8221;<\/p>\n\n\n\n<div class=\"wp-block-media-text alignwide has-media-on-the-right has-luminous-vivid-amber-background-color is-stacked-on-mobile\"><figure class=\"wp-block-media-text__media\"><img loading=\"lazy\" decoding=\"async\" width=\"2560\" height=\"1656\" src=\"https:\/\/i0.wp.com\/samhallsentreprenor.glokala.net\/2018-2019\/wp-content\/uploads\/2019\/03\/prestonmodeleconomicdev.png?fit=1024%2C662&amp;ssl=1\" alt=\"\" class=\"wp-image-1252\" srcset=\"https:\/\/samhallsentreprenor.glokala.net\/2018-2019\/wp-content\/uploads\/2019\/03\/prestonmodeleconomicdev.png 2560w, https:\/\/samhallsentreprenor.glokala.net\/2018-2019\/wp-content\/uploads\/2019\/03\/prestonmodeleconomicdev-500x323.png 500w, https:\/\/samhallsentreprenor.glokala.net\/2018-2019\/wp-content\/uploads\/2019\/03\/prestonmodeleconomicdev-768x497.png 768w, https:\/\/samhallsentreprenor.glokala.net\/2018-2019\/wp-content\/uploads\/2019\/03\/prestonmodeleconomicdev-1024x662.png 1024w, https:\/\/samhallsentreprenor.glokala.net\/2018-2019\/wp-content\/uploads\/2019\/03\/prestonmodeleconomicdev-624x404.png 624w\" sizes=\"auto, (max-width: 2560px) 100vw, 2560px\" \/><\/figure><div class=\"wp-block-media-text__content\">\n<p><strong>2 april, online: <a rel=\"noreferrer noopener\" href=\"http:\/\/lokalekonomi.helasverige.se\/\" target=\"_blank\">Webinar, Prestonmodellen \u2013 s\u00e5 kan kommunen bli en motor f\u00f6r lokalekonomisk utveckling<\/a><\/strong><br>&#8221;Kommunen  Preston, i England, har blivit en internationellt erk\u00e4nd f\u00f6rebild f\u00f6r  hur en kommun kan v\u00e4nda ekonomisk nedg\u00e5ng till framg\u00e5ng genom att p\u00e5 ett  genomgripande och strategiskt s\u00e4tt satsa p\u00e5 den lokala ekonomin.&#8221; <\/p>\n<\/div><\/div>\n\n\n\n<div style=\"height:20px\" aria-hidden=\"true\" class=\"wp-block-spacer\"><\/div>\n\n\n\n<p class=\"has-background has-light-green-cyan-background-color\"><strong>4 april, G\u00f6teborg: <a rel=\"noreferrer noopener\" aria-label=\"Lansering\/Launch Smarta Kartan 2.0! (opens in a new tab)\" href=\"https:\/\/www.facebook.com\/events\/1105359289655350\/\" target=\"_blank\">Lansering\/Launch Smarta Kartan 2.0!<\/a><\/strong><br>&#8221;Under kv\u00e4llen kommer du f\u00e5 uppt\u00e4cka den nya versionen och vi ber\u00e4ttar om de nya funktionerna. Du kommer ocks\u00e5 f\u00e5 l\u00e4ra k\u00e4nna n\u00e5gra verksamheter p\u00e5 kartan och mingla med inv\u00e5nare som \u00e4r en del av delningskulturen i G\u00f6teborg. Kom och fira med oss!<\/p>\n\n\n\n<p class=\"has-background has-luminous-vivid-amber-background-color\"><strong>8 april, Stockholm: <\/strong><a rel=\"noreferrer noopener\" aria-label=\"Hur smakar framtiden? (opens in a new tab)\" href=\"https:\/\/www.lyyti.fi\/reg\/matsvinn\" target=\"_blank\"><strong>Hur smakar framtiden?<\/strong><\/a><br>Finlandsinstitutet och Global Utmaning samlar n\u00e5gra av matkonstens och livsmedelsindustrins mest sp\u00e4nnande f\u00f6r\u00e4ndringsagenter i Finland och Sverige till ett samtal om matsvinn och mat-t\u00e4nk, d\u00e4r vi tillsammans kan utveckla id\u00e9er och uppleva hur framtiden kan smaka.<\/p>\n\n\n\n<p class=\"has-background has-light-green-cyan-background-color\"><strong>8 &#8211; 13 april, Lund: <\/strong><a rel=\"noreferrer noopener\" aria-label=\"Sustainability Week (opens in a new tab)\" href=\"https:\/\/www.sustainability.lu.se\/sustainability-week-2019\" target=\"_blank\"><strong>Sustainability Week<\/strong><\/a><br>&#8221;Transforming our world&#8221;. M\u00e5nga sp\u00e4nnande evenemang!<\/p>\n\n\n\n<figure class=\"wp-block-image\"><img loading=\"lazy\" decoding=\"async\" width=\"864\" height=\"486\" src=\"https:\/\/samhallsentreprenor.glokala.net\/2018-2019\/wp-content\/uploads\/2019\/03\/lu_hallbarhetsv_gif.gif\" alt=\"\" class=\"wp-image-1263\"\/><\/figure>\n","protected":false},"excerpt":{"rendered":"<p>Tidsperiod modul 4: 25 mars \u2013 4 juni Inneh\u00e5ll under modulen: Metoder f\u00f6r m\u00f6ten och processerEn viktig del i samh\u00e4llsentrepren\u00f6rskap handlar om olika typer av m\u00f6ten och processer. Beroende p\u00e5 vad det \u00e4r som ska ske, vilka som \u00e4r involverade och andra f\u00f6ruts\u00e4ttningar kan det finnas olika s\u00e4tt att arbeta. Vilka nya m\u00f6jligheter skapas genom [&hellip;]<\/p>\n","protected":false},"author":1,"featured_media":0,"parent":0,"menu_order":0,"comment_status":"open","ping_status":"closed","template":"","meta":{"_bbp_topic_count":0,"_bbp_reply_count":0,"_bbp_total_topic_count":0,"_bbp_total_reply_count":0,"_bbp_voice_count":0,"_bbp_anonymous_reply_count":0,"_bbp_topic_count_hidden":0,"_bbp_reply_count_hidden":0,"_bbp_forum_subforum_count":0,"footnotes":""},"class_list":["post-1251","page","type-page","status-publish","hentry"],"_links":{"self":[{"href":"https:\/\/samhallsentreprenor.glokala.net\/2018-2019\/wp-json\/wp\/v2\/pages\/1251","targetHints":{"allow":["GET"]}}],"collection":[{"href":"https:\/\/samhallsentreprenor.glokala.net\/2018-2019\/wp-json\/wp\/v2\/pages"}],"about":[{"href":"https:\/\/samhallsentreprenor.glokala.net\/2018-2019\/wp-json\/wp\/v2\/types\/page"}],"author":[{"embeddable":true,"href":"https:\/\/samhallsentreprenor.glokala.net\/2018-2019\/wp-json\/wp\/v2\/users\/1"}],"replies":[{"embeddable":true,"href":"https:\/\/samhallsentreprenor.glokala.net\/2018-2019\/wp-json\/wp\/v2\/comments?post=1251"}],"version-history":[{"count":14,"href":"https:\/\/samhallsentreprenor.glokala.net\/2018-2019\/wp-json\/wp\/v2\/pages\/1251\/revisions"}],"predecessor-version":[{"id":1528,"href":"https:\/\/samhallsentreprenor.glokala.net\/2018-2019\/wp-json\/wp\/v2\/pages\/1251\/revisions\/1528"}],"wp:attachment":[{"href":"https:\/\/samhallsentreprenor.glokala.net\/2018-2019\/wp-json\/wp\/v2\/media?parent=1251"}],"curies":[{"name":"wp","href":"https:\/\/api.w.org\/{rel}","templated":true}]}}