{"id":1310,"date":"2019-04-02T09:39:35","date_gmt":"2019-04-02T07:39:35","guid":{"rendered":"https:\/\/samhallsentreprenor.glokala.net\/2018-2019\/?page_id=1310"},"modified":"2019-04-02T09:39:35","modified_gmt":"2019-04-02T07:39:35","slug":"v-14-perspektiv-verksamhetsplaner-affarsplaner","status":"publish","type":"page","link":"https:\/\/samhallsentreprenor.glokala.net\/2018-2019\/modul-4\/v-14-perspektiv-verksamhetsplaner-affarsplaner\/","title":{"rendered":"v 14 Perspektiv p\u00e5 verksamhetsplaner &#038; aff\u00e4rsplaner"},"content":{"rendered":"\n<p><strong>Presentation:<\/strong><\/p>\n\n\n\n<div class=\"wp-block-file\"><a href=\"https:\/\/samhallsentreprenor.glokala.net\/2018-2019\/wp-content\/uploads\/2019\/04\/planer.pptx\" target=\"_blank\" rel=\"noreferrer noopener\">Aff\u00e4rsplaner f\u00f6r samh\u00e4llsentrepren\u00f6rer? (powerpoint-fil) <\/a><a href=\"https:\/\/samhallsentreprenor.glokala.net\/2018-2019\/wp-content\/uploads\/2019\/04\/planer.pptx\" class=\"wp-block-file__button\" download>Ladda ner<\/a><\/div>\n\n\n\n<div class=\"wp-block-file\"><a href=\"https:\/\/samhallsentreprenor.glokala.net\/2018-2019\/wp-content\/uploads\/2019\/04\/planer.pdf\" target=\"_blank\" rel=\"noreferrer noopener\">Aff\u00e4rsplaner f\u00f6r samh\u00e4llsentrepren\u00f6rer? (pdf) <\/a><a href=\"https:\/\/samhallsentreprenor.glokala.net\/2018-2019\/wp-content\/uploads\/2019\/04\/planer.pdf\" class=\"wp-block-file__button\" download>Ladda ner<\/a><\/div>\n\n\n\n<p>F\u00f6lj presentationen n\u00e4r du ser och lyssnar p\u00e5 Fredriks <a href=\"https:\/\/vimeo.com\/39616263\" target=\"_blank\" rel=\"noreferrer noopener\" aria-label=\"videof\u00f6rel\u00e4sning (opens in a new tab)\">videof\u00f6rel\u00e4sning<\/a>:<\/p>\n\n\n\n<figure class=\"wp-block-embed-vimeo wp-block-embed is-type-video is-provider-vimeo wp-embed-aspect-16-9 wp-has-aspect-ratio\"><div class=\"wp-block-embed__wrapper\">\nhttps:\/\/vimeo.com\/39616263\n<\/div><\/figure>\n\n\n\n<p>Ett exempel p\u00e5 verktyg i slutet av presentationen \u00e4r <a rel=\"noreferrer noopener\" href=\"https:\/\/strategyzer.com\/canvas\/business-model-canvas\" target=\"_blank\">\u201dThe Business Model Canvas\u201d<\/a>. Svensk version finns bland annat p\u00e5 <a href=\"https:\/\/www.nystartad.se\/business-model-canvas\/\" target=\"_blank\" rel=\"noreferrer noopener\" aria-label=\"nystartad.se d\u00e4r du kan fylla i den online (opens in a new tab)\">nystartad.se d\u00e4r du kan fylla i den online<\/a> &#8211; ett s\u00e4tt att snabbt skissa fram en id\u00e9, som sedan kan utvecklas i text i uppgift 9.<\/p>\n\n\n\n<p><strong>Video: <\/strong><a rel=\"noreferrer noopener\" aria-label=\"Aff\u00e4rsmodeller f\u00f6r sociala f\u00f6retag \u2013 en uppdatering (opens in a new tab)\" href=\"https:\/\/vimeo.com\/91341838\" target=\"_blank\"><strong>Aff\u00e4rsmodeller f\u00f6r sociala f\u00f6retag \u2013 en uppdatering<\/strong><\/a><\/p>\n\n\n\n<figure class=\"wp-block-embed-vimeo wp-block-embed is-type-video is-provider-vimeo wp-embed-aspect-16-9 wp-has-aspect-ratio\"><div class=\"wp-block-embed__wrapper\">\n<iframe loading=\"lazy\" title=\"Aff\u00e4rsmodeller f\u00f6r sociala f\u00f6retag - en uppdatering\" src=\"https:\/\/player.vimeo.com\/video\/91341838?dnt=1&amp;app_id=122963\" width=\"500\" height=\"281\" frameborder=\"0\" allow=\"autoplay; fullscreen; picture-in-picture; clipboard-write\"><\/iframe>\n<\/div><\/figure>\n\n\n\n<p><strong>Tv\u00e5 utvecklade versioner av Business Model Canvas:<\/strong><\/p>\n\n\n\n<p><a rel=\"noreferrer noopener\" aria-label=\"Social Business Model Canvas (opens in a new tab)\" href=\"http:\/\/www.socialbusinessmodelcanvas.com\/\" target=\"_blank\">Social Business Model Canvas<\/a><\/p>\n\n\n\n<p><a rel=\"noreferrer noopener\" aria-label=\"My Social Business Model (opens in a new tab)\" href=\"https:\/\/www.tuzzit.com\/en\/canvas\/my_social_business_model\" target=\"_blank\">My Social Business Model<\/a><\/p>\n\n\n\n<hr class=\"wp-block-separator is-style-wide\"\/>\n\n\n\n<h2 class=\"wp-block-heading\">Presentation av uppgift 9 och 10<\/h2>\n\n\n\n<p>H\u00e4r presenteras de tv\u00e5 sista uppgifterna i kursen. Uppgifterna \u00e4r en del av folkh\u00f6gskolekursen som helhet men \u00e4r samtidigt examinerande f\u00f6r h\u00f6gskolekursen som ing\u00e5r under \u00e5ret, <em>Introduktion till projektledning<\/em> (7,5 h\u00f6gskolepo\u00e4ng). Alla som genomf\u00f6r folkh\u00f6gskolekursen kan f\u00e5 h\u00f6gskolepo\u00e4ngen, oavsett om man har h\u00f6gskolebeh\u00f6righet eller inte.<br>F\u00f6r examination i h\u00f6gskolekursen \u00e4r det viktigt att f\u00f6lja de anvisningar som ges i beskrivningen av uppgiften. Du kan ocks\u00e5 v\u00e4lja att g\u00f6ra uppgifterna utan att g\u00f6ra anspr\u00e5k p\u00e5 h\u00f6gskolepo\u00e4ngen. Ta g\u00e4rna kontakt med August eller Fredrik om du har fr\u00e5gor.<\/p>\n\n\n\n<p>Beroende p\u00e5 dina tidigare erfarenheter kan det kanske verka avancerat med en h\u00f6gskolekurs. Vi vill passa p\u00e5 att p\u00e5minna om att du redan har gjort den st\u00f6rsta delen \u2013 genom ditt deltagande i kursen, inl\u00e4mning av tidigare uppgifter, reflekterande och den erfarenhet du skaffat dig under \u00e5ret. Den 25 april h\u00e5ller vi en chatt f\u00f6r fr\u00e5gor om uppgifterna, se nedan. Vi finns s\u00e5klart tillg\u00e4ngliga \u00e4ven annars f\u00f6r fr\u00e5gor och som st\u00f6d!<\/p>\n\n\n\n<h3 class=\"wp-block-heading\"><a href=\"https:\/\/samhallsentreprenor.glokala.net\/2018-2019\/modul-4\/upg-9-plan\/\" target=\"_blank\" rel=\"noreferrer noopener\" aria-label=\"Upg 9: Projektplan\/verksamhetsplan\/aff\u00e4rsplan (opens in a new tab)\">Upg 9: Projektplan\/verksamhetsplan\/aff\u00e4rsplan<\/a> (inl\u00e4mning m\u00e5ndag 6 maj)<\/h3>\n\n\n\n<h3 class=\"wp-block-heading\"><a href=\"https:\/\/samhallsentreprenor.glokala.net\/2018-2019\/modul-4\/upg-10-reflektion-projektledning\/\" target=\"_blank\" rel=\"noreferrer noopener\" aria-label=\"Upg 10: Reflektion kring projektledning (opens in a new tab)\">Upg 10: Reflektion kring projektledning<\/a> (inl\u00e4mning m\u00e5ndag 27 maj)<\/h3>\n\n\n\n<p><strong>Fr\u00e5gor eller funderingar om uppgift 9 eller uppgift 10?<\/strong><br> \u2192 Text-chatt torsdag 25 april kl 19:00 \u2013 20:00, via Zoom.<br>Fredrik och August finns online med m\u00f6jlighet att svara p\u00e5 fr\u00e5gor.<br>Delta via: <a href=\"https:\/\/zoom.us\/j\/940902204\">https:\/\/zoom.us\/j\/940902204<\/a><br>Om du inte har anv\u00e4nt Zoom tidigare kan du testa verktyget via <a href=\"https:\/\/zoom.us\/test\">https:\/\/zoom.us\/test<\/a><\/p>\n\n\n\n<p>Du kan givetvis \u00e4ven maila eller ringa om du vill bolla id\u00e9er eller fr\u00e5gor kring uppgifterna.<\/p>\n","protected":false},"excerpt":{"rendered":"<p>Presentation: F\u00f6lj presentationen n\u00e4r du ser och lyssnar p\u00e5 Fredriks videof\u00f6rel\u00e4sning: Ett exempel p\u00e5 verktyg i slutet av presentationen \u00e4r \u201dThe Business Model Canvas\u201d. Svensk version finns bland annat p\u00e5 nystartad.se d\u00e4r du kan fylla i den online &#8211; ett s\u00e4tt att snabbt skissa fram en id\u00e9, som sedan kan utvecklas i text i uppgift [&hellip;]<\/p>\n","protected":false},"author":1,"featured_media":0,"parent":1251,"menu_order":0,"comment_status":"open","ping_status":"closed","template":"","meta":{"_bbp_topic_count":0,"_bbp_reply_count":0,"_bbp_total_topic_count":0,"_bbp_total_reply_count":0,"_bbp_voice_count":0,"_bbp_anonymous_reply_count":0,"_bbp_topic_count_hidden":0,"_bbp_reply_count_hidden":0,"_bbp_forum_subforum_count":0,"footnotes":""},"class_list":["post-1310","page","type-page","status-publish","hentry"],"_links":{"self":[{"href":"https:\/\/samhallsentreprenor.glokala.net\/2018-2019\/wp-json\/wp\/v2\/pages\/1310","targetHints":{"allow":["GET"]}}],"collection":[{"href":"https:\/\/samhallsentreprenor.glokala.net\/2018-2019\/wp-json\/wp\/v2\/pages"}],"about":[{"href":"https:\/\/samhallsentreprenor.glokala.net\/2018-2019\/wp-json\/wp\/v2\/types\/page"}],"author":[{"embeddable":true,"href":"https:\/\/samhallsentreprenor.glokala.net\/2018-2019\/wp-json\/wp\/v2\/users\/1"}],"replies":[{"embeddable":true,"href":"https:\/\/samhallsentreprenor.glokala.net\/2018-2019\/wp-json\/wp\/v2\/comments?post=1310"}],"version-history":[{"count":4,"href":"https:\/\/samhallsentreprenor.glokala.net\/2018-2019\/wp-json\/wp\/v2\/pages\/1310\/revisions"}],"predecessor-version":[{"id":1329,"href":"https:\/\/samhallsentreprenor.glokala.net\/2018-2019\/wp-json\/wp\/v2\/pages\/1310\/revisions\/1329"}],"up":[{"embeddable":true,"href":"https:\/\/samhallsentreprenor.glokala.net\/2018-2019\/wp-json\/wp\/v2\/pages\/1251"}],"wp:attachment":[{"href":"https:\/\/samhallsentreprenor.glokala.net\/2018-2019\/wp-json\/wp\/v2\/media?parent=1310"}],"curies":[{"name":"wp","href":"https:\/\/api.w.org\/{rel}","templated":true}]}}