{"id":157,"date":"2018-09-03T10:33:01","date_gmt":"2018-09-03T08:33:01","guid":{"rendered":"https:\/\/samhallsentreprenor.glokala.net\/2018-2019\/?page_id=157"},"modified":"2019-04-02T10:02:09","modified_gmt":"2019-04-02T08:02:09","slug":"uppgifter-oversikt","status":"publish","type":"page","link":"https:\/\/samhallsentreprenor.glokala.net\/2018-2019\/uppgifter-oversikt\/","title":{"rendered":"Uppgifter \u2013 \u00f6versikt"},"content":{"rendered":"<h2>Modul 1<\/h2>\n<h3><a href=\"https:\/\/samhallsentreprenor.glokala.net\/2018-2019\/grupper\/upg-1-erfarenheter-av-projekt-initiativ\/\">Upg 1 Erfarenheter av projekt\/initiativ<\/a><\/h3>\n<p>Inl\u00e4mning 10 september. Respons till varandra i grupper fram till 23 september.<\/p>\n<h3><a href=\"https:\/\/samhallsentreprenor.glokala.net\/2018-2019\/grupper\/upg-2-skiss-projekt-verksamhet\/\">Upg 2 Skiss f\u00f6r projekt eller verksamhet<\/a><\/h3>\n<p>Inl\u00e4mning 16 september. Under kurstr\u00e4ffen 17-18 september kommer vi som \u00e4r d\u00e4r att jobba kring projektskisserna i grupper.<br \/>\nF\u00f6r dig som inte kan komma p\u00e5 kurstr\u00e4ffen: Efter den 18 september blir du indelad i en grupp f\u00f6r respons. Sista dag f\u00f6r kommentarer till varandra: 30 september.<\/p>\n<h3><a href=\"https:\/\/samhallsentreprenor.glokala.net\/2018-2019\/grupper\/upg-3-perspektiv-pa-samhallsentreprenorskap\/\">Upg 3 Perspektiv p\u00e5 samh\u00e4llsentrepren\u00f6rskap<\/a><\/h3>\n<p>Beskrivningen f\u00f6r uppgiften: <a href=\"https:\/\/samhallsentreprenor.glokala.net\/2018-2019\/modul-1\/upg3-perspektiv-pa-she\/\">https:\/\/samhallsentreprenor.glokala.net\/2018-2019\/modul-1\/upg3-perspektiv-pa-she\/<\/a><br \/>\nInl\u00e4mning: 22 oktober<br \/>\nRespons\/kommentarer till varandra: 23 oktober \u2013 4 november.<\/p>\n<p><em><strong>Uppsamlings-datum<\/strong> f\u00f6r uppgifterna 1-3 under modul 1: 25 november.<\/em><\/p>\n<h2>Modul 2<\/h2>\n<h3><a href=\"https:\/\/samhallsentreprenor.glokala.net\/2018-2019\/grupper\/upg-4-reflektion-ledarskap-grupp\/\">Upg 4 Reflektion kring ledarskap &amp; gruppdynamik<\/a><\/h3>\n<p>Inl\u00e4mning: 19 november<br \/>\nRespons\/kommentarer till varandra: 20 november &#8211; 2 december.<\/p>\n<h3><a href=\"https:\/\/samhallsentreprenor.glokala.net\/2018-2019\/grupper\/upg-5-exempel-pa-organisering\/\">Upg 5 Exempel p\u00e5 organisering<\/a><\/h3>\n<p>Beskrivningen f\u00f6r uppgiften: <a href=\"https:\/\/samhallsentreprenor.glokala.net\/2018-2019\/modul-2\/uppgift-5-exempel-pa-organisering\/\">https:\/\/samhallsentreprenor.glokala.net\/2018-2019\/modul-2\/uppgift-5-exempel-pa-organisering\/<\/a><br \/>\nInl\u00e4mning: 21 januari<br \/>\nRespons\/kommentarer: 22 januari \u2013 3 februari<\/p>\n<p><em><strong>Uppsamlings-datum<\/strong> f\u00f6r uppgifterna under modul 2: 25 februari.<\/em><\/p>\n<h2>Modul 3<\/h2>\n<h3><a href=\"https:\/\/samhallsentreprenor.glokala.net\/2018-2019\/grupper\/upg-6-pitch\/\">Upg 6 Pitch!<\/a><\/h3>\n<p>Inl\u00e4mning 13 februari.<br \/>\nRespons\/kommentarer: I gruppsamtal online, alternativt skriftliga kommentarer f\u00f6r de som inte kan delta i samtal.<\/p>\n<h3><a href=\"https:\/\/samhallsentreprenor.glokala.net\/2018-2019\/grupper\/uppgift-7-strategier-for-finansiering-och-hallbar-ekonomi\/forum\/\">Upg 7 Strategier f\u00f6r finansiering &amp; h\u00e5llbar ekonomi<\/a><\/h3>\n<p>Beskrivning: <a href=\"https:\/\/samhallsentreprenor.glokala.net\/2018-2019\/modul-3\/upg7-strategier-finansiering\/\">https:\/\/samhallsentreprenor.glokala.net\/2018-2019\/modul-3\/upg7-strategier-finansiering\/<\/a><br \/>\nInl\u00e4mning: 11 mars<\/p>\n<h3><a href=\"https:\/\/samhallsentreprenor.glokala.net\/2018-2019\/grupper\/upg-8-publiceringsplan\/forum\/\">Upg 8 Publiceringsplan<\/a><\/h3>\n<p>Beskrivning: <a href=\"https:\/\/samhallsentreprenor.glokala.net\/2018-2019\/wp-content\/uploads\/2019\/03\/Uppgift_Publiceringsplan.pdf\">https:\/\/samhallsentreprenor.glokala.net\/2018-2019\/wp-content\/uploads\/2019\/03\/Uppgift_Publiceringsplan.pdf<\/a><br \/>\nInl\u00e4mning: 25 mars<br \/>\nRespons\/kommentarer: En indelning f\u00f6r kommentarer till varandra presenteras 26 mars.<\/p>\n<p><em><strong>Uppsamlings-datum<\/strong> f\u00f6r uppgifterna under modul 3: 29 april.<\/em><\/p>\n<h2>Modul 4<\/h2>\n<h3><a href=\"https:\/\/samhallsentreprenor.glokala.net\/2018-2019\/grupper\/upg-9-projekt-verksamhets-affarsplan\/\">Upg 9 Projektplan \/ verksamhetsplan \/ aff\u00e4rsplan<\/a><\/h3>\n<p>Beskrivning: <a href=\"https:\/\/samhallsentreprenor.glokala.net\/2018-2019\/modul-4\/upg-9-plan\/\">https:\/\/samhallsentreprenor.glokala.net\/2018-2019\/modul-4\/upg-9-plan\/<\/a><br \/>\nInl\u00e4mning: 6 maj<br \/>\nRespons\/kommentarer till varandra: 7 &#8211; 19 maj.<\/p>\n<h3><a href=\"https:\/\/samhallsentreprenor.glokala.net\/2018-2019\/grupper\/upg-10-reflektion-kring-projektledning\/\">Upg 10 Reflektion kring projektledning<\/a><\/h3>\n<p>Beskrivning: <a href=\"https:\/\/samhallsentreprenor.glokala.net\/2018-2019\/modul-4\/upg-10-reflektion-projektledning\/\">https:\/\/samhallsentreprenor.glokala.net\/2018-2019\/modul-4\/upg-10-reflektion-projektledning\/<\/a><br \/>\nInl\u00e4mning: 27 maj.<\/p>\n<p><em><strong>Uppsamlings-datum<\/strong> f\u00f6r uppgifterna under Modul 4 och tidigare uppgifter under kursen: 26 augusti.<\/em><br \/>\n<em>Det g\u00e5r ocks\u00e5 bra att komplettera tidigare under sommarperioden!<\/em><\/p>\n","protected":false},"excerpt":{"rendered":"<p>Modul 1 Upg 1 Erfarenheter av projekt\/initiativ Inl\u00e4mning 10 september. Respons till varandra i grupper fram till 23 september. Upg 2 Skiss f\u00f6r projekt eller verksamhet Inl\u00e4mning 16 september. Under kurstr\u00e4ffen 17-18 september kommer vi som \u00e4r d\u00e4r att jobba kring projektskisserna i grupper. F\u00f6r dig som inte kan komma p\u00e5 kurstr\u00e4ffen: Efter den 18 [&hellip;]<\/p>\n","protected":false},"author":1,"featured_media":0,"parent":0,"menu_order":0,"comment_status":"open","ping_status":"closed","template":"","meta":{"_bbp_topic_count":0,"_bbp_reply_count":0,"_bbp_total_topic_count":0,"_bbp_total_reply_count":0,"_bbp_voice_count":0,"_bbp_anonymous_reply_count":0,"_bbp_topic_count_hidden":0,"_bbp_reply_count_hidden":0,"_bbp_forum_subforum_count":0,"footnotes":""},"class_list":["post-157","page","type-page","status-publish","hentry"],"_links":{"self":[{"href":"https:\/\/samhallsentreprenor.glokala.net\/2018-2019\/wp-json\/wp\/v2\/pages\/157","targetHints":{"allow":["GET"]}}],"collection":[{"href":"https:\/\/samhallsentreprenor.glokala.net\/2018-2019\/wp-json\/wp\/v2\/pages"}],"about":[{"href":"https:\/\/samhallsentreprenor.glokala.net\/2018-2019\/wp-json\/wp\/v2\/types\/page"}],"author":[{"embeddable":true,"href":"https:\/\/samhallsentreprenor.glokala.net\/2018-2019\/wp-json\/wp\/v2\/users\/1"}],"replies":[{"embeddable":true,"href":"https:\/\/samhallsentreprenor.glokala.net\/2018-2019\/wp-json\/wp\/v2\/comments?post=157"}],"version-history":[{"count":15,"href":"https:\/\/samhallsentreprenor.glokala.net\/2018-2019\/wp-json\/wp\/v2\/pages\/157\/revisions"}],"predecessor-version":[{"id":1622,"href":"https:\/\/samhallsentreprenor.glokala.net\/2018-2019\/wp-json\/wp\/v2\/pages\/157\/revisions\/1622"}],"wp:attachment":[{"href":"https:\/\/samhallsentreprenor.glokala.net\/2018-2019\/wp-json\/wp\/v2\/media?parent=157"}],"curies":[{"name":"wp","href":"https:\/\/api.w.org\/{rel}","templated":true}]}}

Uppgifter – översikt

<h2>Modul 1</h2>
<h3><a href="https://samhallsentreprenor.glokala.net/2018-2019/grupper/upg-1-erfarenheter-av-projekt-initiativ/">Upg 1 Erfarenheter av projekt/initiativ</a></h3>
<p>Inlämning 10 september. Respons till varandra i grupper fram till 23 september.</p>
<h3><a href="https://samhallsentreprenor.glokala.net/2018-2019/grupper/upg-2-skiss-projekt-verksamhet/">Upg 2 Skiss för projekt eller verksamhet</a></h3>
<p>Inlämning 16 september. Under kursträffen 17-18 september kommer vi som är där att jobba kring projektskisserna i grupper.<br />
För dig som inte kan komma på kursträffen: Efter den 18 september blir du indelad i en grupp för respons. Sista dag för kommentarer till varandra: 30 september.</p>
<h3><a href="https://samhallsentreprenor.glokala.net/2018-2019/grupper/upg-3-perspektiv-pa-samhallsentreprenorskap/">Upg 3 Perspektiv på samhällsentreprenörskap</a></h3>
<p>Beskrivningen för uppgiften: <a href="https://samhallsentreprenor.glokala.net/2018-2019/modul-1/upg3-perspektiv-pa-she/">https://samhallsentreprenor.glokala.net/2018-2019/modul-1/upg3-perspektiv-pa-she/</a><br />
Inlämning: 22 oktober<br />
Respons/kommentarer till varandra: 23 oktober – 4 november.</p>
<p><em><strong>Uppsamlings-datum</strong> för uppgifterna 1-3 under modul 1: 25 november.</em></p>
<h2>Modul 2</h2>
<h3><a href="https://samhallsentreprenor.glokala.net/2018-2019/grupper/upg-4-reflektion-ledarskap-grupp/">Upg 4 Reflektion kring ledarskap &amp; gruppdynamik</a></h3>
<p>Inlämning: 19 november<br />
Respons/kommentarer till varandra: 20 november &#8211; 2 december.</p>
<h3><a href="https://samhallsentreprenor.glokala.net/2018-2019/grupper/upg-5-exempel-pa-organisering/">Upg 5 Exempel på organisering</a></h3>
<p>Beskrivningen för uppgiften: <a href="https://samhallsentreprenor.glokala.net/2018-2019/modul-2/uppgift-5-exempel-pa-organisering/">https://samhallsentreprenor.glokala.net/2018-2019/modul-2/uppgift-5-exempel-pa-organisering/</a><br />
Inlämning: 21 januari<br />
Respons/kommentarer: 22 januari – 3 februari</p>
<p><em><strong>Uppsamlings-datum</strong> för uppgifterna under modul 2: 25 februari.</em></p>
<h2>Modul 3</h2>
<h3><a href="https://samhallsentreprenor.glokala.net/2018-2019/grupper/upg-6-pitch/">Upg 6 Pitch!</a></h3>
<p>Inlämning 13 februari.<br />
Respons/kommentarer: I gruppsamtal online, alternativt skriftliga kommentarer för de som inte kan delta i samtal.</p>
<h3><a href="https://samhallsentreprenor.glokala.net/2018-2019/grupper/uppgift-7-strategier-for-finansiering-och-hallbar-ekonomi/forum/">Upg 7 Strategier för finansiering &amp; hållbar ekonomi</a></h3>
<p>Beskrivning: <a href="https://samhallsentreprenor.glokala.net/2018-2019/modul-3/upg7-strategier-finansiering/">https://samhallsentreprenor.glokala.net/2018-2019/modul-3/upg7-strategier-finansiering/</a><br />
Inlämning: 11 mars</p>
<h3><a href="https://samhallsentreprenor.glokala.net/2018-2019/grupper/upg-8-publiceringsplan/forum/">Upg 8 Publiceringsplan</a></h3>
<p>Beskrivning: <a href="https://samhallsentreprenor.glokala.net/2018-2019/wp-content/uploads/2019/03/Uppgift_Publiceringsplan.pdf">https://samhallsentreprenor.glokala.net/2018-2019/wp-content/uploads/2019/03/Uppgift_Publiceringsplan.pdf</a><br />
Inlämning: 25 mars<br />
Respons/kommentarer: En indelning för kommentarer till varandra presenteras 26 mars.</p>
<p><em><strong>Uppsamlings-datum</strong> för uppgifterna under modul 3: 29 april.</em></p>
<h2>Modul 4</h2>
<h3><a href="https://samhallsentreprenor.glokala.net/2018-2019/grupper/upg-9-projekt-verksamhets-affarsplan/">Upg 9 Projektplan / verksamhetsplan / affärsplan</a></h3>
<p>Beskrivning: <a href="https://samhallsentreprenor.glokala.net/2018-2019/modul-4/upg-9-plan/">https://samhallsentreprenor.glokala.net/2018-2019/modul-4/upg-9-plan/</a><br />
Inlämning: 6 maj<br />
Respons/kommentarer till varandra: 7 &#8211; 19 maj.</p>
<h3><a href="https://samhallsentreprenor.glokala.net/2018-2019/grupper/upg-10-reflektion-kring-projektledning/">Upg 10 Reflektion kring projektledning</a></h3>
<p>Beskrivning: <a href="https://samhallsentreprenor.glokala.net/2018-2019/modul-4/upg-10-reflektion-projektledning/">https://samhallsentreprenor.glokala.net/2018-2019/modul-4/upg-10-reflektion-projektledning/</a><br />
Inlämning: 27 maj.</p>
<p><em><strong>Uppsamlings-datum</strong> för uppgifterna under Modul 4 och tidigare uppgifter under kursen: 26 augusti.</em><br />
<em>Det går också bra att komplettera tidigare under sommarperioden!</em></p>

<p>Modul 1 Upg 1 Erfarenheter av projekt/initiativ Inlämning 10 september. Respons till varandra i grupper fram till 23 september. Upg 2 Skiss för projekt eller verksamhet Inlämning 16 september. Under kursträffen 17-18 september kommer vi som är där att jobba kring projektskisserna i grupper. För dig som inte kan komma på kursträffen: Efter den 18 [&hellip;]</p>
