{"id":392,"date":"2018-09-24T15:28:57","date_gmt":"2018-09-24T13:28:57","guid":{"rendered":"https:\/\/samhallsentreprenor.glokala.net\/2018-2019\/?page_id=392"},"modified":"2019-09-05T10:54:47","modified_gmt":"2019-09-05T08:54:47","slug":"v-39-active-citizenship","status":"publish","type":"page","link":"https:\/\/samhallsentreprenor.glokala.net\/2018-2019\/modul-1\/v-39-active-citizenship\/","title":{"rendered":"v 39 Active citizenship"},"content":{"rendered":"<p><a href=\"https:\/\/samhallsentreprenor.glokala.net\/2018-2019\/modul-1\/upg3-perspektiv-pa-she\/\"><strong>Uppgift 3: Perspektiv p\u00e5 samh\u00e4llsentrepren\u00f6rskap<\/strong> finns presenterad h\u00e4r \u2192<\/a><br \/>\nInl\u00e4mning: 22 oktober.<\/p>\n<p>::::::::::::::::::::::<\/p>\n<p><strong>Hur formar vi som medborgare samh\u00e4llsutvecklingen? Vi tar begreppet \u201dactive citizenship\u201d som ing\u00e5ng till den h\u00e4r veckans material och reflektion.<\/strong><\/p>\n<p>F\u00f6rst en introduktion till temat:<\/p>\n<p><a href=\"https:\/\/samhallsentreprenor.glokala.net\/2018-2019\/wp-content\/uploads\/2018\/09\/Intro_Active_citizenship_24sept2018.mp3\" target=\"_blank\" rel=\"noopener noreferrer\">Introduktion &#8211; Active citizenship<\/a> (mp3, 06:49 min)<\/p>\n<audio class=\"wp-audio-shortcode\" id=\"audio-392-1\" preload=\"none\" style=\"width: 100%;\" controls=\"controls\"><source type=\"audio\/mpeg\" src=\"https:\/\/samhallsentreprenor.glokala.net\/2018-2019\/wp-content\/uploads\/2018\/09\/Intro_Active_citizenship_24sept2018.mp3?_=1\" \/><a href=\"https:\/\/samhallsentreprenor.glokala.net\/2018-2019\/wp-content\/uploads\/2018\/09\/Intro_Active_citizenship_24sept2018.mp3\">https:\/\/samhallsentreprenor.glokala.net\/2018-2019\/wp-content\/uploads\/2018\/09\/Intro_Active_citizenship_24sept2018.mp3<\/a><\/audio>\n<p>\/\/<br \/>\n<em>Tips som n\u00e4mns i introduktionen, <a href=\"https:\/\/urskola.se\/Produkter\/199001-Nationen-Skitaret-1917\" target=\"_blank\" rel=\"noopener noreferrer\">&#8221;Skit\u00e5ret 1917&#8221;<\/a> om de hungerprotester som arbetarkvinnor startade och som bidrog till att driva fram allm\u00e4n och lika r\u00f6str\u00e4tt.<\/em><\/p>\n<p>::::::::::::::::::::::<\/p>\n<h3>Videof\u00f6rel\u00e4sning med Rob Hopkins: Transition Stories \u2013 Local solutions for a sustainable society<\/h3>\n<p>Rob Hopkins \u00e4r aktivist, f\u00f6rfattare och grundare\/f\u00f6rgrundsgestalt f\u00f6r den internationella <a href=\"https:\/\/en.wikipedia.org\/wiki\/Transition_town\">transition movement<\/a> (omst\u00e4llningsr\u00f6relsen).<\/p>\n<p><em>F\u00f6rel\u00e4sningen spelades in 12 oktober 2017 och organiserades av Malm\u00f6 H\u00f6gskola, Glokala Folkh\u00f6gskolan, Holma Folkh\u00f6gskola, Omst\u00e4llning Malm\u00f6 och Nationella Omst\u00e4llningsr\u00e5det.<\/em><\/p>\n<p><iframe loading=\"lazy\" src=\"https:\/\/player.vimeo.com\/video\/238041827\" width=\"640\" height=\"360\" frameborder=\"0\" allowfullscreen=\"allowfullscreen\"><\/iframe><\/p>\n<p><strong>Reflektionsfr\u00e5gor:<\/strong><\/p>\n<ul>\n<li>Vilka tankar v\u00e4cker f\u00f6rel\u00e4sningen hos dig?<\/li>\n<li>Finns det lokala omst\u00e4llnings- eller h\u00e5llbarhetsinitiativ d\u00e4r du bor?<\/li>\n<\/ul>\n<p><a href=\"https:\/\/samhallsentreprenor.glokala.net\/2018-2019\/grupper\/cafeet-kursforum\/forum\/topic\/reflektioner-local-solutions-for-a-sustainable-society\/#post-404\" target=\"_blank\" rel=\"noopener noreferrer\"><strong>Tr\u00e5d i kursforumet<\/strong> f\u00f6r tankar, reflektioner \u2192<\/a><\/p>\n<p><strong><a href=\"http:\/\/omst\u00e4llning.net\/om\/omstallningskonferens-2018\/\" target=\"_blank\" rel=\"noopener noreferrer\"><img loading=\"lazy\" decoding=\"async\" class=\"aligncenter\" src=\"http:\/\/xn--omstllning-t5a.net\/wp-content\/uploads\/2018\/06\/omkonfs-a4_vit_bakgrund-e1528983620331.jpg\" width=\"500\" height=\"266\" \/><\/a><\/strong><\/p>\n<p><strong>Omst\u00e4llningskonferens 5-7 oktober i Malm\u00f6<\/strong><br \/>\nOm knappt tv\u00e5 veckor m\u00f6ts Omst\u00e4llning Sverige i Malm\u00f6 f\u00f6r tre dagars n\u00e4tverkande. <a href=\"http:\/\/omst\u00e4llning.net\/om\/omstallningskonferens-2018\/\" target=\"_blank\" rel=\"noopener noreferrer\">L\u00e4s mer om programmet \u2192<\/a><\/p>\n<p>::::::::::::::::::::::<\/p>\n<h3><strong>Att l\u00e4sa: \u201dNyttigg\u00f6rande ocks\u00e5 bortom den egna sektorn \u2013 samh\u00e4llsentrepren\u00f6rskap och socialt kapital\u201d<br \/>\n<\/strong><\/h3>\n<p>L\u00e4s Hans Westlunds kapitel i antologin <a href=\"https:\/\/www.ltu.se\/cms_fs\/1.78817!\/file\/samhallets_entreprenorer.pdf\" target=\"_blank\" rel=\"noopener noreferrer\">Samh\u00e4llets entrepren\u00f6rer<\/a><br \/>\n&#8221;Nyttigg\u00f6rande ocks\u00e5 bortom den egna sektorn \u2013 samh\u00e4llsentrepren\u00f6rskap och socialt kapital\u201d (sida 234-251)<\/p>\n<p>Mattias i kursen har tidigare beskrivit v\u00e4rdet av socialt och kulturellt kapital, som en reaktion p\u00e5 f\u00f6rsta kursveckans material och Muhammad Yunus artikel. <a href=\"https:\/\/samhallsentreprenor.glokala.net\/2018-2019\/grupper\/cafeet-kursforum\/forum\/topic\/ar-social-bussines-entrepreneurs-losningen\/#post-167\">L\u00e4s tidigare inl\u00e4gg i kursforumet \u2192<\/a><\/p>\n<p>::::::::::::::::::::::<\/p>\n<h3>F\u00f6rdjupning<\/h3>\n<p>Artikel: <a href=\"https:\/\/samhallsentreprenor.glokala.net\/2018-2019\/wp-content\/uploads\/2018\/08\/vaelfaerdsamhaellet-efter-den-svenska-modellen.pdf\" target=\"_blank\" rel=\"noopener noreferrer\">\u201dV\u00e4lf\u00e4rdssamh\u00e4llet efter Den Svenska Modellen\u201d<\/a> (Karl Palm\u00e5s, 2005)<\/p>\n<p>Karl Palm\u00e5s beskriver hur v\u00e4lf\u00e4rdens nya l\u00f6sningar v\u00e4xer fram utanf\u00f6r dagens etablerade strukturer. H\u00e5ller ni med? \u00c4r det civila samh\u00e4llets roll \/ samh\u00e4llsentrepren\u00f6rers roll att utveckla v\u00e4lf\u00e4rden?<\/p>\n","protected":false},"excerpt":{"rendered":"<p>Uppgift 3: Perspektiv p\u00e5 samh\u00e4llsentrepren\u00f6rskap finns presenterad h\u00e4r \u2192 Inl\u00e4mning: 22 oktober. :::::::::::::::::::::: Hur formar vi som medborgare samh\u00e4llsutvecklingen? Vi tar begreppet \u201dactive citizenship\u201d som ing\u00e5ng till den h\u00e4r veckans material och reflektion. F\u00f6rst en introduktion till temat: Introduktion &#8211; Active citizenship (mp3, 06:49 min) https:\/\/samhallsentreprenor.glokala.net\/2018-2019\/wp-content\/uploads\/2018\/09\/Intro_Active_citizenship_24sept2018.mp3 \/\/ Tips som n\u00e4mns i introduktionen, &#8221;Skit\u00e5ret 1917&#8221; om [&hellip;]<\/p>\n","protected":false},"author":1,"featured_media":0,"parent":109,"menu_order":0,"comment_status":"open","ping_status":"closed","template":"","meta":{"_bbp_topic_count":0,"_bbp_reply_count":0,"_bbp_total_topic_count":0,"_bbp_total_reply_count":0,"_bbp_voice_count":0,"_bbp_anonymous_reply_count":0,"_bbp_topic_count_hidden":0,"_bbp_reply_count_hidden":0,"_bbp_forum_subforum_count":0,"footnotes":""},"class_list":["post-392","page","type-page","status-publish","hentry"],"_links":{"self":[{"href":"https:\/\/samhallsentreprenor.glokala.net\/2018-2019\/wp-json\/wp\/v2\/pages\/392","targetHints":{"allow":["GET"]}}],"collection":[{"href":"https:\/\/samhallsentreprenor.glokala.net\/2018-2019\/wp-json\/wp\/v2\/pages"}],"about":[{"href":"https:\/\/samhallsentreprenor.glokala.net\/2018-2019\/wp-json\/wp\/v2\/types\/page"}],"author":[{"embeddable":true,"href":"https:\/\/samhallsentreprenor.glokala.net\/2018-2019\/wp-json\/wp\/v2\/users\/1"}],"replies":[{"embeddable":true,"href":"https:\/\/samhallsentreprenor.glokala.net\/2018-2019\/wp-json\/wp\/v2\/comments?post=392"}],"version-history":[{"count":9,"href":"https:\/\/samhallsentreprenor.glokala.net\/2018-2019\/wp-json\/wp\/v2\/pages\/392\/revisions"}],"predecessor-version":[{"id":1621,"href":"https:\/\/samhallsentreprenor.glokala.net\/2018-2019\/wp-json\/wp\/v2\/pages\/392\/revisions\/1621"}],"up":[{"embeddable":true,"href":"https:\/\/samhallsentreprenor.glokala.net\/2018-2019\/wp-json\/wp\/v2\/pages\/109"}],"wp:attachment":[{"href":"https:\/\/samhallsentreprenor.glokala.net\/2018-2019\/wp-json\/wp\/v2\/media?parent=392"}],"curies":[{"name":"wp","href":"https:\/\/api.w.org\/{rel}","templated":true}]}}