{"id":557,"date":"2018-10-29T10:20:29","date_gmt":"2018-10-29T09:20:29","guid":{"rendered":"https:\/\/samhallsentreprenor.glokala.net\/2018-2019\/?page_id=557"},"modified":"2019-01-14T14:49:41","modified_gmt":"2019-01-14T13:49:41","slug":"modul-2","status":"publish","type":"page","link":"https:\/\/samhallsentreprenor.glokala.net\/2018-2019\/modul-2\/","title":{"rendered":"Modul 2"},"content":{"rendered":"<p><strong>Tidsperiod modul 2:<\/strong> 29 oktober \u2013 20 januari 2019<\/p>\n<h2>Inneh\u00e5ll under modulen:<\/h2>\n<p><strong>L\u00e4rande, ledarskap och gruppdynamik<\/strong><br \/>\nBra ledarskap och ett bra gruppklimat vill alla ha \u2013 men vad betyder det egentligen? H\u00e4r diskuterar vi m\u00f6jligheter och sv\u00e5righeter, och tittar speciellt p\u00e5 s\u00e5dana saker som hur man kan arbeta med konflikthantering och skapa f\u00f6ruts\u00e4ttningar f\u00f6r l\u00e4rande n\u00e4r man driver ett projekt eller en verksamhet. En del aspekter \u00e4r generella och g\u00e4ller i alla grupper, men finns det ocks\u00e5 n\u00e5got som \u00e4r speciellt med detta n\u00e4r man arbetar med samh\u00e4llsentrepren\u00f6riella projekt och verksamheter?<\/p>\n<p><strong>Organisation och organisering<\/strong><br \/>\nVad \u00e4r egentligen en organisation och hur organiserar man en verksamhet p\u00e5 b\u00e4sta s\u00e4tt? H\u00e4r lyfter vi fram b\u00e5de teorier och intressanta erfarenheter som vi diskuterar.<\/p>\n<h4>Studiematerial<\/h4>\n<p>H\u00e4r hittar du det studiematerial som vi kommer att anv\u00e4nda. L\u00e4sanvisningar ges respektive vecka.<br \/>\n<a href=\"https:\/\/samhallsentreprenor.glokala.net\/2018-2019\/modul-2\/studiematerial-modul-2\/\">Studiematerial \u2013 modul 2 \u2192<\/a><\/p>\n<h4>Modulens veckoteman<\/h4>\n<p><strong>Veckoteman oktober\/november<\/strong><br \/>\n<a href=\"https:\/\/samhallsentreprenor.glokala.net\/2018-2019\/modul-2\/v-44-intro-till-modul-2\/\">v 44: Intro till modul 2<\/a>. Tid f\u00f6r kommentarer till <a href=\"https:\/\/samhallsentreprenor.glokala.net\/2018-2019\/modul-1\/upg3-perspektiv-pa-she\/\">uppgift 3<\/a>.<br \/>\n<a href=\"https:\/\/samhallsentreprenor.glokala.net\/2018-2019\/modul-2\/v-45-ledarskap\/\">v 45: Ledarskap!?<\/a> <a href=\"https:\/\/samhallsentreprenor.glokala.net\/2018-2019\/grupper\/upg-4-reflektion-ledarskap-grupp\/\">Uppgift 4: Reflektion kring ledarskap och gruppdynamik<\/a>. Inl\u00e4mning 19 nov.<br \/>\n<a href=\"https:\/\/samhallsentreprenor.glokala.net\/2018-2019\/modul-2\/v-46-gruppdynamik\/\">v 46: Gruppdynamik<\/a><br \/>\n<a href=\"https:\/\/samhallsentreprenor.glokala.net\/2018-2019\/modul-2\/v-47-orgteori\/\">v 47: Organisationsteori &amp; l\u00e4rande inom organisationer<\/a>. <a href=\"https:\/\/samhallsentreprenor.glokala.net\/2018-2019\/modul-2\/uppgift-5-exempel-pa-organisering\/\">Uppgift 5: Exempel p\u00e5 organisering<\/a>. Inl\u00e4mning 21 jan.<br \/>\n<a href=\"https:\/\/samhallsentreprenor.glokala.net\/2018-2019\/modul-2\/v-48-organisering-exempel\/\">v 48: Organisering, exempel inom samh\u00e4llsentrepren\u00f6rskap<\/a><\/p>\n<p><strong>Veckoteman december<\/strong><br \/>\n<a href=\"https:\/\/samhallsentreprenor.glokala.net\/2018-2019\/modul-2\/v-49-ledarskap-som-samhallsentreprenor\/\">v 49: Ledarskap som samh\u00e4llsentrepren\u00f6r<\/a><br \/>\n<a href=\"https:\/\/samhallsentreprenor.glokala.net\/2018-2019\/modul-2\/v-50-konflikthantering\/\">v 50: Konflikthantering<\/a><br \/>\n<a href=\"https:\/\/samhallsentreprenor.glokala.net\/2018-2019\/modul-2\/v-51-csr\/\">v 51: CSR &#8211; h\u00e5llbart f\u00f6retagande?<\/a><br \/>\n<a href=\"https:\/\/samhallsentreprenor.glokala.net\/2018-2019\/modul-2\/v-52-inspiration\/\">v 52: God jul + inspiration!<\/a><\/p>\n<p><strong>Veckoteman januari<\/strong><br \/>\nv 1: Tid f\u00f6r arbete med uppgift 5<br \/>\n<a href=\"https:\/\/samhallsentreprenor.glokala.net\/2018-2019\/modul-2\/v-2-aktuella-perspektiv\/\">v 2: Aktuella perspektiv<\/a> inom samh\u00e4llsentrepren\u00f6rskap<br \/>\n<a href=\"https:\/\/samhallsentreprenor.glokala.net\/2018-2019\/modul-2\/v-3\/\">v 3: Tid f\u00f6r uppgift 5 + inspiration<\/a><\/p>\n<h4>Uppgifter<\/h4>\n<p>Under modul 2 genomf\u00f6r du uppgift 4 och 5.<\/p>\n<p><em><strong>Uppsamlings-datum<\/strong> f\u00f6r uppgifterna under modul 2: 25 februari.<br \/>\n<\/em><\/p>\n<p><img loading=\"lazy\" decoding=\"async\" class=\"alignnone wp-image-559\" src=\"https:\/\/samhallsentreprenor.glokala.net\/2018-2019\/wp-content\/uploads\/2018\/10\/shot_1368113458517-1024x1022.jpg\" alt=\"\" width=\"800\" height=\"798\" srcset=\"https:\/\/samhallsentreprenor.glokala.net\/2018-2019\/wp-content\/uploads\/2018\/10\/shot_1368113458517-1024x1022.jpg 1024w, https:\/\/samhallsentreprenor.glokala.net\/2018-2019\/wp-content\/uploads\/2018\/10\/shot_1368113458517-150x150.jpg 150w, https:\/\/samhallsentreprenor.glokala.net\/2018-2019\/wp-content\/uploads\/2018\/10\/shot_1368113458517-500x500.jpg 500w, https:\/\/samhallsentreprenor.glokala.net\/2018-2019\/wp-content\/uploads\/2018\/10\/shot_1368113458517-768x767.jpg 768w, https:\/\/samhallsentreprenor.glokala.net\/2018-2019\/wp-content\/uploads\/2018\/10\/shot_1368113458517-624x623.jpg 624w, https:\/\/samhallsentreprenor.glokala.net\/2018-2019\/wp-content\/uploads\/2018\/10\/shot_1368113458517.jpg 1947w\" sizes=\"auto, (max-width: 800px) 100vw, 800px\" \/><\/p>\n","protected":false},"excerpt":{"rendered":"<p>Tidsperiod modul 2: 29 oktober \u2013 20 januari 2019 Inneh\u00e5ll under modulen: L\u00e4rande, ledarskap och gruppdynamik Bra ledarskap och ett bra gruppklimat vill alla ha \u2013 men vad betyder det egentligen? H\u00e4r diskuterar vi m\u00f6jligheter och sv\u00e5righeter, och tittar speciellt p\u00e5 s\u00e5dana saker som hur man kan arbeta med konflikthantering och skapa f\u00f6ruts\u00e4ttningar f\u00f6r l\u00e4rande [&hellip;]<\/p>\n","protected":false},"author":1,"featured_media":0,"parent":0,"menu_order":0,"comment_status":"open","ping_status":"closed","template":"","meta":{"_bbp_topic_count":0,"_bbp_reply_count":0,"_bbp_total_topic_count":0,"_bbp_total_reply_count":0,"_bbp_voice_count":0,"_bbp_anonymous_reply_count":0,"_bbp_topic_count_hidden":0,"_bbp_reply_count_hidden":0,"_bbp_forum_subforum_count":0,"footnotes":""},"class_list":["post-557","page","type-page","status-publish","hentry"],"_links":{"self":[{"href":"https:\/\/samhallsentreprenor.glokala.net\/2018-2019\/wp-json\/wp\/v2\/pages\/557","targetHints":{"allow":["GET"]}}],"collection":[{"href":"https:\/\/samhallsentreprenor.glokala.net\/2018-2019\/wp-json\/wp\/v2\/pages"}],"about":[{"href":"https:\/\/samhallsentreprenor.glokala.net\/2018-2019\/wp-json\/wp\/v2\/types\/page"}],"author":[{"embeddable":true,"href":"https:\/\/samhallsentreprenor.glokala.net\/2018-2019\/wp-json\/wp\/v2\/users\/1"}],"replies":[{"embeddable":true,"href":"https:\/\/samhallsentreprenor.glokala.net\/2018-2019\/wp-json\/wp\/v2\/comments?post=557"}],"version-history":[{"count":12,"href":"https:\/\/samhallsentreprenor.glokala.net\/2018-2019\/wp-json\/wp\/v2\/pages\/557\/revisions"}],"predecessor-version":[{"id":834,"href":"https:\/\/samhallsentreprenor.glokala.net\/2018-2019\/wp-json\/wp\/v2\/pages\/557\/revisions\/834"}],"wp:attachment":[{"href":"https:\/\/samhallsentreprenor.glokala.net\/2018-2019\/wp-json\/wp\/v2\/media?parent=557"}],"curies":[{"name":"wp","href":"https:\/\/api.w.org\/{rel}","templated":true}]}}