{"id":667,"date":"2018-11-19T08:07:11","date_gmt":"2018-11-19T07:07:11","guid":{"rendered":"https:\/\/samhallsentreprenor.glokala.net\/2018-2019\/?page_id=667"},"modified":"2019-01-14T09:39:03","modified_gmt":"2019-01-14T08:39:03","slug":"uppgift-5-exempel-pa-organisering","status":"publish","type":"page","link":"https:\/\/samhallsentreprenor.glokala.net\/2018-2019\/modul-2\/uppgift-5-exempel-pa-organisering\/","title":{"rendered":"Uppgift 5: Exempel p\u00e5 organisering"},"content":{"rendered":"<p><strong>Inl\u00e4mning: 21 januari<br \/>\nRespons\/kommentarer: 22 januari \u2013 3 februari<\/strong><\/p>\n<p>Unders\u00f6k ett projekt eller en verksamhet som du finner intressant. Att intervjua en eller flera personer fr\u00e5n det projekt eller verksamhet som du v\u00e4ljer att titta p\u00e5 \u00e4r ett bra s\u00e4tt att f\u00e5 underlag. V\u00e4lj g\u00e4rna ett exempel som ligger n\u00e4ra de id\u00e9er som du sj\u00e4lv har. Ofta \u00e4r det v\u00e4rdefullt att ta del av erfarenheter fr\u00e5n de som g\u00f6r liknande saker.<\/p>\n<p><strong>F\u00f6rslag p\u00e5 fr\u00e5gest\u00e4llningar<\/strong><\/p>\n<ul>\n<li>Hur har man organiserat sig och varf\u00f6r?<\/li>\n<li>Vad har varit framg\u00e5ngsrikt?<\/li>\n<li>Vilka sv\u00e5righeter finns?<\/li>\n<li>Hur fungerar samspelet mellan de som \u00e4r involverade?<\/li>\n<li>Har s\u00e4ttet att organisera verksamheten\/projektet f\u00f6r\u00e4ndrats \u00f6ver tid?<\/li>\n<\/ul>\n<p>Utveckla g\u00e4rna fr\u00e5gest\u00e4llningarna utifr\u00e5n vad du vill l\u00e4ra dig mer om.<\/p>\n<blockquote><p><strong>Tips p\u00e5 verksamheter att unders\u00f6ka:<\/strong><\/p>\n<p><a href=\"http:\/\/socialinnovation.se\/100-sociala-innovationer-som-kan-forandra-sverige\/\" target=\"_blank\" rel=\"noopener\">100 sociala innovationer &#8211; nationellt<\/a> (scrolla ner till listan med l\u00e4nkar)<br \/>\n<a href=\"http:\/\/socialinnovationskane.se\/100-sociala-innovationer-skane\/\" target=\"_blank\" rel=\"noopener\">100 sociala innovationer i Sk\u00e5ne<\/a><\/p><\/blockquote>\n<p><strong>Omfattning<\/strong><br \/>\nDu kan genomf\u00f6ra uppgiften sj\u00e4lv eller i samarbete med n\u00e5gon annan i kursen. Form f\u00f6r inl\u00e4mningen \u00e4r \u00f6ppen. Det g\u00e5r bra att anv\u00e4nda video, ljud, text eller en annan form du vill prova.<\/p>\n<p>Inl\u00e4mning i textform: 3-5 sidor.<\/p>\n<p>Inl\u00e4mning i form av video, ljudinspelning, bildspel, en blogg eller annat: Du f\u00e5r sj\u00e4lv g\u00f6ra en bed\u00f6mning, men en riktlinje f\u00f6r video- och ljudinspelningar kan vara att h\u00e5lla sig inom 15 minuter.<\/p>\n<p><strong>Inl\u00e4mning 21 januari:<br \/>\n<\/strong>\u2013 L\u00e4gg till ett nytt \u00e4mne i <a href=\"https:\/\/samhallsentreprenor.glokala.net\/2018-2019\/grupper\/upg-5-exempel-pa-organisering\/\">uppgiftens forum<\/a>: <a href=\"https:\/\/samhallsentreprenor.glokala.net\/2018-2019\/grupper\/upg-5-exempel-pa-organisering\/\">https:\/\/samhallsentreprenor.glokala.net\/2018-2019\/grupper\/upg-5-exempel-pa-organisering\/<\/a><br \/>\n\u2013 Skriv en titel som inneh\u00e5ller ditt namn<br \/>\n\u2013 L\u00e4mnar du in p\u00e5 annat s\u00e4tt \u00e4n genom text vill vi att du ocks\u00e5 kort beskriver hur man tar del av din presentation, i inl\u00e4gget eller med en bifogad fil.<br \/>\nKontakta August om du har n\u00e5gon fr\u00e5ga om hur du kan g\u00e5 tillv\u00e4ga f\u00f6r att l\u00e4mna in!<br \/>\nInl\u00e4mningsforumet \u00e4r \u00f6ppet f\u00f6r alla deltagare, men st\u00e4ngt f\u00f6r andra bes\u00f6kare.<\/p>\n<p><strong>Respons\/kommentarer:<\/strong> 22 januari \u2013 3 februari<br \/>\nI uppgiften ing\u00e5r att ge kommentarer till varandra. Kommentarer ger b\u00e5de v\u00e4rdefull respons och nya reflektioner. En indelning i grupper presenteras 22 januari.<br \/>\nSista dag f\u00f6r kommentarer: 3 februari.<\/p>\n<p><strong>Fr\u00e5gor?\u00a0<\/strong>Kontakta g\u00e4rna August om du har n\u00e5gon fr\u00e5ga.<\/p>\n","protected":false},"excerpt":{"rendered":"<p>Inl\u00e4mning: 21 januari Respons\/kommentarer: 22 januari \u2013 3 februari Unders\u00f6k ett projekt eller en verksamhet som du finner intressant. Att intervjua en eller flera personer fr\u00e5n det projekt eller verksamhet som du v\u00e4ljer att titta p\u00e5 \u00e4r ett bra s\u00e4tt att f\u00e5 underlag. V\u00e4lj g\u00e4rna ett exempel som ligger n\u00e4ra de id\u00e9er som du sj\u00e4lv [&hellip;]<\/p>\n","protected":false},"author":1,"featured_media":0,"parent":557,"menu_order":0,"comment_status":"open","ping_status":"closed","template":"","meta":{"_bbp_topic_count":0,"_bbp_reply_count":0,"_bbp_total_topic_count":0,"_bbp_total_reply_count":0,"_bbp_voice_count":0,"_bbp_anonymous_reply_count":0,"_bbp_topic_count_hidden":0,"_bbp_reply_count_hidden":0,"_bbp_forum_subforum_count":0,"footnotes":""},"class_list":["post-667","page","type-page","status-publish","hentry"],"_links":{"self":[{"href":"https:\/\/samhallsentreprenor.glokala.net\/2018-2019\/wp-json\/wp\/v2\/pages\/667","targetHints":{"allow":["GET"]}}],"collection":[{"href":"https:\/\/samhallsentreprenor.glokala.net\/2018-2019\/wp-json\/wp\/v2\/pages"}],"about":[{"href":"https:\/\/samhallsentreprenor.glokala.net\/2018-2019\/wp-json\/wp\/v2\/types\/page"}],"author":[{"embeddable":true,"href":"https:\/\/samhallsentreprenor.glokala.net\/2018-2019\/wp-json\/wp\/v2\/users\/1"}],"replies":[{"embeddable":true,"href":"https:\/\/samhallsentreprenor.glokala.net\/2018-2019\/wp-json\/wp\/v2\/comments?post=667"}],"version-history":[{"count":3,"href":"https:\/\/samhallsentreprenor.glokala.net\/2018-2019\/wp-json\/wp\/v2\/pages\/667\/revisions"}],"predecessor-version":[{"id":824,"href":"https:\/\/samhallsentreprenor.glokala.net\/2018-2019\/wp-json\/wp\/v2\/pages\/667\/revisions\/824"}],"up":[{"embeddable":true,"href":"https:\/\/samhallsentreprenor.glokala.net\/2018-2019\/wp-json\/wp\/v2\/pages\/557"}],"wp:attachment":[{"href":"https:\/\/samhallsentreprenor.glokala.net\/2018-2019\/wp-json\/wp\/v2\/media?parent=667"}],"curies":[{"name":"wp","href":"https:\/\/api.w.org\/{rel}","templated":true}]}}