{"id":74,"date":"2018-08-21T09:41:08","date_gmt":"2018-08-21T07:41:08","guid":{"rendered":"https:\/\/samhallsentreprenor.glokala.net\/2018-2019\/?page_id=74"},"modified":"2018-09-25T10:56:17","modified_gmt":"2018-09-25T08:56:17","slug":"praktisk-info","status":"publish","type":"page","link":"https:\/\/samhallsentreprenor.glokala.net\/2018-2019\/praktisk-info\/","title":{"rendered":"Praktisk info om kursen"},"content":{"rendered":"<p><strong>Personbevis f\u00f6r studier<\/strong><br \/>\nFolkh\u00f6gskolan beh\u00f6ver ett personbevis f\u00f6r studier fr\u00e5n alla deltagare, senast 24 september. Du best\u00e4ller, laddar ner eller skriver ut ett personbevis f\u00f6r studier <a title=\"Skatteverket\" href=\"http:\/\/www.skatteverket.se\/privat\/folkbokforing\/personbevis.4.18e1b10334ebe8bc80003671.html\" target=\"_blank\" rel=\"noopener\">via Skatteverkets hemsida<\/a>.<br \/>\nSkicka det sedan med post eller email:<br \/>\nPostadress: Att: Felicia Trellid, Glokala Folkh\u00f6gskolan, Box 8147, 200 41 Malm\u00f6<br \/>\nEmail: Felicia Trellid, felicia [at] glokala.se<\/p>\n<p><b>Terminstider<\/b><br \/>\nKursens terminstider \u00e4r f\u00f6ljande<br \/>\nHT2018: 2018-08-27\u00a0 \u2013\u00a0 2018-12-28<br \/>\nVT2019: 2019-01-02\u00a0 \u2013\u00a0 2019-06-04<\/p>\n<p><strong>CSN\/studiemedel<\/strong><br \/>\nOm du s\u00f6ker studiemedel\/bidrag f\u00f6r kursen: Du kan redan innan kursens start g\u00f6ra en ans\u00f6kan om CSN till kursen (se terminstider ovan). N\u00e4r kursen har startat beh\u00f6ver du sj\u00e4lv l\u00e4mna en studief\u00f6rs\u00e4kran till CSN. Har du n\u00e5gra fr\u00e5gor om CSN\/studiemedel f\u00e5r du g\u00e4rna ta direkt kontakt med Felicia Trellid som arbetar med dessa fr\u00e5gor p\u00e5 folkh\u00f6gskolan.<br \/>\nFelicia Trellid, felicia [at] glokala.se, 040-642 47 29, 0765-42 47 29<\/p>\n<p>L\u00e4s mer om studiest\u00f6d som studerande p\u00e5 folkh\u00f6gskola \u2013 l\u00e4nk till pdf: <a href=\"http:\/\/samhallsentreprenor.glokala.net\/2017-2018\/wp-content\/uploads\/2018\/03\/Studiestod_folkhogskolestuderande.pdf\" target=\"_blank\" rel=\"noopener\">Studiestod_folkhogskolestuderande.pdf<\/a><\/p>\n<p><strong>Tekniskt st\u00f6d under kursen<\/strong><br \/>\nOm du inom ramen f\u00f6r p\u00e5g\u00e5ende projekt\/verksamheter har behov av teknisk utrustning har vi som ambition att f\u00f6rs\u00f6ka hj\u00e4lpa till fr\u00e5n folkh\u00f6gskolan i den m\u00e5n vi har resurser. Det kan handla om digitalkamera, ljudinspelare, videokamera, scanning av bildmaterial med mera. Det kan ocks\u00e5 handla om st\u00f6d\/tips f\u00f6r redigering av bilder, video eller ljud. H\u00f6r av dig s\u00e5 ser vi vilka m\u00f6jligheter som finns!<\/p>\n<p><strong>F\u00f6rv\u00e4ntningar p\u00e5 dig som deltagare<\/strong><br \/>\nEn viktig utg\u00e5ngspunkt f\u00f6r kursen \u00e4r att ta vara p\u00e5 alla de tankar och kunskaper vi har tillsammans. En f\u00f6ruts\u00e4ttning \u00e4r att under \u00e5ret vara med och diskutera, dela dina tankar och erfarenheter. I flera uppgifter under \u00e5ret ing\u00e5r det att ge respons, kommentarer, till de andra deltagarna, n\u00e5got som b\u00e5de \u00e4r l\u00e4rorikt och v\u00e4cker nya perspektiv.<br \/>\nF\u00f6r att genomf\u00f6ra folkh\u00f6gskolekursen i sin helhet \u00e4r du med och genomf\u00f6r samtliga uppgifter under kursen.<br \/>\nH\u00f6gskolemomenten kring projektledning ing\u00e5r som en del av folkh\u00f6gskolekursen, de uppgifter som examinerar h\u00f6gskoledelen kommer att presenteras under kurs\u00e5ret.<\/p>\n<p><strong>Dina r\u00e4ttigheter som studerande<\/strong><br \/>\nMer generell information om att studera p\u00e5 Glokala folkh\u00f6gskolan och dina r\u00e4ttigheter som deltagare finns \u00e4ven <a title=\"Studerandeinfo - glokala.se\" href=\"https:\/\/www.glokala.se\/studerandeinfo\/\" target=\"_blank\" rel=\"noopener\">p\u00e5 glokala.se under Studerandeinfo<\/a>. D\u00e4r hittar du kontakt till v\u00e5r kurator, och de policydokument som styr hela folkh\u00f6gskolans verksamhet.<\/p>\n<p><strong>Information om hur vi hanterar dina personuppgifter<\/strong><br \/>\nL\u00e4s mer om hur vi hanterar dina personuppgifter som deltagare i kursen:<a href=\"https:\/\/docs.google.com\/document\/d\/1FvEKZV7Xr_3_jFPUNPw26FLQj2JcsyJEOqJsEqRZdc8\/edit?usp=sharing\" target=\"_blank\" rel=\"noopener\"> Information till deltagare i distanskurser ang\u00e5ende Dataskyddsf\u00f6rordningen \u2192<\/a><br \/>\nVi skickar \u00e4ven denna information per e-post i b\u00f6rjan och i slutet av kursen.<\/p>\n<p><strong>Studieteknik och personlig arbetsmilj\u00f6<br \/>\n<\/strong>Att l\u00e4sa en distanskurs ger m\u00f6jlighet att sj\u00e4lv planera n\u00e4r och hur du studerar. Den stora sj\u00e4lvst\u00e4ndigheten kan samtidigt vara en utmaning. Hur hittar en studiero och fokus? Vad \u00e4r viktigt att t\u00e4nka p\u00e5 n\u00e4r en sitter l\u00e5nga stunder framf\u00f6r en sk\u00e4rm? Vi har sammanst\u00e4llt n\u00e5gra tips, <a href=\"https:\/\/samhallsentreprenor.glokala.net\/2018-2019\/studieteknik\/\">l\u00e4s vidare \u2192<\/a><\/p>\n<p><img loading=\"lazy\" decoding=\"async\" class=\"alignnone size-large wp-image-75\" src=\"https:\/\/samhallsentreprenor.glokala.net\/2018-2019\/wp-content\/uploads\/2018\/08\/P1010831-1024x768.jpg\" alt=\"\" width=\"1024\" height=\"768\" srcset=\"https:\/\/samhallsentreprenor.glokala.net\/2018-2019\/wp-content\/uploads\/2018\/08\/P1010831-1024x768.jpg 1024w, https:\/\/samhallsentreprenor.glokala.net\/2018-2019\/wp-content\/uploads\/2018\/08\/P1010831-500x375.jpg 500w, https:\/\/samhallsentreprenor.glokala.net\/2018-2019\/wp-content\/uploads\/2018\/08\/P1010831-768x576.jpg 768w, https:\/\/samhallsentreprenor.glokala.net\/2018-2019\/wp-content\/uploads\/2018\/08\/P1010831-624x468.jpg 624w\" sizes=\"auto, (max-width: 1024px) 100vw, 1024px\" \/><\/p>\n","protected":false},"excerpt":{"rendered":"<p>Personbevis f\u00f6r studier Folkh\u00f6gskolan beh\u00f6ver ett personbevis f\u00f6r studier fr\u00e5n alla deltagare, senast 24 september. Du best\u00e4ller, laddar ner eller skriver ut ett personbevis f\u00f6r studier via Skatteverkets hemsida. Skicka det sedan med post eller email: Postadress: Att: Felicia Trellid, Glokala Folkh\u00f6gskolan, Box 8147, 200 41 Malm\u00f6 Email: Felicia Trellid, felicia [at] glokala.se Terminstider Kursens [&hellip;]<\/p>\n","protected":false},"author":1,"featured_media":0,"parent":0,"menu_order":0,"comment_status":"open","ping_status":"closed","template":"","meta":{"_bbp_topic_count":0,"_bbp_reply_count":0,"_bbp_total_topic_count":0,"_bbp_total_reply_count":0,"_bbp_voice_count":0,"_bbp_anonymous_reply_count":0,"_bbp_topic_count_hidden":0,"_bbp_reply_count_hidden":0,"_bbp_forum_subforum_count":0,"footnotes":""},"class_list":["post-74","page","type-page","status-publish","hentry"],"_links":{"self":[{"href":"https:\/\/samhallsentreprenor.glokala.net\/2018-2019\/wp-json\/wp\/v2\/pages\/74","targetHints":{"allow":["GET"]}}],"collection":[{"href":"https:\/\/samhallsentreprenor.glokala.net\/2018-2019\/wp-json\/wp\/v2\/pages"}],"about":[{"href":"https:\/\/samhallsentreprenor.glokala.net\/2018-2019\/wp-json\/wp\/v2\/types\/page"}],"author":[{"embeddable":true,"href":"https:\/\/samhallsentreprenor.glokala.net\/2018-2019\/wp-json\/wp\/v2\/users\/1"}],"replies":[{"embeddable":true,"href":"https:\/\/samhallsentreprenor.glokala.net\/2018-2019\/wp-json\/wp\/v2\/comments?post=74"}],"version-history":[{"count":6,"href":"https:\/\/samhallsentreprenor.glokala.net\/2018-2019\/wp-json\/wp\/v2\/pages\/74\/revisions"}],"predecessor-version":[{"id":401,"href":"https:\/\/samhallsentreprenor.glokala.net\/2018-2019\/wp-json\/wp\/v2\/pages\/74\/revisions\/401"}],"wp:attachment":[{"href":"https:\/\/samhallsentreprenor.glokala.net\/2018-2019\/wp-json\/wp\/v2\/media?parent=74"}],"curies":[{"name":"wp","href":"https:\/\/api.w.org\/{rel}","templated":true}]}}