{"id":910,"date":"2019-01-28T13:03:43","date_gmt":"2019-01-28T12:03:43","guid":{"rendered":"https:\/\/samhallsentreprenor.glokala.net\/2018-2019\/?page_id=910"},"modified":"2019-01-28T13:12:39","modified_gmt":"2019-01-28T12:12:39","slug":"v-5-fanga-intresset","status":"publish","type":"page","link":"https:\/\/samhallsentreprenor.glokala.net\/2018-2019\/modul-3\/v-5-fanga-intresset\/","title":{"rendered":"v 5 F\u00e5nga intresset + upg 6"},"content":{"rendered":"\n<p>Den h\u00e4r veckan f\u00f6rel\u00e4ser Fredrik p\u00e5 temat \u201cf\u00e5nga intresset\u201d och att pitcha. Samtidigt presenterar vi kursens n\u00e4sta uppgift, Pitch!<\/p>\n\n\n\n<p> Ladda ner Fredriks presentation som pdf h\u00e4r:&nbsp;<a rel=\"noreferrer noopener\" aria-label=\"Presentation Pitch (opens in a new tab)\" href=\"http:\/\/samhallsentreprenor.glokala.net\/2016-2017\/wp-content\/uploads\/2017\/01\/SHE_distans_picha.pdf\" target=\"_blank\">Presentation Pitch (pdf)<\/a><br> Ha den framf\u00f6r dig n\u00e4r du lyssnar p\u00e5 <a rel=\"noreferrer noopener\" aria-label=\"Fredriks videof\u00f6rel\u00e4sning (opens in a new tab)\" href=\"https:\/\/vimeo.com\/58866960\" target=\"_blank\">Fredriks videof\u00f6rel\u00e4sning<\/a>:<\/p>\n\n\n\n<figure class=\"wp-block-embed-vimeo wp-block-embed is-type-video is-provider-vimeo wp-embed-aspect-16-9 wp-has-aspect-ratio\"><div class=\"wp-block-embed__wrapper\">\nhttps:\/\/vimeo.com\/58866960\n<\/div><\/figure>\n\n\n<p>::::::::::::::::::::::::::::::::<\/p>\n<h2>Uppgift 6: Pitch!<\/h2>\n<p><strong>Inl\u00e4mning: <span style=\"text-decoration: underline;\">Onsdag 13 februari<\/span><\/strong> i <a href=\"https:\/\/samhallsentreprenor.glokala.net\/2018-2019\/grupper\/upg-6-pitch\/\" target=\"_blank\" rel=\"noopener\">uppgiftens forum, https:\/\/samhallsentreprenor.glokala.net\/2018-2019\/grupper\/upg-6-pitch\/<\/a><\/p>\n<p><strong>Uppgift:<\/strong> G\u00f6r en \u201dpitch\u201d f\u00f6r din id\u00e9\/projekt\/verksamhet. Det kan vara en projektid\u00e9 du arbetar med eller en fiktiv id\u00e9. Din pitch ska:<br \/>1) f\u00e5nga intresset<br \/>2) tydligg\u00f6ra projektet\/id\u00e9n<\/p>\n<p><strong>Omfattning:<\/strong> Pitchen kan vara i vilken form som helst, exempelvis text, bild, film, ljudfil, webbsida eller powerpoint-presentation. Obs, det ska ta max tre minuter att ta del av hela materialet!<\/p>\n<p><strong>Respons\/kommentarer:<\/strong> I gruppsamtal online, alternativt skriftliga kommentarer f\u00f6r de som inte kan delta i samtal. <br \/>Tider f\u00f6r samtal presenteras i <a href=\"https:\/\/samhallsentreprenor.glokala.net\/2018-2019\/grupper\/upg-6-pitch\/\" target=\"_blank\" rel=\"noopener\">forumet f\u00f6r uppgiften \u2192<\/a><\/p>\n<p>::::::::::::::::::::::::::::::::<\/p>\n<h2>Inspiration<\/h2>\n<p><strong>\u201dPitch your project\u201d. Brittiska r\u00e5d fr\u00e5n erfarna anslagsgivare:<\/strong><\/p>\n<p><iframe loading=\"lazy\" title=\"Advice from the dragons of Pitch your Project\" src=\"https:\/\/player.vimeo.com\/video\/893672?dnt=1&amp;app_id=122963\" width=\"500\" height=\"281\" frameborder=\"0\" allow=\"autoplay; fullscreen; picture-in-picture; clipboard-write\"><\/iframe><\/p>\n<p><span style=\"text-decoration: underline;\">Exempel i video fr\u00e5n tidigare deltagare i kursen:<\/span><\/p>\n<p><strong><a href=\"https:\/\/www.youtube.com\/watch?v=9VuqKErijmc\">Videopitch<\/a> Teater Nu \/ <a href=\"http:\/\/scenkonstguiden.se\/\">Scenkonstguiden<\/a>:<\/strong><\/p>\n<p><iframe loading=\"lazy\" title=\"pitch-hiss\" width=\"500\" height=\"281\" src=\"https:\/\/www.youtube.com\/embed\/9VuqKErijmc?feature=oembed\" frameborder=\"0\" allow=\"accelerometer; autoplay; clipboard-write; encrypted-media; gyroscope; picture-in-picture; web-share\" referrerpolicy=\"strict-origin-when-cross-origin\" allowfullscreen><\/iframe><\/p>\n<p><strong><a href=\"https:\/\/www.youtube.com\/watch?v=G6pfl7RQSpI\">Videopitch<\/a> f\u00f6r <a href=\"http:\/\/www.highheaven.com\/\">High Heavens<\/a> crowdfoundingkampanj<\/strong>\u00a0(h\u00f6sten 2013):<\/p>\n<p><iframe loading=\"lazy\" title=\"High Heaven Crowd\" width=\"500\" height=\"281\" src=\"https:\/\/www.youtube.com\/embed\/G6pfl7RQSpI?feature=oembed\" frameborder=\"0\" allow=\"accelerometer; autoplay; clipboard-write; encrypted-media; gyroscope; picture-in-picture; web-share\" referrerpolicy=\"strict-origin-when-cross-origin\" allowfullscreen><\/iframe><\/p>\n<p><strong>\u2192 Hur tycker ni att de h\u00e4r tv\u00e5 exemplen fungerar?<\/strong> F\u00e5ngar de intresset, \u00e4r det tydligt vad det handlar om?<br \/>Kommentera g\u00e4rna!<\/p>","protected":false},"excerpt":{"rendered":"<p>Den h\u00e4r veckan f\u00f6rel\u00e4ser Fredrik p\u00e5 temat \u201cf\u00e5nga intresset\u201d och att pitcha. Samtidigt presenterar vi kursens n\u00e4sta uppgift, Pitch! Ladda ner Fredriks presentation som pdf h\u00e4r:&nbsp;Presentation Pitch (pdf) Ha den framf\u00f6r dig n\u00e4r du lyssnar p\u00e5 Fredriks videof\u00f6rel\u00e4sning: :::::::::::::::::::::::::::::::: Uppgift 6: Pitch! Inl\u00e4mning: Onsdag 13 februari i uppgiftens forum, https:\/\/samhallsentreprenor.glokala.net\/2018-2019\/grupper\/upg-6-pitch\/ Uppgift: G\u00f6r en \u201dpitch\u201d f\u00f6r [&hellip;]<\/p>\n","protected":false},"author":1,"featured_media":0,"parent":850,"menu_order":0,"comment_status":"open","ping_status":"closed","template":"","meta":{"_bbp_topic_count":0,"_bbp_reply_count":0,"_bbp_total_topic_count":0,"_bbp_total_reply_count":0,"_bbp_voice_count":0,"_bbp_anonymous_reply_count":0,"_bbp_topic_count_hidden":0,"_bbp_reply_count_hidden":0,"_bbp_forum_subforum_count":0,"footnotes":""},"class_list":["post-910","page","type-page","status-publish","hentry"],"_links":{"self":[{"href":"https:\/\/samhallsentreprenor.glokala.net\/2018-2019\/wp-json\/wp\/v2\/pages\/910","targetHints":{"allow":["GET"]}}],"collection":[{"href":"https:\/\/samhallsentreprenor.glokala.net\/2018-2019\/wp-json\/wp\/v2\/pages"}],"about":[{"href":"https:\/\/samhallsentreprenor.glokala.net\/2018-2019\/wp-json\/wp\/v2\/types\/page"}],"author":[{"embeddable":true,"href":"https:\/\/samhallsentreprenor.glokala.net\/2018-2019\/wp-json\/wp\/v2\/users\/1"}],"replies":[{"embeddable":true,"href":"https:\/\/samhallsentreprenor.glokala.net\/2018-2019\/wp-json\/wp\/v2\/comments?post=910"}],"version-history":[{"count":4,"href":"https:\/\/samhallsentreprenor.glokala.net\/2018-2019\/wp-json\/wp\/v2\/pages\/910\/revisions"}],"predecessor-version":[{"id":915,"href":"https:\/\/samhallsentreprenor.glokala.net\/2018-2019\/wp-json\/wp\/v2\/pages\/910\/revisions\/915"}],"up":[{"embeddable":true,"href":"https:\/\/samhallsentreprenor.glokala.net\/2018-2019\/wp-json\/wp\/v2\/pages\/850"}],"wp:attachment":[{"href":"https:\/\/samhallsentreprenor.glokala.net\/2018-2019\/wp-json\/wp\/v2\/media?parent=910"}],"curies":[{"name":"wp","href":"https:\/\/api.w.org\/{rel}","templated":true}]}}