{"id":950,"date":"2019-02-05T13:40:02","date_gmt":"2019-02-05T12:40:02","guid":{"rendered":"https:\/\/samhallsentreprenor.glokala.net\/2018-2019\/?page_id=950"},"modified":"2019-02-05T13:40:46","modified_gmt":"2019-02-05T12:40:46","slug":"v6-resurser","status":"publish","type":"page","link":"https:\/\/samhallsentreprenor.glokala.net\/2018-2019\/modul-3\/v6-resurser\/","title":{"rendered":"v 6 Resurser f\u00f6r samh\u00e4llsentrepren\u00f6rskap"},"content":{"rendered":"<p>Ladda ner Fredriks presentation som pdf h\u00e4r: <a href=\"https:\/\/samhallsentreprenor.glokala.net\/2018-2019\/wp-content\/uploads\/2019\/02\/resurser.pdf\"><strong>Resurser (pdf)<\/strong><\/a><br \/>\nHa den framf\u00f6r dig n\u00e4r du lyssnar p\u00e5 Fredriks <a href=\"https:\/\/vimeo.com\/36269967\">videof\u00f6rel\u00e4sning<\/a>:<\/p>\n<p>https:\/\/vimeo.com\/36269967<\/p>\n<p>::::::::::::::::::::::::::<\/p>\n<h2>Inspiration \u2013 crowdfunding<\/h2>\n<p><a href=\"https:\/\/vimeo.com\/119101526\">Video &#8211; reflektioner<\/a>:<\/p>\n<p>https:\/\/vimeo.com\/119101526<\/p>\n<p><strong>Crowdfunding<\/strong> har vuxit snabbt de senaste \u00e5ren och f\u00e5tt en \u00f6kad uppm\u00e4rksamhet som metod f\u00f6r att samla ekonomiska resurser fr\u00e5n m\u00e5nga. N\u00e5gra av de st\u00f6rre plattformarna \u00e4r <a href=\"http:\/\/www.kickstarter.com\/\" target=\"_blank\" rel=\"noopener\">Kickstarter<\/a>, <a href=\"https:\/\/www.indiegogo.com\/\" target=\"_blank\" rel=\"noopener\">Indiegogo<\/a>, svenskstartade <a href=\"http:\/\/www.fundedbyme.com\/\" target=\"_blank\" rel=\"noopener\">Funded by me<\/a> och svenska <a href=\"http:\/\/crowdculture.se\/se\" target=\"_blank\" rel=\"noopener\">Crowdculture<\/a> \u2013 med en dedikerad vinkling mot kulturprojekt. Flera kommuner och regioner har g\u00e5tt in i samarbeten med Crowdculture, d\u00e4r projekt som blir popul\u00e4ra och n\u00e5r en grundfinansiering p\u00e5 Crowdculture till exempel f\u00e5r en matchad budget med offentliga projektmedel\/st\u00f6d.<\/p>\n<p>Myndigheten f\u00f6r Kulturanalys gjorde f\u00f6r n\u00e5gra \u00e5r sedan en unders\u00f6kning om crowdfunding f\u00f6r kultursektorn \u2013 vilken betydelse kan det ha och vilken potential finns? Resonemangen i rapporten \u00e4r relevanta \u00e4ven n\u00e4r vi t\u00e4nker bredare kring initiativ inom social innovation och samh\u00e4llsentrepren\u00f6rskap.<br \/>\n<a href=\"http:\/\/www.kulturanalys.se\/wp-content\/uploads\/2013\/02\/Omvarldsanalys_-Crowdfunding_2013.pdf\" target=\"_blank\" rel=\"noopener\">\u201dJakten p\u00e5 medborgarfinansiering: en omv\u00e4rldsanalys av crowdfunding\u201d \u2013 l\u00e4nk till pdf<\/a><\/p>\n<p>::::::::::::<\/p>\n<p>Nedan lyfter vi fram tv\u00e5 intervjuer med tv\u00e5 filmare som delvis anv\u00e4nt crowdfunding, och crowdsourcing (ung. att gemensamt l\u00f6sa en uppgift), som finansiering i sina filmprojekt.<\/p>\n<h3>Video: Intervju med regiss\u00f6ren Hanna Sk\u00f6ld<\/h3>\n<p>I videon nedan intervjuas Hanna Sk\u00f6ld \u2013 regiss\u00f6r till filmen Granny \u2013 om den kickstarterkampanj som blev en del av finansieringen f\u00f6r filmen. En kampanj som f\u00f6rutom pengar bidrog till v\u00e4rdefullt engagemang bland tittarna. L\u00e4s mer i denna\u00a0<a href=\"http:\/\/www.skd.se\/2015\/08\/06\/nu-ska-vi-ut-och-mota-publiken\/\" target=\"_blank\" rel=\"noopener\">artikel<\/a>.<br \/>\nH\u00e4r hittar du den avslutade <a href=\"https:\/\/www.kickstarter.com\/projects\/370814120\/grannys-dancing-on-the-table-a-granny-invasion\/\" target=\"_blank\" rel=\"noopener\">kickstarterkampanjen<\/a>.<\/p>\n<p><iframe loading=\"lazy\" title=\"Hanna Sk\u00f6ld om crowdsourcing i Granny is Dancing on the Table\" width=\"500\" height=\"281\" src=\"https:\/\/www.youtube.com\/embed\/qi8eWbM-tEs?feature=oembed\" frameborder=\"0\" allow=\"accelerometer; autoplay; clipboard-write; encrypted-media; gyroscope; picture-in-picture; web-share\" referrerpolicy=\"strict-origin-when-cross-origin\" allowfullscreen><\/iframe><\/p>\n<h3>Video: Intervju med dokument\u00e4rfilmaren Simon Klose<\/h3>\n<p>Simon Klose ber\u00e4ttar om crowdfunding-kampanjen f\u00f6r dokument\u00e4rfilmen om The Pirate Bay\u00a0d\u00e4r han var tidigt ute med att pr\u00f6va plattformen Kickstarter:<\/p>\n<p><iframe loading=\"lazy\" title=\"&quot;Crowdfunding \u00e4r ett nytt verktyg som kan vara j\u00e4vligt fett&quot;\" width=\"500\" height=\"281\" src=\"https:\/\/www.youtube.com\/embed\/9MYlVzPNmqQ?feature=oembed\" frameborder=\"0\" allow=\"accelerometer; autoplay; clipboard-write; encrypted-media; gyroscope; picture-in-picture; web-share\" referrerpolicy=\"strict-origin-when-cross-origin\" allowfullscreen><\/iframe><\/p>\n","protected":false},"excerpt":{"rendered":"<p>Ladda ner Fredriks presentation som pdf h\u00e4r: Resurser (pdf) Ha den framf\u00f6r dig n\u00e4r du lyssnar p\u00e5 Fredriks videof\u00f6rel\u00e4sning: https:\/\/vimeo.com\/36269967 :::::::::::::::::::::::::: Inspiration \u2013 crowdfunding Video &#8211; reflektioner: https:\/\/vimeo.com\/119101526 Crowdfunding har vuxit snabbt de senaste \u00e5ren och f\u00e5tt en \u00f6kad uppm\u00e4rksamhet som metod f\u00f6r att samla ekonomiska resurser fr\u00e5n m\u00e5nga. N\u00e5gra av de st\u00f6rre plattformarna \u00e4r [&hellip;]<\/p>\n","protected":false},"author":1,"featured_media":0,"parent":850,"menu_order":0,"comment_status":"open","ping_status":"closed","template":"","meta":{"_bbp_topic_count":0,"_bbp_reply_count":0,"_bbp_total_topic_count":0,"_bbp_total_reply_count":0,"_bbp_voice_count":0,"_bbp_anonymous_reply_count":0,"_bbp_topic_count_hidden":0,"_bbp_reply_count_hidden":0,"_bbp_forum_subforum_count":0,"footnotes":""},"class_list":["post-950","page","type-page","status-publish","hentry"],"_links":{"self":[{"href":"https:\/\/samhallsentreprenor.glokala.net\/2018-2019\/wp-json\/wp\/v2\/pages\/950","targetHints":{"allow":["GET"]}}],"collection":[{"href":"https:\/\/samhallsentreprenor.glokala.net\/2018-2019\/wp-json\/wp\/v2\/pages"}],"about":[{"href":"https:\/\/samhallsentreprenor.glokala.net\/2018-2019\/wp-json\/wp\/v2\/types\/page"}],"author":[{"embeddable":true,"href":"https:\/\/samhallsentreprenor.glokala.net\/2018-2019\/wp-json\/wp\/v2\/users\/1"}],"replies":[{"embeddable":true,"href":"https:\/\/samhallsentreprenor.glokala.net\/2018-2019\/wp-json\/wp\/v2\/comments?post=950"}],"version-history":[{"count":2,"href":"https:\/\/samhallsentreprenor.glokala.net\/2018-2019\/wp-json\/wp\/v2\/pages\/950\/revisions"}],"predecessor-version":[{"id":962,"href":"https:\/\/samhallsentreprenor.glokala.net\/2018-2019\/wp-json\/wp\/v2\/pages\/950\/revisions\/962"}],"up":[{"embeddable":true,"href":"https:\/\/samhallsentreprenor.glokala.net\/2018-2019\/wp-json\/wp\/v2\/pages\/850"}],"wp:attachment":[{"href":"https:\/\/samhallsentreprenor.glokala.net\/2018-2019\/wp-json\/wp\/v2\/media?parent=950"}],"curies":[{"name":"wp","href":"https:\/\/api.w.org\/{rel}","templated":true}]}}