{"id":1410,"date":"2019-12-09T06:00:00","date_gmt":"2019-12-09T05:00:00","guid":{"rendered":"https:\/\/samhallsentreprenor.glokala.net\/2019-2020\/?page_id=1410"},"modified":"2019-12-05T13:13:22","modified_gmt":"2019-12-05T12:13:22","slug":"v-50-ledarskap-som-samhallsentreprenor","status":"publish","type":"page","link":"https:\/\/samhallsentreprenor.glokala.net\/2019-2020\/v-50-ledarskap-som-samhallsentreprenor\/","title":{"rendered":"v 50 Ledarskap som samh\u00e4llsentrepren\u00f6r"},"content":{"rendered":"\n<p><strong>Utv\u00e4rdering h\u00f6stterminen<\/strong><br>En kort avst\u00e4mning n\u00e4r vi n\u00e4rmar oss halvtid i kursen &#8211; svara senast 18 december via: <a href=\"https:\/\/docs.google.com\/forms\/d\/e\/1FAIpQLSd0RWRYwat0xpc9qhe2kfNiz3IXTCFAa0H6dFofSBAZD2jS0w\/viewform\">https:\/\/docs.google.com\/forms\/d\/e\/1FAIpQLSd0RWRYwat0xpc9qhe2kfNiz3IXTCFAa0H6dFofSBAZD2jS0w\/viewform<\/a><br>Tack!<\/p>\n\n\n\n<p>::::::::::::::::::::::::<\/p>\n\n\n\n<p><strong><a href=\"https:\/\/vimeo.com\/304532474\/0c0a6799f2\" target=\"_blank\" rel=\"noreferrer noopener\">Video<\/a> <\/strong>med tillh\u00f6rande presentation: <strong><a href=\"https:\/\/samhallsentreprenor.glokala.net\/2018-2019\/wp-content\/uploads\/2018\/12\/Ledarskap_she.pdf\" target=\"_blank\" rel=\"noreferrer noopener\">Ledarskap inom samh\u00e4llsentrepren\u00f6rskap (pdf)<\/a><\/strong><\/p>\n\n\n\n<figure><iframe loading=\"lazy\" src=\"https:\/\/player.vimeo.com\/video\/304532474?byline=0&amp;portrait=0\" width=\"640\" height=\"360\" allowfullscreen=\"allowfullscreen\"><\/iframe><\/figure>\n\n\n\n<p>* Kursinneh\u00e5llet om l\u00e4rande inom organisationer, som August refererar till, kommer senare under kursen.<br><br><em>Material\/l\u00e4nkar fr\u00e5n f\u00f6rel\u00e4sningen:<\/em><\/p>\n\n\n\n<p><a href=\"http:\/\/vimeo.com\/32751462\" target=\"_blank\" rel=\"noreferrer noopener\"><strong>R\u00f6ster \u2013 video: <\/strong><\/a><strong>Vilken typ av ledarskap \u00e4r viktigt f\u00f6r en samh\u00e4llsentrepren\u00f6r?<br><\/strong>Vi st\u00e4llde fr\u00e5gan till:<br>\u2013 Peter Bjerg, bl a tidigare initiativtagare till <a href=\"http:\/\/www.kph-projects.dk\/\" target=\"_blank\" rel=\"noreferrer noopener\">KPH Projects<\/a>, ett projekthus i K\u00f6penhamn<br>\u2013 Magdalena Musiala, processledare med bakgrund i bland annat Entrepreneurs Sans Fronti\u00e8res i Paris<\/p>\n\n\n\n<p><strong>Ljudinslag kring n\u00e4tverkande:<\/strong> <a href=\"http:\/\/www.ltu.se\/cmsarkiv\/media\/projekt\/ljudbok\/05_Mats_Westerberg.mp3\" target=\"_blank\" rel=\"noreferrer noopener\">\u201dEn entrepren\u00f6r \u00e4r ingen \u00f6\u201d \u2013 klicka h\u00e4r (mp3)<\/a><br>Inspelning kring n\u00e4tverkande med Mats Westerberg, forskare i entrepren\u00f6rskap vid Lule\u00e5 tekniska universitet.<\/p>\n\n\n\n<p><strong>Video, Simon Sinek:<\/strong> <a href=\"https:\/\/www.ted.com\/talks\/simon_sinek_how_great_leaders_inspire_action?language=sv\" target=\"_blank\" rel=\"noreferrer noopener\">\u201dHow great leaders inspire action\u201d<\/a><\/p>\n\n\n\n<p><strong>Att l\u00e4sa: <\/strong><a href=\"http:\/\/www.perspectus.se\/tj\/publikationer\/Fanzingo.pdf\" target=\"_blank\" rel=\"noreferrer noopener\">Fanzingo \u2013 Entrepren\u00f6r i samh\u00e4llsf\u00f6r\u00e4ndringsarbete: Fr\u00e5n krigare till barnmorska (pdf)<\/a><em> (Anneline Sander &amp; Thomas Jordan)&nbsp;<\/em><strong>Om reflekterande praktik,<\/strong> kapitel 6, s 70-75.&nbsp;(introduktion till mediehuset <a href=\"http:\/\/fanzingo.se\/\" target=\"_blank\" rel=\"noreferrer noopener\">Fanzingo<\/a> ges i kapitel 1.3 \u201dFanzingo som samh\u00e4llsentrepren\u00f6r\u201d, s 3.)<\/p>\n\n\n\n<p><strong>Artikel:<\/strong> <a href=\"http:\/\/socialinnovationskane.se\/100-sociala-innovationer-\/mollans-basement\/\" target=\"_blank\" rel=\"noreferrer noopener\">M\u00f6llans Basement<\/a><\/p>\n\n\n\n<figure><iframe loading=\"lazy\" src=\"https:\/\/www.youtube.com\/embed\/fW8amMCVAJQ\" width=\"560\" height=\"315\" allowfullscreen=\"allowfullscreen\"><\/iframe><\/figure>\n\n\n\n<p><strong>Video:<\/strong> <a href=\"https:\/\/www.youtube.com\/watch?v=fW8amMCVAJQ\" target=\"_blank\" rel=\"noreferrer noopener\">\u201dFirst Follower: Leadership Lessons from Dancing Guy\u201d<\/a><br><\/p>\n\n\n\n<p><strong>Kommentarer till veckans material eller fr\u00e5gor?<\/strong> Kommentera g\u00e4rna h\u00e4r p\u00e5 sidan eller maila!<\/p>\n\n\n\n<p>::::::::::::::::::::::::<\/p>\n\n\n\n<h2 class=\"wp-block-heading\">F\u00f6rdjupning<\/h2>\n\n\n\n<p><strong>Artikel:<\/strong> <a href=\"https:\/\/ssir.org\/articles\/entry\/tackling_heropreneurship\" target=\"_blank\" rel=\"noreferrer noopener\">&#8221;Tackling Heropreneurship&#8221;<\/a> (Daniela Papi-Thornton)<\/p>\n\n\n\n<figure class=\"wp-block-image\"><a href=\"https:\/\/samhallsentreprenor.glokala.net\/2018-2019\/wp-content\/uploads\/2018\/12\/tackling-heropreneurship-hero.jpeg\"><img decoding=\"async\" src=\"https:\/\/samhallsentreprenor.glokala.net\/2018-2019\/wp-content\/uploads\/2018\/12\/tackling-heropreneurship-hero-500x400.jpeg\" alt=\"\" class=\"wp-image-767\"\/><\/a><\/figure>\n\n\n\n<p><strong>L\u00e4stips \u2013 b\u00f6cker:<\/strong><\/p>\n\n\n\n<ul class=\"wp-block-list\"><li>Leopold, Christer, <a href=\"http:\/\/www.voluntarius.com\/Boktips.htm\" target=\"_blank\" rel=\"noreferrer noopener\"><em>Professionell ideell: om att verka med ideell logik<\/em><\/a>. Stockholm: Sober, 2006<\/li><li>Elmqvist, Cecilia, <em><a href=\"http:\/\/idealistas.se\/bocker\/andamalsparagrafen\/\" target=\"_blank\" rel=\"noreferrer noopener\">\u00c4ndam\u00e5lsparagrafen: ledarskap i folkr\u00f6relser<\/a>.<\/em> Stockholm:&nbsp;Idealistas f\u00f6rlag, 2013<\/li><li>Moraeus, Lisa, <em><a href=\"http:\/\/www.lisamoraeus.se\/brinna\/\" target=\"_blank\" rel=\"noreferrer noopener\">Brinna!: att g\u00f6ra skillnad som ledare i en ideell organisation<\/a>.<\/em> Stockholm: Room for us, 2012<\/li><li>Iwarsson, Anna,<a href=\"http:\/\/idealistas.se\/bocker\/ram-och-kram\/\" target=\"_blank\" rel=\"noreferrer noopener\"><em> Ram och Kram: ledarskapets betydelse f\u00f6r organisationskulturen<\/em><\/a>. Stockholm: Idealistas f\u00f6rlag, 2015<\/li><li>Praszkier, Ryszard, <em><a href=\"http:\/\/libris.kb.se\/bib\/22546748\" target=\"_blank\" rel=\"noreferrer noopener\">Empowering leadership of tomorrow<\/a><\/em>. Cambridge: Cambridge University Press, 2018<\/li><\/ul>\n\n\n\n<p><strong>L\u00e4stips:<\/strong> <a href=\"http:\/\/www.alfabeta.se\/gor-nagot.html\" target=\"_blank\" rel=\"noreferrer noopener\">G\u00f6r n\u00e5got!<\/a> (Anna H\u00e4ggblom-St\u00e5lhammar, Alfabeta 2011). Tips \u00e4r ex intervjun med Bj\u00f6rn S\u00f6derberg, s 11-20.<br><a href=\"http:\/\/www.alfabeta.se\/nedladdning\/gor-nagot-enkelsidigt.pdf\" target=\"_blank\" rel=\"noreferrer noopener\">Direktl\u00e4nk till pdf.<\/a><\/p>\n","protected":false},"excerpt":{"rendered":"<p>Utv\u00e4rdering h\u00f6stterminenEn kort avst\u00e4mning n\u00e4r vi n\u00e4rmar oss halvtid i kursen &#8211; svara senast 18 december via: https:\/\/docs.google.com\/forms\/d\/e\/1FAIpQLSd0RWRYwat0xpc9qhe2kfNiz3IXTCFAa0H6dFofSBAZD2jS0w\/viewformTack! :::::::::::::::::::::::: Video med tillh\u00f6rande presentation: Ledarskap inom samh\u00e4llsentrepren\u00f6rskap (pdf) * Kursinneh\u00e5llet om l\u00e4rande inom organisationer, som August refererar till, kommer senare under kursen. Material\/l\u00e4nkar fr\u00e5n f\u00f6rel\u00e4sningen: R\u00f6ster \u2013 video: Vilken typ av ledarskap \u00e4r viktigt f\u00f6r en [&hellip;]<\/p>\n","protected":false},"author":3,"featured_media":0,"parent":0,"menu_order":0,"comment_status":"closed","ping_status":"closed","template":"","meta":{"_bbp_topic_count":0,"_bbp_reply_count":0,"_bbp_total_topic_count":0,"_bbp_total_reply_count":0,"_bbp_voice_count":0,"_bbp_anonymous_reply_count":0,"_bbp_topic_count_hidden":0,"_bbp_reply_count_hidden":0,"_bbp_forum_subforum_count":0,"jetpack_post_was_ever_published":false,"footnotes":""},"class_list":["post-1410","page","type-page","status-publish","hentry"],"jetpack_sharing_enabled":true,"_links":{"self":[{"href":"https:\/\/samhallsentreprenor.glokala.net\/2019-2020\/wp-json\/wp\/v2\/pages\/1410","targetHints":{"allow":["GET"]}}],"collection":[{"href":"https:\/\/samhallsentreprenor.glokala.net\/2019-2020\/wp-json\/wp\/v2\/pages"}],"about":[{"href":"https:\/\/samhallsentreprenor.glokala.net\/2019-2020\/wp-json\/wp\/v2\/types\/page"}],"author":[{"embeddable":true,"href":"https:\/\/samhallsentreprenor.glokala.net\/2019-2020\/wp-json\/wp\/v2\/users\/3"}],"replies":[{"embeddable":true,"href":"https:\/\/samhallsentreprenor.glokala.net\/2019-2020\/wp-json\/wp\/v2\/comments?post=1410"}],"version-history":[{"count":0,"href":"https:\/\/samhallsentreprenor.glokala.net\/2019-2020\/wp-json\/wp\/v2\/pages\/1410\/revisions"}],"wp:attachment":[{"href":"https:\/\/samhallsentreprenor.glokala.net\/2019-2020\/wp-json\/wp\/v2\/media?parent=1410"}],"curies":[{"name":"wp","href":"https:\/\/api.w.org\/{rel}","templated":true}]}}