{"id":1561,"date":"2020-01-13T06:00:00","date_gmt":"2020-01-13T05:00:00","guid":{"rendered":"https:\/\/samhallsentreprenor.glokala.net\/2019-2020\/?page_id=1561"},"modified":"2020-01-09T10:11:34","modified_gmt":"2020-01-09T09:11:34","slug":"v-3-tid-for-uppgift-5-inspiration","status":"publish","type":"page","link":"https:\/\/samhallsentreprenor.glokala.net\/2019-2020\/v-3-tid-for-uppgift-5-inspiration\/","title":{"rendered":"v 3 Tid f\u00f6r uppgift 5 + inspiration"},"content":{"rendered":"\n<p>Den h\u00e4r veckan finns det tid f\u00f6r <a rel=\"noreferrer noopener\" aria-label=\"uppgift 5 Exempel p\u00e5 organisering, l\u00e4s hela beskrivningen f\u00f6r uppgiften --&gt; (opens in a new tab)\" href=\"https:\/\/samhallsentreprenor.glokala.net\/2019-2020\/uppgift-5-exempel-pa-organisering\/\" target=\"_blank\">uppgift 5 Exempel p\u00e5 organisering, l\u00e4s hela beskrivningen f\u00f6r uppgiften &#8211;><\/a><br><strong>Inl\u00e4mning<\/strong> kommande m\u00e5ndag: 20 januari.<br><strong>Respons\/kommentarer:<\/strong> 21 januari \u2013 2 februari. En indelning i grupper  presenteras 21 januari. <\/p>\n\n\n\n<p><\/p>\n\n\n\n<h2 class=\"wp-block-heading\">Inspiration &#8211; video: Geoff Mulgan on the past and future decades of social innovation <\/h2>\n\n\n\n<p>Vi h\u00e4mtar en till filmad presentation fr\u00e5n Social Innovation Summit i Malm\u00f6 (nu fr\u00e5n november 2019). <a rel=\"noreferrer noopener\" aria-label=\"Geoff Mulgan (opens in a new tab)\" href=\"https:\/\/www.nesta.org.uk\/team\/geoff-mulgan\/\" target=\"_blank\">Geoff Mulgan<\/a> \u00e4r VD f\u00f6r innovationsstiftelsen <a rel=\"noreferrer noopener\" aria-label=\"Nesta (opens in a new tab)\" href=\"https:\/\/www.nesta.org.uk\/\" target=\"_blank\">Nesta<\/a>, baserad i Storbritannien. Lyssna p\u00e5 hans f\u00f6rel\u00e4sning om hur sociala innovationer d\u00e5, nu, och i framtiden kan ta sig an det m\u00e4nskliga samh\u00e4llets utmaningar. Filmen \u00e4r p\u00e5 engelska. Undertexter finns, dock endast autogenererade.<\/p>\n\n\n\n<figure class=\"wp-block-embed-youtube wp-block-embed is-type-video is-provider-youtube wp-embed-aspect-16-9 wp-has-aspect-ratio\"><div class=\"wp-block-embed__wrapper\">\n<iframe loading=\"lazy\" title=\"Geoff Mulgan on the past and future decades of social innovation\" width=\"500\" height=\"281\" src=\"https:\/\/www.youtube.com\/embed\/7Ltl_Tdgs50?feature=oembed\" frameborder=\"0\" allow=\"accelerometer; autoplay; clipboard-write; encrypted-media; gyroscope; picture-in-picture; web-share\" referrerpolicy=\"strict-origin-when-cross-origin\" allowfullscreen><\/iframe>\n<\/div><\/figure>\n\n\n\n<p><em>Fr\u00e5gor f\u00f6r reflektion till presentationen:<\/em><\/p>\n\n\n\n<ul class=\"wp-block-list\"><li>Vad gillar du i Geoff Mulgans presentation, vad fascinerar?<\/li><li>Geoff pratar om olika stora problem m\u00e4nskligheten st\u00e5r inf\u00f6r idag &#8212; s\u00e5 som klimatf\u00f6r\u00e4ndringar och auktorit\u00e4ra regeringar. Han menar att l\u00f6sningen g\u00e5r att hitta inom det sociala entrepren\u00f6rskapets anda. Till exempel f\u00f6rs\u00f6ker man \u00e5teruppfinna hur parlament, demokrati och politik kan fungera.  Tror du att samh\u00e4llsentrepren\u00f6rskap\/social innovation kan l\u00f6sa problemen vi st\u00e5r inf\u00f6r? Vilka utmaningar\/m\u00f6jligheter ser du? <\/li><li>Vilka andra fr\u00e5gor\/tankar v\u00e4cks n\u00e4r du lyssnar? <\/li><\/ul>\n\n\n\n<p><a rel=\"noreferrer noopener\" aria-label=\"Frivilligt att delta i diskussion i den h\u00e4r forumtr\u00e5den ----&gt; (opens in a new tab)\" href=\"https:\/\/samhallsentreprenor.glokala.net\/2019-2020\/grupper\/cafeet-kursforum\/forum\/topic\/v-3-diskussionstrad\/#post-1562\" target=\"_blank\"><strong>Frivilligt att delta i diskussion i den h\u00e4r forumtr\u00e5den &#8212;-><\/strong><\/a><\/p>\n\n\n\n<p><em>&#8212;> I b\u00f6rjan av presentationen pratar Geoff om sin nya bok &#8221;Social Innovation &#8212; How Societies Find the Power to Change&#8221; som finns i bokhandeln nu (tex <a rel=\"noreferrer noopener\" aria-label=\"h\u00e4r (opens in a new tab)\" href=\"https:\/\/www.adlibris.com\/se\/bok\/social-innovation-9781447353799?gclid=EAIaIQobChMIsKbVxZX25gIVhaoYCh2a1g22EAQYASABEgJEs_D_BwE\" target=\"_blank\">h\u00e4r<\/a>). Du kan ocks\u00e5 gratis ta del av hans lite \u00e4ldre rapport &#8221;Social Innovation &#8212; What it is, Why it Matters and How it Can be Accelerated&#8221; (Geoff Mulgan med Simon Tucker, Rushanara Ali and Ben Sanders) genom att ladda ner den som PDF h\u00e4r nedan &#8212;><\/em><\/p>\n\n\n\n<div class=\"wp-block-file\"><a href=\"https:\/\/samhallsentreprenor.glokala.net\/2019-2020\/wp-content\/uploads\/2020\/01\/Social_Innovation_What_It_Is_Why_It_Matters_and_Ho.pdf\">Social_Innovation_What_It_Is_Why_It_Matters_and_Ho<\/a><a href=\"https:\/\/samhallsentreprenor.glokala.net\/2019-2020\/wp-content\/uploads\/2020\/01\/Social_Innovation_What_It_Is_Why_It_Matters_and_Ho.pdf\" class=\"wp-block-file__button\" download>Ladda ner<\/a><\/div>\n\n\n\n<p>::::::::::<\/p>\n\n\n\n<h2 class=\"wp-block-heading\"><strong>Anm\u00e4lan kurstr\u00e4ff 10-11 februari, Malm\u00f6<\/strong><\/h2>\n\n\n\n<p>Vi ses vid 10.00 den 10\/2 och avslutar senast 15.30 den 11\/2. Programmet \u00e4r inte helt klart \u00e4nnu men vi kommer att g\u00f6ra b\u00e5de studiebes\u00f6k, ha ett pass kring grupputveckling och \u00e4ven tid f\u00f6r samtal\/workshop kring era projekt! Mer detaljer om program f\u00f6r kurstr\u00e4ffen kommer inom snart.&nbsp;<\/p>\n\n\n\n<p><strong>Resa och boende: <\/strong>Som vanligt utg\u00e5r en reseers\u00e4ttning&nbsp;p\u00e5 max 750:- f\u00f6r er som reser l\u00e5ngt. Boende ordnas privat, h\u00f6r av dig om du beh\u00f6ver hj\u00e4lp med tips p\u00e5 boendel\u00f6sningar.<br><br><strong>Anm\u00e4l dig via formul\u00e4ret nedan senast s\u00f6ndag 26 januari.&nbsp;<\/strong><\/p>\n\n\n\n<iframe loading=\"lazy\" src=\"https:\/\/docs.google.com\/forms\/d\/e\/1FAIpQLSd-lMgyhPJ7ujcgbhl6GxDJplIbppTAfBenfbxwzxWfVFqLoA\/viewform?embedded=true\" width=\"640\" height=\"1256\" frameborder=\"0\" marginheight=\"0\" marginwidth=\"0\">L\u00e4ser in\u00a0\u2026<\/iframe>\n","protected":false},"excerpt":{"rendered":"<p>Den h\u00e4r veckan finns det tid f\u00f6r uppgift 5 Exempel p\u00e5 organisering, l\u00e4s hela beskrivningen f\u00f6r uppgiften &#8211;>Inl\u00e4mning kommande m\u00e5ndag: 20 januari.Respons\/kommentarer: 21 januari \u2013 2 februari. En indelning i grupper presenteras 21 januari. Inspiration &#8211; video: Geoff Mulgan on the past and future decades of social innovation Vi h\u00e4mtar en till filmad presentation fr\u00e5n [&hellip;]<\/p>\n","protected":false},"author":3,"featured_media":0,"parent":0,"menu_order":0,"comment_status":"closed","ping_status":"closed","template":"","meta":{"_bbp_topic_count":0,"_bbp_reply_count":0,"_bbp_total_topic_count":0,"_bbp_total_reply_count":0,"_bbp_voice_count":0,"_bbp_anonymous_reply_count":0,"_bbp_topic_count_hidden":0,"_bbp_reply_count_hidden":0,"_bbp_forum_subforum_count":0,"jetpack_post_was_ever_published":false,"footnotes":""},"class_list":["post-1561","page","type-page","status-publish","hentry"],"jetpack_sharing_enabled":true,"_links":{"self":[{"href":"https:\/\/samhallsentreprenor.glokala.net\/2019-2020\/wp-json\/wp\/v2\/pages\/1561","targetHints":{"allow":["GET"]}}],"collection":[{"href":"https:\/\/samhallsentreprenor.glokala.net\/2019-2020\/wp-json\/wp\/v2\/pages"}],"about":[{"href":"https:\/\/samhallsentreprenor.glokala.net\/2019-2020\/wp-json\/wp\/v2\/types\/page"}],"author":[{"embeddable":true,"href":"https:\/\/samhallsentreprenor.glokala.net\/2019-2020\/wp-json\/wp\/v2\/users\/3"}],"replies":[{"embeddable":true,"href":"https:\/\/samhallsentreprenor.glokala.net\/2019-2020\/wp-json\/wp\/v2\/comments?post=1561"}],"version-history":[{"count":0,"href":"https:\/\/samhallsentreprenor.glokala.net\/2019-2020\/wp-json\/wp\/v2\/pages\/1561\/revisions"}],"wp:attachment":[{"href":"https:\/\/samhallsentreprenor.glokala.net\/2019-2020\/wp-json\/wp\/v2\/media?parent=1561"}],"curies":[{"name":"wp","href":"https:\/\/api.w.org\/{rel}","templated":true}]}}