{"id":1574,"date":"2020-01-09T15:25:43","date_gmt":"2020-01-09T14:25:43","guid":{"rendered":"https:\/\/samhallsentreprenor.glokala.net\/2019-2020\/?page_id=1574"},"modified":"2020-03-13T11:51:08","modified_gmt":"2020-03-13T10:51:08","slug":"modul-3","status":"publish","type":"page","link":"https:\/\/samhallsentreprenor.glokala.net\/2019-2020\/modul-3\/","title":{"rendered":"Modul 3"},"content":{"rendered":"\n<p><strong>Tidsperiod modul 3:<\/strong> 20 januari \u2013 22 mars<\/p>\n\n\n\n<h2 class=\"wp-block-heading\">Inneh\u00e5ll under modulen:<\/h2>\n\n\n\n<p><strong>Ekonomi och finansiering<\/strong><br>Det kan tyckas paradoxalt, men trots att det handlar om verksamhet som  saknar personligt vinstintresse m\u00e5ste man \u00e4gna stort intresse \u00e5t  ekonomiska fr\u00e5gor. Skillnaden \u00e4r naturligtvis att man har annat fokus \u00e4n  i en vinstdrivande verksamhet, och \u00e4ven andra m\u00f6jligheter. Men utan en  ordentlig budget l\u00e4r man inte f\u00e5 igenom en projektans\u00f6kan och om man  inte tagit med alla kostnader i sin offert, kanske man inte kan  genomf\u00f6ra det hela som man t\u00e4nkt. I det h\u00e4r momentet tittar vi \u00e4ven p\u00e5 nya innovativa initiativ f\u00f6r en mer h\u00e5llbar ekonomi. <\/p>\n\n\n\n<p><strong>F\u00e5nga intresset<\/strong><br>Vi tittar p\u00e5 hur man kan kommunicera f\u00f6r att p\u00e5 b\u00e4sta s\u00e4tt f\u00f6rmedla sin vision, och f\u00f6rdjupar oss \u00e4ven i strategiskt arbete med sociala medier.<\/p>\n\n\n\n<h4 class=\"wp-block-heading\">Studiematerial<\/h4>\n\n\n\n<p>H\u00e4r hittar du det studiematerial i text som vi planerar att anv\u00e4nda. L\u00e4sanvisningar ges respektive vecka.<br><a href=\"https:\/\/samhallsentreprenor.glokala.net\/2019-2020\/modul-3\/studiematerial-modul-3\/\">Studiematerial \u2013 modul 3 \u2192 <\/a><\/p>\n\n\n\n<h4 class=\"wp-block-heading\">Modulens veckoteman<\/h4>\n\n\n\n<p><strong>Veckoteman januari\/februari<\/strong><\/p>\n\n\n\n<p><a href=\"https:\/\/samhallsentreprenor.glokala.net\/2019-2020\/v-4-intro-till-modul-3\/\">v 4: Introduktion modul 3.<\/a> Respons uppgift 5<br><a href=\"https:\/\/samhallsentreprenor.glokala.net\/2019-2020\/modul-3\/v-5-fanga-intresset-uppgift-6\/\">v 5: F\u00e5nga intresset.<\/a> Uppgift 6: Pitch! Inl\u00e4mning 13 feb.<br><a rel=\"noreferrer noopener\" aria-label=\"v 6: Resurser f\u00f6r samh\u00e4llsentrepren\u00f6rskap (\u00f6ppnas i en ny flik)\" href=\"https:\/\/samhallsentreprenor.glokala.net\/2019-2020\/modul-3\/v-6-resurser-for-samhallsentreprenorskap\/\" target=\"_blank\">v 6: Resurser f\u00f6r samh\u00e4llsentrepren\u00f6rskap<\/a> <br><a href=\"https:\/\/samhallsentreprenor.glokala.net\/2019-2020\/modul-3\/v-7-soka-pengar-projektbudget-och-sociala-bokslut\/\">v 7: S\u00f6ka pengar, projektbudget och sociala bokslut<\/a><br><a href=\"https:\/\/samhallsentreprenor.glokala.net\/2019-2020\/modul-3\/kurstraff-10-11-februari\/\">Kurstr\u00e4ff 10-11 februari<\/a>, Malm\u00f6 med omnejd<br><a href=\"https:\/\/samhallsentreprenor.glokala.net\/2019-2020\/modul-3\/v-8-inspiration-hallbar-ekonomi-uppgift-7\/\">v 8: Deltagande och lokal ekonomi.<\/a> Uppgift 7: Strategier h\u00e5llbar ekonomi. Inl\u00e4mning 9 mars.<br><a href=\"https:\/\/samhallsentreprenor.glokala.net\/2019-2020\/modul-3\/v-9-tid-for-uppgift-7-inspiration\/\">v 9: Tid f\u00f6r uppgift 7 + inspiration<\/a><\/p>\n\n\n\n<p><strong>Veckoteman mars<\/strong><\/p>\n\n\n\n<p><a rel=\"noreferrer noopener\" aria-label=\"v 10: Arbeta med sociala medier (opens in a new tab)\" href=\"https:\/\/samhallsentreprenor.glokala.net\/2019-2020\/modul-3\/v-10-arbeta-med-sociala-medier\/\" target=\"_blank\">v 10: Arbeta med sociala medier<\/a><br><a href=\"https:\/\/samhallsentreprenor.glokala.net\/2019-2020\/modul-3\/v-11-sociala-medier-fordjupning-uppgift-8\/\">v 11: Arbeta med sociala medier, f\u00f6rdjupning<\/a>. Uppgift 8: Sociala medier. Inl\u00e4mning 23 mars.<br><a href=\"https:\/\/samhallsentreprenor.glokala.net\/2019-2020\/modul-3\/v-12-tid-for-uppgift-8-inspiration\/\">v 12: Tid f\u00f6r uppgift 8 + inspiration<\/a>. <a rel=\"noreferrer noopener\" aria-label=\"tr\u00e4ff i Malm\u00f6 21 mars (opens in a new tab)\" href=\"https:\/\/samhallsentreprenor.glokala.net\/2019-2020\/nyheter\/traff-i-malmo-21-mars-valkommen\/\" target=\"_blank\">Tr\u00e4ff i Malm\u00f6 21 mars<\/a> f\u00f6r alla intresserade<\/p>\n\n\n\n<h4 class=\"wp-block-heading\">Uppgifter<\/h4>\n\n\n\n<p>Under modul 3 genomf\u00f6r du uppgift 6, 7 och 8.<\/p>\n\n\n\n<p><em><strong>Uppsamlings-datum<\/strong> f\u00f6r uppgifterna under modul 3: 26 april.<\/em><\/p>\n\n\n\n<figure class=\"wp-block-image\"><img decoding=\"async\" src=\"https:\/\/samhallsentreprenor.glokala.net\/2018-2019\/wp-content\/uploads\/2019\/01\/photo-1024x768-1024x768.jpg\" alt=\"\" class=\"wp-image-853\"\/><\/figure>\n","protected":false},"excerpt":{"rendered":"<p>Tidsperiod modul 3: 20 januari \u2013 22 mars Inneh\u00e5ll under modulen: Ekonomi och finansieringDet kan tyckas paradoxalt, men trots att det handlar om verksamhet som saknar personligt vinstintresse m\u00e5ste man \u00e4gna stort intresse \u00e5t ekonomiska fr\u00e5gor. Skillnaden \u00e4r naturligtvis att man har annat fokus \u00e4n i en vinstdrivande verksamhet, och \u00e4ven andra m\u00f6jligheter. Men utan [&hellip;]<\/p>\n","protected":false},"author":3,"featured_media":0,"parent":0,"menu_order":0,"comment_status":"closed","ping_status":"closed","template":"","meta":{"_bbp_topic_count":0,"_bbp_reply_count":0,"_bbp_total_topic_count":0,"_bbp_total_reply_count":0,"_bbp_voice_count":0,"_bbp_anonymous_reply_count":0,"_bbp_topic_count_hidden":0,"_bbp_reply_count_hidden":0,"_bbp_forum_subforum_count":0,"jetpack_post_was_ever_published":false,"footnotes":""},"class_list":["post-1574","page","type-page","status-publish","hentry"],"jetpack_sharing_enabled":true,"_links":{"self":[{"href":"https:\/\/samhallsentreprenor.glokala.net\/2019-2020\/wp-json\/wp\/v2\/pages\/1574","targetHints":{"allow":["GET"]}}],"collection":[{"href":"https:\/\/samhallsentreprenor.glokala.net\/2019-2020\/wp-json\/wp\/v2\/pages"}],"about":[{"href":"https:\/\/samhallsentreprenor.glokala.net\/2019-2020\/wp-json\/wp\/v2\/types\/page"}],"author":[{"embeddable":true,"href":"https:\/\/samhallsentreprenor.glokala.net\/2019-2020\/wp-json\/wp\/v2\/users\/3"}],"replies":[{"embeddable":true,"href":"https:\/\/samhallsentreprenor.glokala.net\/2019-2020\/wp-json\/wp\/v2\/comments?post=1574"}],"version-history":[{"count":0,"href":"https:\/\/samhallsentreprenor.glokala.net\/2019-2020\/wp-json\/wp\/v2\/pages\/1574\/revisions"}],"wp:attachment":[{"href":"https:\/\/samhallsentreprenor.glokala.net\/2019-2020\/wp-json\/wp\/v2\/media?parent=1574"}],"curies":[{"name":"wp","href":"https:\/\/api.w.org\/{rel}","templated":true}]}}