{"id":1700,"date":"2020-01-27T09:00:00","date_gmt":"2020-01-27T08:00:00","guid":{"rendered":"https:\/\/samhallsentreprenor.glokala.net\/2019-2020\/?page_id=1700"},"modified":"2020-01-27T09:21:58","modified_gmt":"2020-01-27T08:21:58","slug":"v-5-fanga-intresset-uppgift-6","status":"publish","type":"page","link":"https:\/\/samhallsentreprenor.glokala.net\/2019-2020\/modul-3\/v-5-fanga-intresset-uppgift-6\/","title":{"rendered":"v 5 F\u00e5nga intresset + uppgift 6"},"content":{"rendered":"\n<p>Den h\u00e4r veckan f\u00f6rel\u00e4ser Fredrik p\u00e5 temat att \u201cf\u00e5nga intresset\u201d och att pitcha. Samtidigt presenterar vi kursens n\u00e4sta uppgift, Pitch!<\/p>\n\n\n\n<p>Ladda ner Fredriks presentation som pdf h\u00e4r: <a href=\"https:\/\/samhallsentreprenor.glokala.net\/2019-2020\/wp-content\/uploads\/2020\/01\/SHE_distans_picha.pdf\" target=\"_blank\" rel=\"noreferrer noopener\" aria-label=\"Presentation Pitch (pdf) (\u00f6ppnas i en ny flik)\">Presentation Pitch (pdf)<\/a><br>Ha den framf\u00f6r dig n\u00e4r du lyssnar p\u00e5 <a rel=\"noreferrer noopener\" aria-label=\"Fredriks videof\u00f6rel\u00e4sning (\u00f6ppnas i en ny flik)\" href=\"https:\/\/vimeo.com\/58866960\" target=\"_blank\">Fredriks videof\u00f6rel\u00e4sning<\/a>:<\/p>\n\n\n\n<figure class=\"wp-block-embed-vimeo wp-block-embed is-type-video is-provider-vimeo wp-embed-aspect-16-9 wp-has-aspect-ratio\"><div class=\"wp-block-embed__wrapper\">\nhttps:\/\/vimeo.com\/58866960\n<\/div><\/figure>\n\n\n\n<p><strong>Fr\u00e5gor, reaktioner?<\/strong> <a href=\"https:\/\/samhallsentreprenor.glokala.net\/2019-2020\/grupper\/cafeet-kursforum\/forum\/topic\/v-5-att-pitcha-fragor-kommentarer\/\" target=\"_blank\" rel=\"noreferrer noopener\" aria-label=\"Tr\u00e5d i forumet! (\u00f6ppnas i en ny flik)\">Tr\u00e5d i forumet!<\/a><\/p>\n\n\n\n<hr class=\"wp-block-separator\"\/>\n\n\n\n<h2 class=\"wp-block-heading\">Uppgift 6: Pitch!<\/h2>\n\n\n\n<p><strong>Inl\u00e4mning: <span style=\"text-decoration: underline;\">Torsdag 13 februari<\/span><\/strong> i <a href=\"https:\/\/samhallsentreprenor.glokala.net\/2019-2020\/grupper\/uppgift-6-pitch\/\" target=\"_blank\" rel=\"noreferrer noopener\" aria-label=\"uppgiftens forum https:\/\/samhallsentreprenor.glokala.net\/2019-2020\/grupper\/uppgift-6-pitch\/ (\u00f6ppnas i en ny flik)\">uppgiftens forum https:\/\/samhallsentreprenor.glokala.net\/2019-2020\/grupper\/uppgift-6-pitch\/<\/a><\/p>\n\n\n\n<p><strong>Uppgift:<\/strong> G\u00f6r en \u201dpitch\u201d f\u00f6r din id\u00e9\/projekt\/verksamhet. Det kan vara en projektid\u00e9 du arbetar med eller en fiktiv id\u00e9. Din pitch ska:<br>1) f\u00e5nga intresset<br>2) tydligg\u00f6ra projektet\/id\u00e9n<\/p>\n\n\n\n<p><strong>Omfattning:<\/strong>\n Pitchen kan vara i vilken form som helst, exempelvis text, bild, film, \nljudfil, webbsida eller powerpoint-presentation. Obs, det ska ta max tre\n minuter att ta del av hela materialet!<\/p>\n\n\n\n<p><strong>Respons\/kommentarer:<\/strong> I gruppsamtal online, alternativt skriftliga kommentarer f\u00f6r de som inte kan delta i samtal. <br>Tider f\u00f6r samtal presenteras i <a href=\"https:\/\/samhallsentreprenor.glokala.net\/2019-2020\/grupper\/uppgift-6-pitch\/\" target=\"_blank\" rel=\"noreferrer noopener\" aria-label=\"forumet f\u00f6r uppgiften \u2192 (\u00f6ppnas i en ny flik)\">forumet f\u00f6r uppgiften \u2192<\/a><\/p>\n\n\n\n<hr class=\"wp-block-separator\"\/>\n\n\n\n<h2 class=\"wp-block-heading\">Inspiration<\/h2>\n\n\n\n<p><strong>\u201dPitch your project\u201d. Brittiska r\u00e5d fr\u00e5n erfarna anslagsgivare:<\/strong><\/p>\n\n\n\n<figure class=\"wp-block-embed-vimeo wp-block-embed is-type-video is-provider-vimeo wp-embed-aspect-16-9 wp-has-aspect-ratio\"><div class=\"wp-block-embed__wrapper\">\n<iframe loading=\"lazy\" title=\"Advice from the dragons of Pitch your Project\" src=\"https:\/\/player.vimeo.com\/video\/893672?dnt=1&amp;app_id=122963\" width=\"500\" height=\"281\" frameborder=\"0\" allow=\"autoplay; fullscreen; picture-in-picture; clipboard-write\"><\/iframe>\n<\/div><\/figure>\n\n\n\n<p><span style=\"text-decoration: underline;\">Exempel i video fr\u00e5n tidigare deltagare i kursen:<\/span><\/p>\n\n\n\n<p><strong><a href=\"https:\/\/www.youtube.com\/watch?v=9VuqKErijmc\">Videopitch<\/a> Teater Nu \/ <a href=\"http:\/\/scenkonstguiden.se\/\">Scenkonstguiden<\/a>:<\/strong><\/p>\n\n\n\n<figure class=\"wp-block-embed-youtube wp-block-embed is-type-video is-provider-youtube wp-embed-aspect-16-9 wp-has-aspect-ratio\"><div class=\"wp-block-embed__wrapper\">\n<iframe loading=\"lazy\" title=\"pitch-hiss\" width=\"500\" height=\"281\" src=\"https:\/\/www.youtube.com\/embed\/9VuqKErijmc?feature=oembed\" frameborder=\"0\" allow=\"accelerometer; autoplay; clipboard-write; encrypted-media; gyroscope; picture-in-picture; web-share\" referrerpolicy=\"strict-origin-when-cross-origin\" allowfullscreen><\/iframe>\n<\/div><\/figure>\n\n\n\n<p> <strong><a href=\"https:\/\/www.youtube.com\/watch?v=G6pfl7RQSpI\">Videopitch<\/a> f\u00f6r <a href=\"http:\/\/www.highheaven.com\/\">High Heavens<\/a> crowdfoundingkampanj<\/strong>&nbsp;(h\u00f6sten 2013): <\/p>\n\n\n\n<figure class=\"wp-block-embed-youtube wp-block-embed is-type-video is-provider-youtube wp-embed-aspect-16-9 wp-has-aspect-ratio\"><div class=\"wp-block-embed__wrapper\">\n<iframe loading=\"lazy\" title=\"High Heaven Crowd\" width=\"500\" height=\"281\" src=\"https:\/\/www.youtube.com\/embed\/G6pfl7RQSpI?feature=oembed\" frameborder=\"0\" allow=\"accelerometer; autoplay; clipboard-write; encrypted-media; gyroscope; picture-in-picture; web-share\" referrerpolicy=\"strict-origin-when-cross-origin\" allowfullscreen><\/iframe>\n<\/div><\/figure>\n\n\n\n<p> <strong>\u2192 Hur tycker ni att de h\u00e4r tv\u00e5 exemplen fungerar?<\/strong> F\u00e5ngar de intresset, \u00e4r det tydligt vad det handlar om?<br>Kommentera g\u00e4rna! <a href=\"https:\/\/samhallsentreprenor.glokala.net\/2019-2020\/grupper\/cafeet-kursforum\/forum\/topic\/v-5-att-pitcha-fragor-kommentarer\/\">&#8211;> Tr\u00e5d i forumet<\/a><\/p>\n","protected":false},"excerpt":{"rendered":"<p>Den h\u00e4r veckan f\u00f6rel\u00e4ser Fredrik p\u00e5 temat att \u201cf\u00e5nga intresset\u201d och att pitcha. Samtidigt presenterar vi kursens n\u00e4sta uppgift, Pitch! Ladda ner Fredriks presentation som pdf h\u00e4r: Presentation Pitch (pdf)Ha den framf\u00f6r dig n\u00e4r du lyssnar p\u00e5 Fredriks videof\u00f6rel\u00e4sning: Fr\u00e5gor, reaktioner? Tr\u00e5d i forumet! Uppgift 6: Pitch! Inl\u00e4mning: Torsdag 13 februari i uppgiftens forum https:\/\/samhallsentreprenor.glokala.net\/2019-2020\/grupper\/uppgift-6-pitch\/ [&hellip;]<\/p>\n","protected":false},"author":1,"featured_media":0,"parent":1574,"menu_order":0,"comment_status":"open","ping_status":"closed","template":"","meta":{"_bbp_topic_count":0,"_bbp_reply_count":0,"_bbp_total_topic_count":0,"_bbp_total_reply_count":0,"_bbp_voice_count":0,"_bbp_anonymous_reply_count":0,"_bbp_topic_count_hidden":0,"_bbp_reply_count_hidden":0,"_bbp_forum_subforum_count":0,"jetpack_post_was_ever_published":false,"footnotes":""},"class_list":["post-1700","page","type-page","status-publish","hentry"],"jetpack_sharing_enabled":true,"_links":{"self":[{"href":"https:\/\/samhallsentreprenor.glokala.net\/2019-2020\/wp-json\/wp\/v2\/pages\/1700","targetHints":{"allow":["GET"]}}],"collection":[{"href":"https:\/\/samhallsentreprenor.glokala.net\/2019-2020\/wp-json\/wp\/v2\/pages"}],"about":[{"href":"https:\/\/samhallsentreprenor.glokala.net\/2019-2020\/wp-json\/wp\/v2\/types\/page"}],"author":[{"embeddable":true,"href":"https:\/\/samhallsentreprenor.glokala.net\/2019-2020\/wp-json\/wp\/v2\/users\/1"}],"replies":[{"embeddable":true,"href":"https:\/\/samhallsentreprenor.glokala.net\/2019-2020\/wp-json\/wp\/v2\/comments?post=1700"}],"version-history":[{"count":0,"href":"https:\/\/samhallsentreprenor.glokala.net\/2019-2020\/wp-json\/wp\/v2\/pages\/1700\/revisions"}],"up":[{"embeddable":true,"href":"https:\/\/samhallsentreprenor.glokala.net\/2019-2020\/wp-json\/wp\/v2\/pages\/1574"}],"wp:attachment":[{"href":"https:\/\/samhallsentreprenor.glokala.net\/2019-2020\/wp-json\/wp\/v2\/media?parent=1700"}],"curies":[{"name":"wp","href":"https:\/\/api.w.org\/{rel}","templated":true}]}}