{"id":1926,"date":"2020-02-17T11:09:11","date_gmt":"2020-02-17T10:09:11","guid":{"rendered":"https:\/\/samhallsentreprenor.glokala.net\/2019-2020\/?page_id=1926"},"modified":"2020-02-17T11:11:48","modified_gmt":"2020-02-17T10:11:48","slug":"uppgift-7-strategier-for-finansiering-och-hallbar-ekonomi","status":"publish","type":"page","link":"https:\/\/samhallsentreprenor.glokala.net\/2019-2020\/modul-3\/uppgift-7-strategier-for-finansiering-och-hallbar-ekonomi\/","title":{"rendered":"Uppgift 7: Strategier f\u00f6r finansiering och h\u00e5llbar ekonomi"},"content":{"rendered":"\n<ul class=\"wp-block-list\"><li>V\u00e4lj en av m\u00f6jligheterna som presenteras nedan \u2013 Case om <strong><a href=\"https:\/\/samhallsentreprenor.glokala.net\/2019-2020\/modul-3\/uppgift-7-strategier-for-finansiering-och-hallbar-ekonomi\/case-satra-brunn\/\" target=\"_blank\" rel=\"noreferrer noopener\" aria-label=\"S\u00e4tra brunn (opens in a new tab)\">S\u00e4tra brunn<\/a><\/strong> eller <strong><a href=\"https:\/\/samhallsentreprenor.glokala.net\/2019-2020\/modul-3\/uppgift-7-strategier-for-finansiering-och-hallbar-ekonomi\/#finansieringsresearch\">Finansieringsresearch<\/a> <\/strong>nedan.<\/li><li>Svara  p\u00e5 fr\u00e5gorna i uppgiften du v\u00e4ljer med ca 1 A4 i text eller med  dina  reflektioner som video-, ljudinspelning eller en annan form.<\/li><li>Inl\u00e4mning 9 mars i forumet f\u00f6r uppgiften: <a href=\"https:\/\/samhallsentreprenor.glokala.net\/2019-2020\/grupper\/uppgift-7-strategier-for-finansiering-och-hallbar-ekonomi\/\" target=\"_blank\" rel=\"noreferrer noopener\" aria-label=\"https:\/\/samhallsentreprenor.glokala.net\/2019-2020\/grupper\/uppgift-7-strategier-for-finansiering-och-hallbar-ekonomi\/ (opens in a new tab)\">https:\/\/samhallsentreprenor.glokala.net\/2019-2020\/grupper\/uppgift-7-strategier-for-finansiering-och-hallbar-ekonomi\/<\/a><\/li><\/ul>\n\n\n\n<p>Kontakta August om du har n\u00e5gon fr\u00e5ga!<\/p>\n\n\n\n<hr class=\"wp-block-separator\"\/>\n\n\n\n<h2 class=\"wp-block-heading\"><a href=\"https:\/\/samhallsentreprenor.glokala.net\/2019-2020\/modul-3\/uppgift-7-strategier-for-finansiering-och-hallbar-ekonomi\/case-satra-brunn\/\" target=\"_blank\" rel=\"noreferrer noopener\" aria-label=\"Alternativ 1) S\u00e4tra brunn \u2013 en k\u00e4lla f\u00f6r lokal utveckling (opens in a new tab)\">Alternativ 1) S\u00e4tra brunn \u2013 en k\u00e4lla f\u00f6r lokal utveckling<\/a><\/h2>\n\n\n\n<p>S\u00e4tra  brunn \u00e4r en plats med \u00f6ver 100 hus, m\u00e5nga med l\u00e5ng historia i  en milj\u00f6 som har hundra\u00e5riga anor. Verksamheten finns utanf\u00f6r Sala i V\u00e4stmanland och drivs sedan 2002 av en ekonomisk f\u00f6rening som kallar sig   samh\u00e4llsentrepren\u00f6rer. Mycket har h\u00e4nt sedan de tog \u00f6ver och r\u00e4ddade   brunnen fr\u00e5n att styckas upp och s\u00e4ljas. Fr\u00e5gor f\u00f6r uppgiften hittar du  \u00f6verst p\u00e5 sidan f\u00f6r caset om S\u00e4tra brunn.<\/p>\n\n\n\n<figure class=\"wp-block-image size-large\"><img loading=\"lazy\" decoding=\"async\" width=\"1024\" height=\"651\" data-attachment-id=\"1929\" data-permalink=\"https:\/\/samhallsentreprenor.glokala.net\/2019-2020\/modul-3\/uppgift-7-strategier-for-finansiering-och-hallbar-ekonomi\/attachment\/cci20091013_00048\/\" data-orig-file=\"https:\/\/samhallsentreprenor.glokala.net\/2019-2020\/wp-content\/uploads\/2020\/02\/CCI20091013_00048.jpg\" data-orig-size=\"1645,1045\" data-comments-opened=\"1\" data-image-meta=\"{&quot;aperture&quot;:&quot;0&quot;,&quot;credit&quot;:&quot;&quot;,&quot;camera&quot;:&quot;&quot;,&quot;caption&quot;:&quot;&quot;,&quot;created_timestamp&quot;:&quot;0&quot;,&quot;copyright&quot;:&quot;&quot;,&quot;focal_length&quot;:&quot;0&quot;,&quot;iso&quot;:&quot;0&quot;,&quot;shutter_speed&quot;:&quot;0&quot;,&quot;title&quot;:&quot;&quot;,&quot;orientation&quot;:&quot;0&quot;}\" data-image-title=\"CCI20091013_00048\" data-image-description=\"\" data-image-caption=\"\" data-large-file=\"https:\/\/samhallsentreprenor.glokala.net\/2019-2020\/wp-content\/uploads\/2020\/02\/CCI20091013_00048-1024x651.jpg\" src=\"https:\/\/samhallsentreprenor.glokala.net\/2019-2020\/wp-content\/uploads\/2020\/02\/CCI20091013_00048-1024x651.jpg\" alt=\"\" class=\"wp-image-1929\" srcset=\"https:\/\/samhallsentreprenor.glokala.net\/2019-2020\/wp-content\/uploads\/2020\/02\/CCI20091013_00048-1024x651.jpg 1024w, https:\/\/samhallsentreprenor.glokala.net\/2019-2020\/wp-content\/uploads\/2020\/02\/CCI20091013_00048-500x318.jpg 500w, https:\/\/samhallsentreprenor.glokala.net\/2019-2020\/wp-content\/uploads\/2020\/02\/CCI20091013_00048-768x488.jpg 768w, https:\/\/samhallsentreprenor.glokala.net\/2019-2020\/wp-content\/uploads\/2020\/02\/CCI20091013_00048-1536x976.jpg 1536w, https:\/\/samhallsentreprenor.glokala.net\/2019-2020\/wp-content\/uploads\/2020\/02\/CCI20091013_00048-624x396.jpg 624w, https:\/\/samhallsentreprenor.glokala.net\/2019-2020\/wp-content\/uploads\/2020\/02\/CCI20091013_00048.jpg 1645w\" sizes=\"auto, (max-width: 1024px) 100vw, 1024px\" \/><\/figure>\n\n\n\n<hr class=\"wp-block-separator\"\/>\n\n\n\n<h2 class=\"wp-block-heading\" id=\"finansieringsresearch\">Alternativ 2) Finansieringsresearch<\/h2>\n\n\n\n<p>G\u00f6r\n research kopplat till ett initiativ eller projekt som du \u00e4r med och \nutvecklar. Det kan vara p\u00e5 id\u00e9planet eller n\u00e5got som \u00e4r ig\u00e5ng i \npraktiken. Anpassa uppgiften s\u00e5 att den blir relevant f\u00f6r ditt projekt \neller intresseomr\u00e5de.<\/p>\n\n\n\n<ul class=\"wp-block-list\"><li>Svara p\u00e5 fr\u00e5gorna i uppgiften med ca 1 A4 i text eller med dina reflektioner som video-, ljudinspelning eller en annan form.<\/li><li>Inl\u00e4mning 9 mars i forumet f\u00f6r uppgiften: <a href=\"https:\/\/samhallsentreprenor.glokala.net\/2019-2020\/grupper\/uppgift-7-strategier-for-finansiering-och-hallbar-ekonomi\/\" target=\"_blank\" rel=\"noreferrer noopener\" aria-label=\"https:\/\/samhallsentreprenor.glokala.net\/2019-2020\/grupper\/uppgift-7-strategier-for-finansiering-och-hallbar-ekonomi\/ (opens in a new tab)\">https:\/\/samhallsentreprenor.glokala.net\/2019-2020\/grupper\/uppgift-7-strategier-for-finansiering-och-hallbar-ekonomi\/<\/a><\/li><\/ul>\n\n\n\n<h3 class=\"wp-block-heading\">H\u00e4r \u00e4r tv\u00e5 f\u00f6rslag p\u00e5 inriktningar \u2013 v\u00e4lj ett av sp\u00e5ren eller kombinera dem:<\/h3>\n\n\n\n<p><strong>A) G\u00f6r en budget f\u00f6r ditt initiativ<\/strong><br>Skriv upp de  int\u00e4kter och kostnader som du kan komma p\u00e5. Ta dig tid att  hitta underlag f\u00f6r varje post och ta g\u00e4rna kontakt med andra akt\u00f6rer f\u00f6r att  f\u00e5 r\u00e4tt p\u00e5 det du \u00e4r os\u00e4ker p\u00e5.<\/p>\n\n\n\n<ul class=\"wp-block-list\"><li>Arbetar du med en <em>projektbudget<\/em> finns st\u00f6d i <a rel=\"noreferrer noopener\" aria-label=\"f\u00f6rel\u00e4sningen vecka 7 (opens in a new tab)\" href=\"https:\/\/samhallsentreprenor.glokala.net\/2019-2020\/modul-3\/v-7-soka-pengar-projektbudget-och-sociala-bokslut\/\" target=\"_blank\">f\u00f6rel\u00e4sningen vecka 7<\/a>.<\/li><li>Om du tar fram en <em>budget f\u00f6r en l\u00f6pande verksamhet<\/em> \u00e4r ett tips att anv\u00e4nda verksamt.se:s <a rel=\"noreferrer noopener\" href=\"https:\/\/www.verksamt.se\/alla-e-tjanster\/rakna-ut\/resultatbudget\" target=\"_blank\">kalkylator f\u00f6r Resultatbudget<\/a>  som en utg\u00e5ngspunkt. Om initiativet ska starta fr\u00e5n scratch kan det vara bra att dels g\u00f6ra en startbudget f\u00f6r de kostnader som beh\u00f6ver finansieras just i starten, och dels en resultatbudget f\u00f6r den l\u00f6pande  verksamheten.<\/li><\/ul>\n\n\n\n<p>Fundera ocks\u00e5 p\u00e5 om du vill inkludera eventuell egeninsats i tid (till  exempel ideell tid), det sociala v\u00e4rdet eller den samh\u00e4llsf\u00f6rb\u00e4ttrande  insatsen som du ser att ditt  initiativ kan generera (detta kan h\u00e5llas utanf\u00f6r budgeten, om du vill).<br>Om du l\u00e4mnar in en uppst\u00e4llning f\u00f6r budgeten \u00e4r det bra om du \u00e4ven   beskriver i text hur du har resonerat, som en introduktion f\u00f6r l\u00e4saren.<\/p>\n\n\n\n<p><strong>B) Unders\u00f6k finansieringsm\u00f6jligheter \u2013 skapa en finansieringsstrategi<\/strong><br>Hur  kan du samla resurser som beh\u00f6vs f\u00f6r genomf\u00f6rande eller l\u00e5ngsiktig  verksamhet? Unders\u00f6k och sammanst\u00e4ll m\u00f6jligheter som du ser \u00e4r  relevanta. <br>Ta g\u00e4rna kontakt med personer\/anslagsgivare som kan svara p\u00e5 fr\u00e5gor. Hur har andra liknande projekt\/initiativ g\u00e5tt tillv\u00e4ga? Vilka f\u00f6r- och nackdelar finns det med olika finansieringsm\u00f6jligheter?<br>Ta g\u00e4rna st\u00f6d i Fredriks videof\u00f6rel\u00e4sning fr\u00e5n vecka 6 och Augusts fr\u00e5n vecka 7.<\/p>\n\n\n\n<figure class=\"wp-block-image size-large\"><img loading=\"lazy\" decoding=\"async\" width=\"1024\" height=\"1022\" data-attachment-id=\"162\" data-permalink=\"https:\/\/samhallsentreprenor.glokala.net\/2019-2020\/kursbeskrivning-2019-2020\/attachment\/shot_1368113458517\/\" data-orig-file=\"https:\/\/samhallsentreprenor.glokala.net\/2019-2020\/wp-content\/uploads\/2019\/08\/shot_1368113458517.jpg\" data-orig-size=\"1947,1944\" data-comments-opened=\"1\" data-image-meta=\"{&quot;aperture&quot;:&quot;0&quot;,&quot;credit&quot;:&quot;&quot;,&quot;camera&quot;:&quot;The Little Orange Box&quot;,&quot;caption&quot;:&quot;&quot;,&quot;created_timestamp&quot;:&quot;0&quot;,&quot;copyright&quot;:&quot;&quot;,&quot;focal_length&quot;:&quot;0&quot;,&quot;iso&quot;:&quot;0&quot;,&quot;shutter_speed&quot;:&quot;0&quot;,&quot;title&quot;:&quot;&quot;,&quot;orientation&quot;:&quot;1&quot;}\" data-image-title=\"shot_1368113458517\" data-image-description=\"\" data-image-caption=\"\" data-large-file=\"https:\/\/samhallsentreprenor.glokala.net\/2019-2020\/wp-content\/uploads\/2019\/08\/shot_1368113458517-1024x1022.jpg\" src=\"https:\/\/samhallsentreprenor.glokala.net\/2019-2020\/wp-content\/uploads\/2019\/08\/shot_1368113458517-1024x1022.jpg\" alt=\"\" class=\"wp-image-162\" srcset=\"https:\/\/samhallsentreprenor.glokala.net\/2019-2020\/wp-content\/uploads\/2019\/08\/shot_1368113458517-1024x1022.jpg 1024w, https:\/\/samhallsentreprenor.glokala.net\/2019-2020\/wp-content\/uploads\/2019\/08\/shot_1368113458517-150x150.jpg 150w, https:\/\/samhallsentreprenor.glokala.net\/2019-2020\/wp-content\/uploads\/2019\/08\/shot_1368113458517-500x500.jpg 500w, https:\/\/samhallsentreprenor.glokala.net\/2019-2020\/wp-content\/uploads\/2019\/08\/shot_1368113458517-768x767.jpg 768w, https:\/\/samhallsentreprenor.glokala.net\/2019-2020\/wp-content\/uploads\/2019\/08\/shot_1368113458517-624x623.jpg 624w, https:\/\/samhallsentreprenor.glokala.net\/2019-2020\/wp-content\/uploads\/2019\/08\/shot_1368113458517.jpg 1947w\" sizes=\"auto, (max-width: 1024px) 100vw, 1024px\" \/><\/figure>\n\n\n\n<p><\/p>\n","protected":false},"excerpt":{"rendered":"<p>V\u00e4lj en av m\u00f6jligheterna som presenteras nedan \u2013 Case om S\u00e4tra brunn eller Finansieringsresearch nedan. Svara p\u00e5 fr\u00e5gorna i uppgiften du v\u00e4ljer med ca 1 A4 i text eller med dina reflektioner som video-, ljudinspelning eller en annan form. Inl\u00e4mning 9 mars i forumet f\u00f6r uppgiften: https:\/\/samhallsentreprenor.glokala.net\/2019-2020\/grupper\/uppgift-7-strategier-for-finansiering-och-hallbar-ekonomi\/ Kontakta August om du har n\u00e5gon fr\u00e5ga! Alternativ [&hellip;]<\/p>\n","protected":false},"author":1,"featured_media":0,"parent":1574,"menu_order":0,"comment_status":"open","ping_status":"closed","template":"","meta":{"_bbp_topic_count":0,"_bbp_reply_count":0,"_bbp_total_topic_count":0,"_bbp_total_reply_count":0,"_bbp_voice_count":0,"_bbp_anonymous_reply_count":0,"_bbp_topic_count_hidden":0,"_bbp_reply_count_hidden":0,"_bbp_forum_subforum_count":0,"jetpack_post_was_ever_published":false,"footnotes":""},"class_list":["post-1926","page","type-page","status-publish","hentry"],"jetpack_sharing_enabled":true,"_links":{"self":[{"href":"https:\/\/samhallsentreprenor.glokala.net\/2019-2020\/wp-json\/wp\/v2\/pages\/1926","targetHints":{"allow":["GET"]}}],"collection":[{"href":"https:\/\/samhallsentreprenor.glokala.net\/2019-2020\/wp-json\/wp\/v2\/pages"}],"about":[{"href":"https:\/\/samhallsentreprenor.glokala.net\/2019-2020\/wp-json\/wp\/v2\/types\/page"}],"author":[{"embeddable":true,"href":"https:\/\/samhallsentreprenor.glokala.net\/2019-2020\/wp-json\/wp\/v2\/users\/1"}],"replies":[{"embeddable":true,"href":"https:\/\/samhallsentreprenor.glokala.net\/2019-2020\/wp-json\/wp\/v2\/comments?post=1926"}],"version-history":[{"count":0,"href":"https:\/\/samhallsentreprenor.glokala.net\/2019-2020\/wp-json\/wp\/v2\/pages\/1926\/revisions"}],"up":[{"embeddable":true,"href":"https:\/\/samhallsentreprenor.glokala.net\/2019-2020\/wp-json\/wp\/v2\/pages\/1574"}],"wp:attachment":[{"href":"https:\/\/samhallsentreprenor.glokala.net\/2019-2020\/wp-json\/wp\/v2\/media?parent=1926"}],"curies":[{"name":"wp","href":"https:\/\/api.w.org\/{rel}","templated":true}]}}