{"id":2024,"date":"2020-03-02T09:16:18","date_gmt":"2020-03-02T08:16:18","guid":{"rendered":"https:\/\/samhallsentreprenor.glokala.net\/2019-2020\/?page_id=2024"},"modified":"2020-03-09T10:12:50","modified_gmt":"2020-03-09T09:12:50","slug":"v-10-arbeta-med-sociala-medier","status":"publish","type":"page","link":"https:\/\/samhallsentreprenor.glokala.net\/2019-2020\/modul-3\/v-10-arbeta-med-sociala-medier\/","title":{"rendered":"v 10 Arbeta med sociala medier"},"content":{"rendered":"\n<p><strong>Den h\u00e4r veckan och n\u00e4sta vecka handlar om hur du kan bygga upp en plattform i sociala medier f\u00f6r ditt projekt. Lisa Karinsdotter P\u00e5lsson ger tv\u00e5 f\u00f6rel\u00e4sningar, och den f\u00f6rsta handlar om strategier f\u00f6r att n\u00e5 ut med ditt inneh\u00e5ll i sociala medier.<\/strong><\/p>\n\n\n\n<p>Lisa har en bakgrund som formgivare och strategisk kommunikat\u00f6r och har arbetat med flera sociala projekt i Malm\u00f6s utsatta omr\u00e5den. Hon har tidigare vikarierat som pedagog i kursen.<\/p>\n\n\n\n<iframe loading=\"lazy\" src=\"https:\/\/player.vimeo.com\/video\/258483886\" allowfullscreen=\"allowfullscreen\" width=\"640\" height=\"360\" frameborder=\"0\"><\/iframe>\n\n\n\n<div style=\"height:20px\" aria-hidden=\"true\" class=\"wp-block-spacer\"><\/div>\n\n\n\n<p>H\u00e4r hittar du en <a href=\"https:\/\/samhallsentreprenor.glokala.net\/2018-2019\/wp-content\/uploads\/2019\/03\/1_FORELASNING_SOCIALA_MEDIER.pdf\" target=\"_blank\" rel=\"noreferrer noopener\" aria-label=\"pdf med hela f\u00f6rel\u00e4sningen (opens in a new tab)\">pdf med hela f\u00f6rel\u00e4sningen<\/a>:<\/p>\n\n\n\n<div class=\"wp-block-file\"><a href=\"https:\/\/samhallsentreprenor.glokala.net\/2018-2019\/wp-content\/uploads\/2019\/03\/1_FORELASNING_SOCIALA_MEDIER.pdf\" target=\"_blank\" rel=\"noreferrer noopener\">1_FORELASNING_SOCIALA_MEDIER<\/a><a href=\"https:\/\/samhallsentreprenor.glokala.net\/2018-2019\/wp-content\/uploads\/2019\/03\/1_FORELASNING_SOCIALA_MEDIER.pdf\" class=\"wp-block-file__button\" download>Ladda ner<\/a><\/div>\n\n\n\n<p>Till n\u00e4sta vecka, ta med dig tankarna fr\u00e5n Lisas f\u00f6rel\u00e4sning n\u00e4r du \u00e4r ute p\u00e5 sociala medier. Vilka verksamheter och profiler st\u00e5r ut i ditt fl\u00f6de? Kan du f\u00e5 n\u00e5gon uppfattning om hur de arbetat med sitt inneh\u00e5ll s\u00e5 att det engagerar just dig?<\/p>\n\n\n\n<p><a href=\"https:\/\/samhallsentreprenor.glokala.net\/2019-2020\/grupper\/cafeet-kursforum\/forum\/topic\/sociala-medier-reaktioner-reflektioner\/\" target=\"_blank\" rel=\"noreferrer noopener\" aria-label=\"Dela g\u00e4rna med dig av tankar i kursforumet --&gt; (opens in a new tab)\">Dela g\u00e4rna med dig av tankar <strong>i kursforumet &#8211;><\/strong><\/a><\/p>\n","protected":false},"excerpt":{"rendered":"<p>Den h\u00e4r veckan och n\u00e4sta vecka handlar om hur du kan bygga upp en plattform i sociala medier f\u00f6r ditt projekt. Lisa Karinsdotter P\u00e5lsson ger tv\u00e5 f\u00f6rel\u00e4sningar, och den f\u00f6rsta handlar om strategier f\u00f6r att n\u00e5 ut med ditt inneh\u00e5ll i sociala medier. Lisa har en bakgrund som formgivare och strategisk kommunikat\u00f6r och har arbetat [&hellip;]<\/p>\n","protected":false},"author":1,"featured_media":0,"parent":1574,"menu_order":0,"comment_status":"open","ping_status":"closed","template":"","meta":{"_bbp_topic_count":0,"_bbp_reply_count":0,"_bbp_total_topic_count":0,"_bbp_total_reply_count":0,"_bbp_voice_count":0,"_bbp_anonymous_reply_count":0,"_bbp_topic_count_hidden":0,"_bbp_reply_count_hidden":0,"_bbp_forum_subforum_count":0,"jetpack_post_was_ever_published":false,"footnotes":""},"class_list":["post-2024","page","type-page","status-publish","hentry"],"jetpack_sharing_enabled":true,"_links":{"self":[{"href":"https:\/\/samhallsentreprenor.glokala.net\/2019-2020\/wp-json\/wp\/v2\/pages\/2024","targetHints":{"allow":["GET"]}}],"collection":[{"href":"https:\/\/samhallsentreprenor.glokala.net\/2019-2020\/wp-json\/wp\/v2\/pages"}],"about":[{"href":"https:\/\/samhallsentreprenor.glokala.net\/2019-2020\/wp-json\/wp\/v2\/types\/page"}],"author":[{"embeddable":true,"href":"https:\/\/samhallsentreprenor.glokala.net\/2019-2020\/wp-json\/wp\/v2\/users\/1"}],"replies":[{"embeddable":true,"href":"https:\/\/samhallsentreprenor.glokala.net\/2019-2020\/wp-json\/wp\/v2\/comments?post=2024"}],"version-history":[{"count":0,"href":"https:\/\/samhallsentreprenor.glokala.net\/2019-2020\/wp-json\/wp\/v2\/pages\/2024\/revisions"}],"up":[{"embeddable":true,"href":"https:\/\/samhallsentreprenor.glokala.net\/2019-2020\/wp-json\/wp\/v2\/pages\/1574"}],"wp:attachment":[{"href":"https:\/\/samhallsentreprenor.glokala.net\/2019-2020\/wp-json\/wp\/v2\/media?parent=2024"}],"curies":[{"name":"wp","href":"https:\/\/api.w.org\/{rel}","templated":true}]}}

<p><strong>Den här veckan och nästa vecka handlar om hur du kan bygga upp en plattform i sociala medier för ditt projekt. Lisa Karinsdotter Pålsson ger två föreläsningar, och den första handlar om strategier för att nå ut med ditt innehåll i sociala medier.</strong></p>



<p>Lisa har en bakgrund som formgivare och strategisk kommunikatör och har arbetat med flera sociala projekt i Malmös utsatta områden. Hon har tidigare vikarierat som pedagog i kursen.</p>



<iframe loading="lazy" src="https://player.vimeo.com/video/258483886" allowfullscreen="allowfullscreen" width="640" height="360" frameborder="0"></iframe>



<div style="height:20px" aria-hidden="true" class="wp-block-spacer"></div>



<p>Här hittar du en <a href="https://samhallsentreprenor.glokala.net/2018-2019/wp-content/uploads/2019/03/1_FORELASNING_SOCIALA_MEDIER.pdf" target="_blank" rel="noreferrer noopener" aria-label="pdf med hela föreläsningen (opens in a new tab)">pdf med hela föreläsningen</a>:</p>



<div class="wp-block-file"><a href="https://samhallsentreprenor.glokala.net/2018-2019/wp-content/uploads/2019/03/1_FORELASNING_SOCIALA_MEDIER.pdf" target="_blank" rel="noreferrer noopener">1_FORELASNING_SOCIALA_MEDIER</a><a href="https://samhallsentreprenor.glokala.net/2018-2019/wp-content/uploads/2019/03/1_FORELASNING_SOCIALA_MEDIER.pdf" class="wp-block-file__button" download>Ladda ner</a></div>



<p>Till nästa vecka, ta med dig tankarna från Lisas föreläsning när du är ute på sociala medier. Vilka verksamheter och profiler står ut i ditt flöde? Kan du få någon uppfattning om hur de arbetat med sitt innehåll så att det engagerar just dig?</p>



<p><a href="https://samhallsentreprenor.glokala.net/2019-2020/grupper/cafeet-kursforum/forum/topic/sociala-medier-reaktioner-reflektioner/" target="_blank" rel="noreferrer noopener" aria-label="Dela gärna med dig av tankar i kursforumet --&gt; (opens in a new tab)">Dela gärna med dig av tankar <strong>i kursforumet &#8211;></strong></a></p>

<p>Den här veckan och nästa vecka handlar om hur du kan bygga upp en plattform i sociala medier för ditt projekt. Lisa Karinsdotter Pålsson ger två föreläsningar, och den första handlar om strategier för att nå ut med ditt innehåll i sociala medier. Lisa har en bakgrund som formgivare och strategisk kommunikatör och har arbetat [&hellip;]</p>
