{"id":886,"date":"2019-10-14T10:04:47","date_gmt":"2019-10-14T08:04:47","guid":{"rendered":"https:\/\/samhallsentreprenor.glokala.net\/2019-2020\/?page_id=886"},"modified":"2019-10-16T14:24:18","modified_gmt":"2019-10-16T12:24:18","slug":"v-43-konst-och-provokation","status":"publish","type":"page","link":"https:\/\/samhallsentreprenor.glokala.net\/2019-2020\/v-43-konst-och-provokation\/","title":{"rendered":"v 42: Konst och provokation"},"content":{"rendered":"\n<p><strong>Introduktion, video:<\/strong><br>Vi tittar p\u00e5 en introvideo d\u00e4r August ber\u00e4ttar lite om temat och dess material och inneh\u00e5ll.<\/p>\n\n\n\n<figure><iframe loading=\"lazy\" src=\"https:\/\/player.vimeo.com\/video\/293916107?byline=0&amp;portrait=0\" width=\"640\" height=\"360\" allowfullscreen=\"allowfullscreen\"><\/iframe><\/figure>\n\n\n\n<p>* <em>H\u00e4r hittar du <\/em><a rel=\"noreferrer noopener\" aria-label=\"Manus till videon\n (opens in a new tab)\" href=\"https:\/\/docs.google.com\/document\/d\/e\/2PACX-1vTogXYXfy3emGgkcA0iMdAr2hdHYI9I-zqIbtrWxMGY0oNx4zYrq2aeSd2wuOHJzRbF_fKkxSq77oKU\/pub\" target=\"_blank\"><em>manus till videon<br><\/em><\/a><em>*Uppdatering Frihetsf\u00f6rmedlingen: Se aktuella drop in-tider mm i <\/em><a rel=\"noreferrer noopener\" href=\"http:\/\/www.frihetsformedlingen.se\/paverkan\/kalendarium\/\" target=\"_blank\"><em>Frihetsf\u00f6rmedningens kalendarium<\/em><\/a><em> <\/em><\/p>\n\n\n\n<h2 class=\"wp-block-heading\"><strong>Att l\u00e4sa:<\/strong><\/h2>\n\n\n\n<p>L\u00e4s Lasse Ekstrands och Monika Wallmons kapitel i antologin <a href=\"https:\/\/www.ltu.se\/cms_fs\/1.78817!\/file\/samhallets_entreprenorer.pdf\" target=\"_blank\" rel=\"noreferrer noopener\">Samh\u00e4llets entrepren\u00f6rer.<\/a><\/p>\n\n\n\n<p><strong>Uppbrottet fr\u00e5n bruksmentalitet och inl\u00e4rd hj\u00e4lpl\u00f6shet \u2013 eller konsten att tankeprovocera<\/strong> (s 174-191)<\/p>\n\n\n\n<p>::::::::::::::::::::::<\/p>\n\n\n\n<h3 class=\"wp-block-heading\">Inspiration<\/h3>\n\n\n\n<h3 class=\"wp-block-heading\">Frihetsf\u00f6rmedlingen<\/h3>\n\n\n\n<p><a href=\"http:\/\/www.frihetsformedlingen.se\/\" target=\"_blank\" rel=\"noreferrer noopener\">Bes\u00f6k deras hemsida \u2192<\/a><\/p>\n\n\n\n<figure class=\"wp-block-image\"><a href=\"http:\/\/www.frihetsformedlingen.se\/\" target=\"_blank\" rel=\"noreferrer noopener\"><img decoding=\"async\" src=\"https:\/\/samhallsentreprenor.glokala.net\/2018-2019\/wp-content\/uploads\/2018\/10\/screen_frihetsform-1024x462.jpg\" alt=\"\" class=\"wp-image-445\"\/><\/a><\/figure>\n\n\n\n<p><a href=\"https:\/\/www.svt.se\/kultur\/konstprojektet-som-vill-fa-dig-att-arbeta-mindre\" target=\"_blank\" rel=\"noreferrer noopener\"><strong>Se inslag i SVT:s kulturnyheter<\/strong> om konstprojektet \u2192<\/a><\/p>\n\n\n\n<figure class=\"wp-block-image\"><a href=\"https:\/\/www.svt.se\/kultur\/konstprojektet-som-vill-fa-dig-att-arbeta-mindre\" target=\"_blank\" rel=\"noreferrer noopener\"><img decoding=\"async\" src=\"https:\/\/samhallsentreprenor.glokala.net\/2018-2019\/wp-content\/uploads\/2018\/10\/svtkultur_frihetsform-371x500.jpg\" alt=\"\" class=\"wp-image-446\"\/><\/a><\/figure>\n\n\n\n<h4 class=\"wp-block-heading\"><strong>Video: <a href=\"http:\/\/vimeo.com\/47515816\" target=\"_blank\" rel=\"noreferrer noopener\">Gatan som instrument<\/a><\/strong><\/h4>\n\n\n\n<figure class=\"wp-block-embed-vimeo wp-block-embed is-type-video is-provider-vimeo wp-embed-aspect-16-9 wp-has-aspect-ratio\"><div class=\"wp-block-embed__wrapper\">\n<iframe loading=\"lazy\" title=\"GADEN SOM INSTRUMENT\" src=\"https:\/\/player.vimeo.com\/video\/47515816?dnt=1&amp;app_id=122963\" width=\"500\" height=\"281\" frameborder=\"0\" allow=\"autoplay; fullscreen; picture-in-picture; clipboard-write\"><\/iframe>\n<\/div><figcaption>Vill du veta mer om Casper Hern\u00e1ndez Cordes fr\u00e5n filmen? <a rel=\"noreferrer noopener\" aria-label=\"H\u00e4r (opens in a new tab)\" href=\"https:\/\/cultural-sustainability.eu\/2019\/01\/23\/5984\/\" target=\"_blank\">H\u00e4r<\/a> kan du l\u00e4sa ett inl\u00e4gg skrivet av honom, om hemgjorda instrument i Colombia, och <a rel=\"noreferrer noopener\" aria-label=\"h\u00e4r (opens in a new tab)\" href=\"https:\/\/www.youtube.com\/channel\/UCrmXDdmKxSvEBKAJ856J-rQ\" target=\"_blank\">h\u00e4r<\/a> hittar du till hans Youtube-kanal.<\/figcaption><\/figure>\n\n\n\n<h3 class=\"wp-block-heading\">Anna Odell<\/h3>\n\n\n\n<p>Med konstverket \u201cOk\u00e4nd kvinna\u201d skapade Anna Odell stor debatt b\u00e5de om om psykv\u00e5rden och konstens roll, n\u00e4r det st\u00e4lldes ut 2009. Konstprojektet bestod av&nbsp;en installation d\u00e4r Anna Odell rekonstruerade sitt eget insjuknande -95 (psykos) ute p\u00e5 en bro i Stockholm. V\u00e5rdpersonal tillkallades och ingrep.&nbsp;Det hela filmades p\u00e5 avst\u00e5nd och hennes motiv var att synligg\u00f6ra maktstrukturer inom psykiatrin och v\u00e5rden. Men \u00e4ven samh\u00e4llet negativa syn p\u00e5 psykisk sjuka.<\/p>\n\n\n\n<p>Anna blev st\u00e4md och f\u00e4lld f\u00f6r sitt konstprojekt \u2013 f\u00f6r att ha tagit samh\u00e4llets resurser i anspr\u00e5k. Se Anna Odells tankar kring det:<\/p>\n\n\n\n<iframe loading=\"lazy\" width=\"560\" height=\"315\" src=\"https:\/\/www.youtube.com\/embed\/nPJTv4rh_Ec\" frameborder=\"0\" allow=\"accelerometer; autoplay; encrypted-media; gyroscope; picture-in-picture\" allowfullscreen=\"\"><\/iframe>\n\n\n\n<p>H\u00e4r kan du se ett kort&nbsp;<a href=\"https:\/\/youtu.be\/CUtF_gBt2Zg\" target=\"_blank\" rel=\"noreferrer noopener\">reportage fr\u00e5n DN<\/a>&nbsp;fr\u00e5n n\u00e4r verket st\u00e4lldes ut.<br>Och h\u00e4r&nbsp;<a href=\"https:\/\/youtu.be\/g2j_4BzCLwg\" target=\"_blank\" rel=\"noreferrer noopener\">en snabb reaktion p\u00e5 utst\u00e4llningen<\/a>, en person tycker till om vad som \u00e4r konst och inte (fr\u00e5n SVT:s program Skandal! som s\u00e4ndes 2014).<\/p>\n\n\n\n<p>::::::::::::::::::::::<\/p>\n\n\n\n<h3 class=\"wp-block-heading\">F\u00f6rdjupning<\/h3>\n\n\n\n<p><strong>Samh\u00e4llsentrepren\u00f6ren som provokat\u00f6r<\/strong> (s 140-156 i antologin <a href=\"https:\/\/www.ltu.se\/cms_fs\/1.78817!\/file\/samhallets_entreprenorer.pdf\" target=\"_blank\" rel=\"noreferrer noopener\">Samh\u00e4llets entrepren\u00f6rer<\/a>)<\/p>\n\n\n\n<p>F\u00f6r dig som vill f\u00e5 mer inramning finns ocks\u00e5 Bengt Johannisons och Caroline Wigrens kapitel \u201dSamh\u00e4llsentrepren\u00f6ren som provokat\u00f6r\u201d d\u00e4r de illustrerar med fem korta exempel p\u00e5 entrepren\u00f6rer som p\u00e5 olika s\u00e4tt provocerar. Bert Karlsson och Lars Vilks \u00e4r de tv\u00e5 mest k\u00e4nda av de entrepren\u00f6rer som lyfts fram. I kapitlet diskuterar de vikten av att irritera och utmana v\u00e4rderingar, och att ibland \u00e4ven utmana lagen.<\/p>\n","protected":false},"excerpt":{"rendered":"<p>Introduktion, video:Vi tittar p\u00e5 en introvideo d\u00e4r August ber\u00e4ttar lite om temat och dess material och inneh\u00e5ll. * H\u00e4r hittar du manus till videon*Uppdatering Frihetsf\u00f6rmedlingen: Se aktuella drop in-tider mm i Frihetsf\u00f6rmedningens kalendarium Att l\u00e4sa: L\u00e4s Lasse Ekstrands och Monika Wallmons kapitel i antologin Samh\u00e4llets entrepren\u00f6rer. Uppbrottet fr\u00e5n bruksmentalitet och inl\u00e4rd hj\u00e4lpl\u00f6shet \u2013 eller konsten [&hellip;]<\/p>\n","protected":false},"author":3,"featured_media":0,"parent":0,"menu_order":0,"comment_status":"closed","ping_status":"closed","template":"","meta":{"_bbp_topic_count":0,"_bbp_reply_count":0,"_bbp_total_topic_count":0,"_bbp_total_reply_count":0,"_bbp_voice_count":0,"_bbp_anonymous_reply_count":0,"_bbp_topic_count_hidden":0,"_bbp_reply_count_hidden":0,"_bbp_forum_subforum_count":0,"jetpack_post_was_ever_published":false,"footnotes":""},"class_list":["post-886","page","type-page","status-publish","hentry"],"jetpack_sharing_enabled":true,"_links":{"self":[{"href":"https:\/\/samhallsentreprenor.glokala.net\/2019-2020\/wp-json\/wp\/v2\/pages\/886","targetHints":{"allow":["GET"]}}],"collection":[{"href":"https:\/\/samhallsentreprenor.glokala.net\/2019-2020\/wp-json\/wp\/v2\/pages"}],"about":[{"href":"https:\/\/samhallsentreprenor.glokala.net\/2019-2020\/wp-json\/wp\/v2\/types\/page"}],"author":[{"embeddable":true,"href":"https:\/\/samhallsentreprenor.glokala.net\/2019-2020\/wp-json\/wp\/v2\/users\/3"}],"replies":[{"embeddable":true,"href":"https:\/\/samhallsentreprenor.glokala.net\/2019-2020\/wp-json\/wp\/v2\/comments?post=886"}],"version-history":[{"count":0,"href":"https:\/\/samhallsentreprenor.glokala.net\/2019-2020\/wp-json\/wp\/v2\/pages\/886\/revisions"}],"wp:attachment":[{"href":"https:\/\/samhallsentreprenor.glokala.net\/2019-2020\/wp-json\/wp\/v2\/media?parent=886"}],"curies":[{"name":"wp","href":"https:\/\/api.w.org\/{rel}","templated":true}]}}