{"id":329,"date":"2024-09-16T09:19:51","date_gmt":"2024-09-16T07:19:51","guid":{"rendered":"https:\/\/samhallsentreprenor.glokala.net\/2024-2025\/?page_id=329"},"modified":"2025-03-31T09:37:10","modified_gmt":"2025-03-31T07:37:10","slug":"uppgifter-oversikt","status":"publish","type":"page","link":"https:\/\/samhallsentreprenor.glokala.net\/2024-2025\/kursinfo\/uppgifter-oversikt\/","title":{"rendered":"Uppgifter \u2013 \u00f6versikt"},"content":{"rendered":"\n<p><em>Inl\u00e4mningsforum f\u00f6r uppgifterna hittar du under <a href=\"https:\/\/samhallsentreprenor.glokala.net\/2024-2025\/forums\/\" data-type=\"page\" data-id=\"49\">Forum \u2192<\/a><\/em><\/p>\n\n\n\n<h2 class=\"wp-block-heading\">Modul 1<\/h2>\n\n\n\n<h3 class=\"wp-block-heading\"><a href=\"https:\/\/samhallsentreprenor.glokala.net\/2024-2025\/modul-1\/v-36-introduktion-kursen-samhallsentreprenorskap\/\" data-type=\"post\" data-id=\"161\">F\u00f6rsta kursveckan: Personlig presentation &amp; reflektion om begreppet samh\u00e4llsentrepren\u00f6r.<\/a><\/h3>\n\n\n\n<h3 class=\"wp-block-heading\"><a href=\"https:\/\/samhallsentreprenor.glokala.net\/2024-2025\/modul-1\/v-37-projekt-och-samhalls-entreprenorskap\/\" data-type=\"post\" data-id=\"227\">Uppgift 1 Erfarenheter av initiativ eller projekt<\/a><\/h3>\n\n\n\n<p>Inl\u00e4mning: 16 september.<\/p>\n\n\n\n<h3 class=\"wp-block-heading\"><a href=\"https:\/\/samhallsentreprenor.glokala.net\/2024-2025\/modul-1\/v-38-fran-ide-till-handling\/\" data-type=\"post\" data-id=\"313\">Uppgift 2 Skiss \u2013 f\u00f6r projekt eller verksamhet<\/a><\/h3>\n\n\n\n<p>Inl\u00e4mning: 30 september.<\/p>\n\n\n\n<h3 class=\"wp-block-heading\"><a href=\"https:\/\/samhallsentreprenor.glokala.net\/2024-2025\/modul-1\/uppgift-3-perspektiv-pa-samhallsentreprenorskap\/\">Uppgift 3 Perspektiv p\u00e5 samh\u00e4llsentrepren\u00f6rskap<\/a><\/h3>\n\n\n\n<p>Inl\u00e4mning: 4 november.<\/p>\n\n\n\n<hr class=\"wp-block-separator has-alpha-channel-opacity\"\/>\n\n\n\n<h2 class=\"wp-block-heading\">Modul 2<\/h2>\n\n\n\n<h3 class=\"wp-block-heading\"><a href=\"https:\/\/samhallsentreprenor.glokala.net\/2024-2025\/modul-2\/v-46-ledarskap-uppgift-4\/\" data-type=\"post\" data-id=\"937\">Uppgift 4 Reflektion kring ledarskap och gruppdynamik<\/a><\/h3>\n\n\n\n<p>Inl\u00e4mning: 25 november.<\/p>\n\n\n\n<h3 class=\"wp-block-heading\"><a href=\"https:\/\/samhallsentreprenor.glokala.net\/2024-2025\/modul-2\/uppgift-5-exempel-pa-organisering\/\" data-type=\"post\" data-id=\"1009\">Uppgift 5 Exempel p\u00e5 organisering<\/a><\/h3>\n\n\n\n<p>Inl\u00e4mning: 20 januari.<\/p>\n\n\n\n<hr class=\"wp-block-separator has-alpha-channel-opacity\"\/>\n\n\n\n<h2 class=\"wp-block-heading\">Modul 3<\/h2>\n\n\n\n<h3 class=\"wp-block-heading\"><a href=\"https:\/\/samhallsentreprenor.glokala.net\/2024-2025\/modul-3\/v-5-att-vacka-intresse-uppgift-6-pitch\/\" data-type=\"post\" data-id=\"1402\">Uppgift 6 Pitch!<\/a><\/h3>\n\n\n\n<p>Inl\u00e4mning: 10 februari.<\/p>\n\n\n\n<h3 class=\"wp-block-heading\"><a href=\"https:\/\/samhallsentreprenor.glokala.net\/2024-2025\/modul-3\/uppgift-7-strategier-for-finansiering-och-hallbar-ekonomi\/\">Uppgift 7: Strategier f\u00f6r finansiering &amp; h\u00e5llbar ekonomi<\/a><\/h3>\n\n\n\n<p>Inl\u00e4mning: 17 mars.<\/p>\n\n\n\n<h3 class=\"wp-block-heading\"><a href=\"https:\/\/samhallsentreprenor.glokala.net\/2024-2025\/modul-3\/v-12-arbeta-med-kommunikation-sociala-medier-del-2-uppgift-8\/\" data-type=\"post\" data-id=\"1775\">Uppgift 8: Kommunikationsplan &amp; publiceringsplan<\/a><\/h3>\n\n\n\n<p>Inl\u00e4mning: 31 mars.<\/p>\n\n\n\n<hr class=\"wp-block-separator has-alpha-channel-opacity\"\/>\n\n\n\n<h2 class=\"wp-block-heading\">Modul 4<\/h2>\n\n\n\n<h3 class=\"wp-block-heading\"><a href=\"https:\/\/samhallsentreprenor.glokala.net\/2024-2025\/modul-4\/uppgift-9-projekt-verksamhets-affarsplan\/\" data-type=\"link\" data-id=\"https:\/\/samhallsentreprenor.glokala.net\/2024-2025\/modul-4\/uppgift-9-projekt-verksamhets-affarsplan\/\">Uppgift 9: Projekt- \/verksamhets- \/aff\u00e4rsplan<\/a><\/h3>\n\n\n\n<p>Inl\u00e4mning: 28 april.<\/p>\n\n\n\n<h3 class=\"wp-block-heading\"><a href=\"https:\/\/samhallsentreprenor.glokala.net\/2024-2025\/modul-4\/uppgift-10-reflektion-kring-projektledning-samhallsentreprenorskap\/\" data-type=\"post\" data-id=\"1948\">Uppgift 10: Reflektion kring projektledning &amp; samh\u00e4llsentrepren\u00f6rskap<\/a><\/h3>\n\n\n\n<p>Inl\u00e4mning: 26 maj genom deltagande i onlineworkshop eller inl\u00e4mning i uppgiftens forum<\/p>\n\n\n\n<hr class=\"wp-block-separator has-alpha-channel-opacity\"\/>\n\n\n\n<p><strong>Uppsamlingsdatum<\/strong> f\u00f6r att komplettera uppgifterna under Modul 4 och tidigare uppgifter under kursen: 25 augusti.<br>Det g\u00e5r ocks\u00e5 bra att komplettera tidigare under sommarperioden!<\/p>\n","protected":false},"excerpt":{"rendered":"<p>Inl\u00e4mningsforum f\u00f6r uppgifterna hittar du under Forum \u2192 Modul 1 F\u00f6rsta kursveckan: Personlig presentation &amp; reflektion om begreppet samh\u00e4llsentrepren\u00f6r. Uppgift 1 Erfarenheter av initiativ eller&hellip;<\/p>\n","protected":false},"author":1,"featured_media":0,"parent":97,"menu_order":0,"comment_status":"closed","ping_status":"closed","template":"","meta":{"footnotes":""},"class_list":["post-329","page","type-page","status-publish","hentry"],"_links":{"self":[{"href":"https:\/\/samhallsentreprenor.glokala.net\/2024-2025\/wp-json\/wp\/v2\/pages\/329","targetHints":{"allow":["GET"]}}],"collection":[{"href":"https:\/\/samhallsentreprenor.glokala.net\/2024-2025\/wp-json\/wp\/v2\/pages"}],"about":[{"href":"https:\/\/samhallsentreprenor.glokala.net\/2024-2025\/wp-json\/wp\/v2\/types\/page"}],"author":[{"embeddable":true,"href":"https:\/\/samhallsentreprenor.glokala.net\/2024-2025\/wp-json\/wp\/v2\/users\/1"}],"replies":[{"embeddable":true,"href":"https:\/\/samhallsentreprenor.glokala.net\/2024-2025\/wp-json\/wp\/v2\/comments?post=329"}],"version-history":[{"count":10,"href":"https:\/\/samhallsentreprenor.glokala.net\/2024-2025\/wp-json\/wp\/v2\/pages\/329\/revisions"}],"predecessor-version":[{"id":2357,"href":"https:\/\/samhallsentreprenor.glokala.net\/2024-2025\/wp-json\/wp\/v2\/pages\/329\/revisions\/2357"}],"up":[{"embeddable":true,"href":"https:\/\/samhallsentreprenor.glokala.net\/2024-2025\/wp-json\/wp\/v2\/pages\/97"}],"wp:attachment":[{"href":"https:\/\/samhallsentreprenor.glokala.net\/2024-2025\/wp-json\/wp\/v2\/media?parent=329"}],"curies":[{"name":"wp","href":"https:\/\/api.w.org\/{rel}","templated":true}]}}