{"id":94,"date":"2024-08-15T13:27:06","date_gmt":"2024-08-15T11:27:06","guid":{"rendered":"https:\/\/samhallsentreprenor.glokala.net\/2024-2025\/?page_id=94"},"modified":"2025-03-31T09:38:44","modified_gmt":"2025-03-31T07:38:44","slug":"publika-sidor","status":"publish","type":"page","link":"https:\/\/samhallsentreprenor.glokala.net\/2024-2025\/publika-sidor\/","title":{"rendered":"Publika sidor"},"content":{"rendered":"\n<p>Kursplattform f\u00f6r Samh\u00e4llsentrepren\u00f6r 2024-2025 (distans).<br>\u00d6versikt f\u00f6r sidor som \u00e4r tillg\u00e4ngliga utan inloggning:<\/p>\n\n\n\n<h3 class=\"wp-block-heading\">Kursinformation &amp; \u00f6vriga sidor<\/h3>\n\n\n\n<ul class=\"wp-block-list\">\n<li><a href=\"https:\/\/samhallsentreprenor.glokala.net\/2024-2025\/kursinfo\/\" data-type=\"page\" data-id=\"97\">Kursbeskrivning<\/a><\/li>\n\n\n\n<li><a href=\"https:\/\/samhallsentreprenor.glokala.net\/2024-2025\/kursinfo\/uppgifter-oversikt\/\" data-type=\"page\" data-id=\"329\">Uppgifter &#8211; \u00f6versikt<\/a><\/li>\n\n\n\n<li><a href=\"https:\/\/samhallsentreprenor.glokala.net\/2024-2025\/kursinfo\/praktisk-info\/\" data-type=\"page\" data-id=\"99\">Praktisk info<\/a><\/li>\n\n\n\n<li><a href=\"https:\/\/samhallsentreprenor.glokala.net\/2024-2025\/kursinfo\/guide-till-plattformen\/\" data-type=\"page\" data-id=\"108\">Guide till plattformen<\/a><\/li>\n\n\n\n<li><a href=\"https:\/\/samhallsentreprenor.glokala.net\/2024-2025\/kursinfo\/studieteknik-stod-och-personlig-arbetsmiljo\/\" data-type=\"page\" data-id=\"101\">Studieteknik, st\u00f6d och personlig arbetsmilj\u00f6<\/a><\/li>\n\n\n\n<li><a href=\"https:\/\/samhallsentreprenor.glokala.net\/2024-2025\/larare\/\" data-type=\"page\" data-id=\"104\">L\u00e4rare<\/a><\/li>\n\n\n\n<li><a href=\"https:\/\/samhallsentreprenor.glokala.net\/2024-2025\/kursinfo\/glokala-folkhogskolan\/\" data-type=\"page\" data-id=\"106\">Glokala folkh\u00f6gskolan<\/a><\/li>\n\n\n\n<li><a href=\"https:\/\/samhallsentreprenor.glokala.net\/2024-2025\/evenemang\/\" data-type=\"page\" data-id=\"92\">Evenemang<\/a><\/li>\n<\/ul>\n\n\n\n<h3 class=\"wp-block-heading\">Kursmoment<\/h3>\n\n\n\n<p>Navigera vidare via \u00f6versiktsplaneringen f\u00f6r respektive del av kursen. Kursens veckoteman \u00e4r tillg\u00e4ngliga utan inloggning.<\/p>\n\n\n\n<ul class=\"wp-block-list\">\n<li><a href=\"https:\/\/samhallsentreprenor.glokala.net\/2024-2025\/modul-1\/modul-1-oversikt\/\" data-type=\"post\" data-id=\"145\">Modul 1<\/a><\/li>\n\n\n\n<li><a href=\"https:\/\/samhallsentreprenor.glokala.net\/2024-2025\/modul-2\/modul-2-oversikt\/\" data-type=\"post\" data-id=\"882\">Modul 2<\/a><\/li>\n\n\n\n<li><a href=\"https:\/\/samhallsentreprenor.glokala.net\/2024-2025\/modul-3\/modul-3-oversikt-studiematerial\/\" data-type=\"post\" data-id=\"1284\">Modul 3<\/a><\/li>\n\n\n\n<li><a href=\"https:\/\/samhallsentreprenor.glokala.net\/2024-2025\/modul-4\/modul-4-oversikt-studiematerial\/\" data-type=\"post\" data-id=\"1856\">Modul 4<\/a><\/li>\n<\/ul>\n","protected":false},"excerpt":{"rendered":"<p>Kursplattform f\u00f6r Samh\u00e4llsentrepren\u00f6r 2024-2025 (distans).\u00d6versikt f\u00f6r sidor som \u00e4r tillg\u00e4ngliga utan inloggning: Kursinformation &amp; \u00f6vriga sidor Kursmoment Navigera vidare via \u00f6versiktsplaneringen f\u00f6r respektive del av&hellip;<\/p>\n","protected":false},"author":1,"featured_media":0,"parent":0,"menu_order":0,"comment_status":"closed","ping_status":"closed","template":"","meta":{"footnotes":""},"class_list":["post-94","page","type-page","status-publish","hentry"],"_links":{"self":[{"href":"https:\/\/samhallsentreprenor.glokala.net\/2024-2025\/wp-json\/wp\/v2\/pages\/94","targetHints":{"allow":["GET"]}}],"collection":[{"href":"https:\/\/samhallsentreprenor.glokala.net\/2024-2025\/wp-json\/wp\/v2\/pages"}],"about":[{"href":"https:\/\/samhallsentreprenor.glokala.net\/2024-2025\/wp-json\/wp\/v2\/types\/page"}],"author":[{"embeddable":true,"href":"https:\/\/samhallsentreprenor.glokala.net\/2024-2025\/wp-json\/wp\/v2\/users\/1"}],"replies":[{"embeddable":true,"href":"https:\/\/samhallsentreprenor.glokala.net\/2024-2025\/wp-json\/wp\/v2\/comments?post=94"}],"version-history":[{"count":2,"href":"https:\/\/samhallsentreprenor.glokala.net\/2024-2025\/wp-json\/wp\/v2\/pages\/94\/revisions"}],"predecessor-version":[{"id":1958,"href":"https:\/\/samhallsentreprenor.glokala.net\/2024-2025\/wp-json\/wp\/v2\/pages\/94\/revisions\/1958"}],"wp:attachment":[{"href":"https:\/\/samhallsentreprenor.glokala.net\/2024-2025\/wp-json\/wp\/v2\/media?parent=94"}],"curies":[{"name":"wp","href":"https:\/\/api.w.org\/{rel}","templated":true}]}}