{"id":134,"date":"2011-09-28T14:40:31","date_gmt":"2011-09-28T12:40:31","guid":{"rendered":"http:\/\/she2.glokala.se\/?page_id=134"},"modified":"2011-11-17T12:16:23","modified_gmt":"2011-11-17T11:16:23","slug":"modul1","status":"publish","type":"page","link":"https:\/\/samhallsentreprenor.glokala.net\/she2\/modul1\/","title":{"rendered":"Planering &#8211; Modul 1"},"content":{"rendered":"<h4><strong>Modul 1: Begrepp och betydelse (Debatt)<\/strong><\/h4>\n<p>I SHE steg 1 diskuterade vi en hel del kring definitionen av samh\u00e4llsentrepren\u00f6rskap, vad begreppet egentligen t\u00e4cker in och vilka funktioner det fyller. Som en forts\u00e4ttning kan vi ta diskussionen ett steg l\u00e4ngre och unders\u00f6ka hur begreppet anv\u00e4nds, i vilka sammanhang och varf\u00f6r.<br \/>\nSkiljer sig SHEskap fr\u00e5n annat samh\u00e4llsengagemang? Vad finns det f\u00f6r politiska underliggande v\u00e4rderingar? N\u00e4r blir social aktivism entrepren\u00f6rskap och vem\/vad definierar vad som anses vara samh\u00e4llsnyttigt? Finns det omr\u00e5den som f\u00f6rs\u00e4mras av SHEskap, t ex om betalt arbete \u00f6verg\u00e5r till ideellt?<\/p>\n<p>Genom att f\u00f6rs\u00f6ka synligg\u00f6ra underliggande strukturer kan vi diskutera, v\u00e4cka nya fr\u00e5gor och f\u00e5 en mer medveten och uttalad begreppsanv\u00e4ndning.<\/p>\n<p>Diskussion kan ocks\u00e5 f\u00f6ras p\u00e5 semantisk niv\u00e5 (om vi tittar p\u00e5 tolkningen av olika ord\/begrepp): Vad skiljer samh\u00e4llsentrepren\u00f6rskap fr\u00e5n social innovation? Anv\u00e4nds \u201dsocialt f\u00f6retagande\u201d fortfarande? Och hur ska allt \u00f6vers\u00e4ttas till engelskan? Social entrepreneurship, social ventures\u2026<\/p>\n<p>I huvudsak f\u00f6resl\u00e5r vi tv\u00e5 uppgifter under den h\u00e4r delen av kursen. En del material att ta del av och diskutera presenterar vi ut\u00f6ver det l\u00f6pande under veckorna som modulen str\u00e4cker sig.<\/p>\n<p><strong><a title=\"Tids\u00f6versikt\" href=\"http:\/\/samhallsentreprenor.glokala.net\/she2\/tidsplan\/\">\u00d6versikt i tid &#8211; se Tids\u00f6versikt<\/a><br \/>\n<\/strong><\/p>\n<h5><strong>Uppgifter:<\/strong><\/h5>\n<p><a title=\"R) Research\" href=\"http:\/\/samhallsentreprenor.glokala.net\/she2\/r-research\/\"><strong>Uppgift R) Research \u2013 f\u00f6rdjupning kring definitioner och anv\u00e4ndning av begrepp<\/strong><\/a><\/p>\n<p>Hur anv\u00e4nds begreppet samh\u00e4llsentrepren\u00f6rskap och n\u00e4rliggande begrepp idag, i vilka sammanhang och varf\u00f6r? Uppgiften syftar till att unders\u00f6ka aktuella texter, material och anv\u00e4nda definitioner. V\u00e4lj en av de f\u00f6reslagna utg\u00e5ngspunkterna eller utforma en egen. Tre f\u00f6rslag p\u00e5 utg\u00e5ngspunkter:<\/p>\n<p>&#8211; Studie av definition och exempel p\u00e5 verksamheter<br \/>\nUtg\u00e5 ifr\u00e5n en definition och diskutera hur den fungerar, vad den f\u00e5r f\u00f6r betydelse i relation till exempel p\u00e5 verksamheter. Vilka verksamheter synligg\u00f6rs, vilka hamnar i skymundan?<\/p>\n<p>&#8211; Definitioner, j\u00e4mf\u00f6relse<br \/>\nTitta p\u00e5 olika definitioner, j\u00e4mf\u00f6r och diskutera kring likheter, olikheter. Finns det olika politiska linjer i definitionerna? I vilka olika sammanhang har definitionerna formats?<\/p>\n<p>&#8211; Textstudie (diskursanalys)<br \/>\nV\u00e4lj och analysera texter (utdrag ur b\u00f6cker, artiklar) inom samh\u00e4llsentrepren\u00f6rskap, eller som debatterar samh\u00e4llsentrepren\u00f6rskap. Vilken betydelse f\u00e5r begreppet genom texterna? Vilka f\u00f6rest\u00e4llningar \u00e4r det som finns hos avs\u00e4ndaren\/f\u00f6rfattaren? J\u00e4mf\u00f6r tv\u00e5 eller flera texter.<\/p>\n<p><span style=\"text-decoration: underline;\">Form:<\/span> Uppgiften kan presenteras i olika former. T ex video- eller ljudpresentation (max 10 min), text (2-3 sidor) eller ett collage. Viktigt \u00e4r att beskriva hur man ska ta del av presentationen om det \u00e4r ett annat format \u00e4n text.<br \/>\nSamarbeta g\u00e4rna om uppgiften med andra i kursen.<\/p>\n<p><span style=\"text-decoration: underline;\">Inl\u00e4mningsdatum:<\/span> 23 oktober<br \/>\n<span style=\"text-decoration: underline;\">Respons:<\/span> 24 \u2013 30 oktober.<\/p>\n<p><strong>***<\/strong><\/p>\n<p><strong>Uppgift D) Debatt \u2013 heta fr\u00e5gor och personliga perspektiv<\/strong><\/p>\n<p>Unders\u00f6k en fr\u00e5gest\u00e4llning du vill f\u00f6rdjupa dig i eller intervjua en\/flera personer som ger sina perspektiv p\u00e5 betydelsen av SHE. Uppgiften kan genomf\u00f6ras genom att diskutera material inom det valda omr\u00e5det, genom att utveckla dina egna perspektiv eller genom att s\u00f6ka upp personer som har tankar att diskutera. F\u00f6rslag p\u00e5 utg\u00e5ngspunkter (v\u00e4lj en):<\/p>\n<ul>\n<li>Vems ansvar \u00e4r v\u00e4lf\u00e4rden, beh\u00f6vs samh\u00e4llsentrepren\u00f6rer inom v\u00e4lf\u00e4rden?<\/li>\n<li>Kan man utbilda i samh\u00e4llsentrepren\u00f6rskap?<\/li>\n<li>N\u00e4r blir aktivism samh\u00e4llsentrepren\u00f6rskap och vem\/vad definierar vad som anses vara samh\u00e4llsnyttigt?<\/li>\n<li>Intervjua en eller flera personer \u2013 portr\u00e4tt av samh\u00e4llsentrepren\u00f6rer\/inspirat\u00f6rer<br \/>\nVad \u00e4r en samh\u00e4llsentrepren\u00f6r?<\/li>\n<\/ul>\n<p><span style=\"text-decoration: underline;\">Form:<\/span> Uppgiften kan du genomf\u00f6ra i olika former: Debattartikel, blogginl\u00e4gg, analyserande text, video- eller ljudreportage. F\u00f6r texter \u00e4r en riktlinje 1-2 sidor. F\u00f6r video\/ljudreportage max 10 min.<br \/>\nSamarbeta g\u00e4rna om uppgiften med andra i kursen.<\/p>\n<p><span style=\"text-decoration: underline;\">Inl\u00e4mningsdatum:<\/span> 28 november.<br \/>\n<span style=\"text-decoration: underline;\">Respons:<\/span> 29 november &#8211; 11 december.<strong><\/strong><\/p>\n<h5><strong>F\u00f6rslag till internat i januari:<\/strong><\/h5>\n<p>Seminarium\/workshop med entrepren\u00f6rer, t\u00e4nkare, studerande p\u00e5 entrepren\u00f6rsprogram (olika h\u00f6gskolor i regionen) f\u00f6r att n\u00e4tverka och tillsammans j\u00e4mf\u00f6ra olika perspektiv p\u00e5 begrepp.<\/p>\n","protected":false},"excerpt":{"rendered":"<p>Modul 1: Begrepp och betydelse (Debatt) I SHE steg 1 diskuterade vi en hel del kring definitionen av samh\u00e4llsentrepren\u00f6rskap, vad begreppet egentligen t\u00e4cker in och vilka funktioner det fyller. Som en forts\u00e4ttning kan vi ta diskussionen ett steg l\u00e4ngre och unders\u00f6ka hur begreppet anv\u00e4nds, i vilka sammanhang och varf\u00f6r. Skiljer sig SHEskap fr\u00e5n annat samh\u00e4llsengagemang? [&hellip;]<\/p>\n","protected":false},"author":1001021,"featured_media":0,"parent":0,"menu_order":0,"comment_status":"open","ping_status":"open","template":"","meta":{"_bbp_topic_count":0,"_bbp_reply_count":0,"_bbp_total_topic_count":0,"_bbp_total_reply_count":0,"_bbp_voice_count":0,"_bbp_anonymous_reply_count":0,"_bbp_topic_count_hidden":0,"_bbp_reply_count_hidden":0,"_bbp_forum_subforum_count":0,"footnotes":""},"class_list":["post-134","page","type-page","status-publish","hentry"],"jetpack_sharing_enabled":true,"_links":{"self":[{"href":"https:\/\/samhallsentreprenor.glokala.net\/she2\/wp-json\/wp\/v2\/pages\/134","targetHints":{"allow":["GET"]}}],"collection":[{"href":"https:\/\/samhallsentreprenor.glokala.net\/she2\/wp-json\/wp\/v2\/pages"}],"about":[{"href":"https:\/\/samhallsentreprenor.glokala.net\/she2\/wp-json\/wp\/v2\/types\/page"}],"author":[{"embeddable":true,"href":"https:\/\/samhallsentreprenor.glokala.net\/she2\/wp-json\/wp\/v2\/users\/1001021"}],"replies":[{"embeddable":true,"href":"https:\/\/samhallsentreprenor.glokala.net\/she2\/wp-json\/wp\/v2\/comments?post=134"}],"version-history":[{"count":9,"href":"https:\/\/samhallsentreprenor.glokala.net\/she2\/wp-json\/wp\/v2\/pages\/134\/revisions"}],"predecessor-version":[{"id":336,"href":"https:\/\/samhallsentreprenor.glokala.net\/she2\/wp-json\/wp\/v2\/pages\/134\/revisions\/336"}],"wp:attachment":[{"href":"https:\/\/samhallsentreprenor.glokala.net\/she2\/wp-json\/wp\/v2\/media?parent=134"}],"curies":[{"name":"wp","href":"https:\/\/api.w.org\/{rel}","templated":true}]}}