{"id":157,"date":"2011-10-03T10:08:31","date_gmt":"2011-10-03T08:08:31","guid":{"rendered":"http:\/\/she2.glokala.se\/?page_id=157"},"modified":"2011-10-05T18:22:03","modified_gmt":"2011-10-05T16:22:03","slug":"3-oktober","status":"publish","type":"page","link":"https:\/\/samhallsentreprenor.glokala.net\/she2\/3-oktober\/","title":{"rendered":"3 oktober"},"content":{"rendered":"<p>Hej, vi startar nu p\u00e5 allvar med modulen &#8221;Begrepp och betydelse&#8221;!<\/p>\n<p>Planeringen f\u00f6r hela modulen finns <a title=\"Planering \u2013 Modul 1\" href=\"http:\/\/samhallsentreprenor.glokala.net\/she2\/modul1\/\">h\u00e4r &#8211; l\u00e4nk<\/a>.<\/p>\n<p><strong>Uppgift R) Research \u2013 f\u00f6rdjupning kring definitioner och anv\u00e4ndning av begrepp<\/strong><\/p>\n<p>Hur anv\u00e4nds begreppet samh\u00e4llsentrepren\u00f6rskap och n\u00e4rliggande begrepp idag, i vilka sammanhang och varf\u00f6r? Uppgiften syftar till att unders\u00f6ka aktuella texter, material och anv\u00e4nda definitioner.<br \/>\nInl\u00e4mningsdatum: 23 oktober<br \/>\nRespons: 24 \u2013 30 oktober.<\/p>\n<p>Uppgiften presenteras i sin helhet h\u00e4r:<br \/>\n<a title=\"R) Research\" href=\"http:\/\/samhallsentreprenor.glokala.net\/she2\/r-research\/\">http:\/\/samhallsentreprenor.glokala.net\/she2\/r-research\/<\/a><\/p>\n<p>\/\/<\/p>\n<p><strong>Inspirationsbanken<\/strong><br \/>\nMed hj\u00e4lp av inl\u00e4gg p\u00e5 v\u00e5r blogg (f\u00f6rstasidan p\u00e5 plattformen) delar vi videor, intervjuer, l\u00e4nkar, beskrivningar etc. om andra inspirerande projekt eller om intressant litteratur kontinuerligt under kursen. Inl\u00e4ggen kan med f\u00f6rdel kombineras med modul-uppgifterna (t.ex. om man redan unders\u00f6ker en social innovation kan detta material anv\u00e4ndas till att l\u00e4gga i inspirationsbanken).<br \/>\nF\u00f6r att h\u00e5lla ett fl\u00f6de i inl\u00e4ggen f\u00e5r var och en av oss en vecka i taget att l\u00e4gga upp n\u00e5got. Skriv upp er \u00f6nskade vecka via gruppens wikisida: <a href=\"..\/groups\/inspiration-exempel\/wiki\/\" rel=\"nofollow\">http:\/\/samhallsentreprenor.glokala.net\/she2\/groups\/inspiration-exempel\/wiki\/<\/a><br \/>\nEn introduktion till hur det g\u00e5r till att skapa inl\u00e4gg kommer under veckan.<\/p>\n<p><strong>Inspirationsinl\u00e4gg den h\u00e4r veckan:<\/strong><br \/>\n<a href=\"http:\/\/samhallsentreprenor.glokala.net\/she2\/2011\/10\/7-typer-av-samhallsentreprenorer\/\">7 typer av samh\u00e4llsentrepren\u00f6rer &#8211; http:\/\/samhallsentreprenor.glokala.net\/she2\/2011\/10\/7-typer-av-samhallsentreprenorer\/<\/a><\/p>\n<p>&nbsp;<\/p>\n","protected":false},"excerpt":{"rendered":"<p>Hej, vi startar nu p\u00e5 allvar med modulen &#8221;Begrepp och betydelse&#8221;! Planeringen f\u00f6r hela modulen finns h\u00e4r &#8211; l\u00e4nk. Uppgift R) Research \u2013 f\u00f6rdjupning kring definitioner och anv\u00e4ndning av begrepp Hur anv\u00e4nds begreppet samh\u00e4llsentrepren\u00f6rskap och n\u00e4rliggande begrepp idag, i vilka sammanhang och varf\u00f6r? Uppgiften syftar till att unders\u00f6ka aktuella texter, material och anv\u00e4nda definitioner. Inl\u00e4mningsdatum: [&hellip;]<\/p>\n","protected":false},"author":1001021,"featured_media":0,"parent":0,"menu_order":0,"comment_status":"open","ping_status":"open","template":"","meta":{"_bbp_topic_count":0,"_bbp_reply_count":0,"_bbp_total_topic_count":0,"_bbp_total_reply_count":0,"_bbp_voice_count":0,"_bbp_anonymous_reply_count":0,"_bbp_topic_count_hidden":0,"_bbp_reply_count_hidden":0,"_bbp_forum_subforum_count":0,"footnotes":""},"class_list":["post-157","page","type-page","status-publish","hentry"],"jetpack_sharing_enabled":true,"_links":{"self":[{"href":"https:\/\/samhallsentreprenor.glokala.net\/she2\/wp-json\/wp\/v2\/pages\/157","targetHints":{"allow":["GET"]}}],"collection":[{"href":"https:\/\/samhallsentreprenor.glokala.net\/she2\/wp-json\/wp\/v2\/pages"}],"about":[{"href":"https:\/\/samhallsentreprenor.glokala.net\/she2\/wp-json\/wp\/v2\/types\/page"}],"author":[{"embeddable":true,"href":"https:\/\/samhallsentreprenor.glokala.net\/she2\/wp-json\/wp\/v2\/users\/1001021"}],"replies":[{"embeddable":true,"href":"https:\/\/samhallsentreprenor.glokala.net\/she2\/wp-json\/wp\/v2\/comments?post=157"}],"version-history":[{"count":4,"href":"https:\/\/samhallsentreprenor.glokala.net\/she2\/wp-json\/wp\/v2\/pages\/157\/revisions"}],"predecessor-version":[{"id":172,"href":"https:\/\/samhallsentreprenor.glokala.net\/she2\/wp-json\/wp\/v2\/pages\/157\/revisions\/172"}],"wp:attachment":[{"href":"https:\/\/samhallsentreprenor.glokala.net\/she2\/wp-json\/wp\/v2\/media?parent=157"}],"curies":[{"name":"wp","href":"https:\/\/api.w.org\/{rel}","templated":true}]}}