{"id":20,"date":"2011-08-29T03:49:53","date_gmt":"2011-08-29T01:49:53","guid":{"rendered":"http:\/\/she2.glokala.se\/?page_id=20"},"modified":"2020-06-01T11:04:24","modified_gmt":"2020-06-01T09:04:24","slug":"evenemang","status":"publish","type":"page","link":"https:\/\/samhallsentreprenor.glokala.net\/she2\/evenemang\/","title":{"rendered":"Evenemang"},"content":{"rendered":"<h5><strong>Tips p\u00e5 sp\u00e4nnande evenemang och utbildningar!<\/strong><\/h5>\n<p>Bidra g\u00e4rna med tips, skicka ett mail till August.<\/p>\n<p><iframe loading=\"lazy\" style=\"border-width: 0;\" src=\"https:\/\/www.google.com\/calendar\/embed?height=600&amp;wkst=2&amp;bgcolor=%23FFFFFF&amp;src=h38ljo0eolhikmbjccpriqfffc%40group.calendar.google.com&amp;color=%231B887A&amp;src=sv.swedish%23holiday%40group.v.calendar.google.com&amp;color=%23875509&amp;src=p%23weeknum%40group.v.calendar.google.com&amp;color=%235229A3&amp;ctz=Europe%2FStockholm\" width=\"700\" height=\"600\" frameborder=\"0\" scrolling=\"no\"><\/iframe><\/p>\n","protected":false},"excerpt":{"rendered":"<p>Tips p\u00e5 sp\u00e4nnande evenemang och utbildningar! Bidra g\u00e4rna med tips, skicka ett mail till August.<\/p>\n","protected":false},"author":1001021,"featured_media":0,"parent":0,"menu_order":0,"comment_status":"open","ping_status":"open","template":"","meta":{"_bbp_topic_count":0,"_bbp_reply_count":0,"_bbp_total_topic_count":0,"_bbp_total_reply_count":0,"_bbp_voice_count":0,"_bbp_anonymous_reply_count":0,"_bbp_topic_count_hidden":0,"_bbp_reply_count_hidden":0,"_bbp_forum_subforum_count":0,"footnotes":""},"class_list":["post-20","page","type-page","status-publish","hentry"],"jetpack_sharing_enabled":true,"_links":{"self":[{"href":"https:\/\/samhallsentreprenor.glokala.net\/she2\/wp-json\/wp\/v2\/pages\/20","targetHints":{"allow":["GET"]}}],"collection":[{"href":"https:\/\/samhallsentreprenor.glokala.net\/she2\/wp-json\/wp\/v2\/pages"}],"about":[{"href":"https:\/\/samhallsentreprenor.glokala.net\/she2\/wp-json\/wp\/v2\/types\/page"}],"author":[{"embeddable":true,"href":"https:\/\/samhallsentreprenor.glokala.net\/she2\/wp-json\/wp\/v2\/users\/1001021"}],"replies":[{"embeddable":true,"href":"https:\/\/samhallsentreprenor.glokala.net\/she2\/wp-json\/wp\/v2\/comments?post=20"}],"version-history":[{"count":8,"href":"https:\/\/samhallsentreprenor.glokala.net\/she2\/wp-json\/wp\/v2\/pages\/20\/revisions"}],"predecessor-version":[{"id":7910,"href":"https:\/\/samhallsentreprenor.glokala.net\/she2\/wp-json\/wp\/v2\/pages\/20\/revisions\/7910"}],"wp:attachment":[{"href":"https:\/\/samhallsentreprenor.glokala.net\/she2\/wp-json\/wp\/v2\/media?parent=20"}],"curies":[{"name":"wp","href":"https:\/\/api.w.org\/{rel}","templated":true}]}}