{"id":3243,"date":"2014-11-25T10:59:18","date_gmt":"2014-11-25T09:59:18","guid":{"rendered":"http:\/\/she2.glokala.se\/?page_id=3243"},"modified":"2014-11-25T10:59:18","modified_gmt":"2014-11-25T09:59:18","slug":"arkiv-2012-2013","status":"publish","type":"page","link":"https:\/\/samhallsentreprenor.glokala.net\/she2\/arkiv-2012-2013\/","title":{"rendered":"Arkiv 2012-2013"},"content":{"rendered":"<h3><a title=\"Tidsplan 2012-2013\" href=\"http:\/\/samhallsentreprenor.glokala.net\/she2\/tidsplan-2012-2013\/\">Kurs\u00f6versikt 2012-2013<\/a><\/h3>\n<h3><a href=\"http:\/\/samhallsentreprenor.glokala.net\/she2\/2012\/06\/kursbeskrivning-20122013\/\">Kursbeskrivning<\/a><\/h3>\n<h3><a title=\"Tidsplan 2012-2013\" href=\"http:\/\/samhallsentreprenor.glokala.net\/she2\/tidsplan-2012-2013\/\">Uppgifter<\/a><\/h3>\n<ul>\n<li><a href=\"http:\/\/samhallsentreprenor.glokala.net\/she2\/groups\/planeringsskiss\/forum\/\">Planeringsskiss<\/a><\/li>\n<li><a href=\"http:\/\/samhallsentreprenor.glokala.net\/she2\/groups\/intervjuuppgift\/forum\/\">Intervjuuppgift<\/a><\/li>\n<li><a href=\"http:\/\/samhallsentreprenor.glokala.net\/she2\/groups\/reflektion-inre-liv\/forum\/\">Reflektion Inre liv<\/a><\/li>\n<li><a href=\"http:\/\/samhallsentreprenor.glokala.net\/she2\/groups\/omvarldsanalys\/forum\/\">Omv\u00e4rldsanalys<\/a><\/li>\n<li><a href=\"http:\/\/samhallsentreprenor.glokala.net\/she2\/groups\/fordjupning\/forum\/\">F\u00f6rdjupning<\/a><\/li>\n<\/ul>\n<h3><a href=\"http:\/\/samhallsentreprenor.glokala.net\/she2\/groups\/kursforum\/forum\/\">Forum 2012-2013<\/a><\/h3>\n","protected":false},"excerpt":{"rendered":"<p>Kurs\u00f6versikt 2012-2013 Kursbeskrivning Uppgifter Planeringsskiss Intervjuuppgift Reflektion Inre liv Omv\u00e4rldsanalys F\u00f6rdjupning Forum 2012-2013<\/p>\n","protected":false},"author":1001021,"featured_media":0,"parent":0,"menu_order":0,"comment_status":"open","ping_status":"open","template":"","meta":{"_bbp_topic_count":0,"_bbp_reply_count":0,"_bbp_total_topic_count":0,"_bbp_total_reply_count":0,"_bbp_voice_count":0,"_bbp_anonymous_reply_count":0,"_bbp_topic_count_hidden":0,"_bbp_reply_count_hidden":0,"_bbp_forum_subforum_count":0,"footnotes":""},"class_list":["post-3243","page","type-page","status-publish","hentry"],"jetpack_sharing_enabled":true,"_links":{"self":[{"href":"https:\/\/samhallsentreprenor.glokala.net\/she2\/wp-json\/wp\/v2\/pages\/3243","targetHints":{"allow":["GET"]}}],"collection":[{"href":"https:\/\/samhallsentreprenor.glokala.net\/she2\/wp-json\/wp\/v2\/pages"}],"about":[{"href":"https:\/\/samhallsentreprenor.glokala.net\/she2\/wp-json\/wp\/v2\/types\/page"}],"author":[{"embeddable":true,"href":"https:\/\/samhallsentreprenor.glokala.net\/she2\/wp-json\/wp\/v2\/users\/1001021"}],"replies":[{"embeddable":true,"href":"https:\/\/samhallsentreprenor.glokala.net\/she2\/wp-json\/wp\/v2\/comments?post=3243"}],"version-history":[{"count":1,"href":"https:\/\/samhallsentreprenor.glokala.net\/she2\/wp-json\/wp\/v2\/pages\/3243\/revisions"}],"predecessor-version":[{"id":3244,"href":"https:\/\/samhallsentreprenor.glokala.net\/she2\/wp-json\/wp\/v2\/pages\/3243\/revisions\/3244"}],"wp:attachment":[{"href":"https:\/\/samhallsentreprenor.glokala.net\/she2\/wp-json\/wp\/v2\/media?parent=3243"}],"curies":[{"name":"wp","href":"https:\/\/api.w.org\/{rel}","templated":true}]}}