{"id":3305,"date":"2015-01-12T17:14:04","date_gmt":"2015-01-12T16:14:04","guid":{"rendered":"http:\/\/she2.glokala.se\/?page_id=3305"},"modified":"2015-02-09T16:11:14","modified_gmt":"2015-02-09T15:11:14","slug":"internat-31-jan-1-febr","status":"publish","type":"page","link":"https:\/\/samhallsentreprenor.glokala.net\/she2\/internat-31-jan-1-febr\/","title":{"rendered":"Internat 31 jan &#8211; 1 febr"},"content":{"rendered":"<p><strong><a title=\"Intryck fr\u00e5n internatdagarna 31 jan \u2013 1 febr\" href=\"http:\/\/samhallsentreprenor.glokala.net\/she2\/2015\/02\/intryck-fran-internatdagarna-31-jan-1-febr\/\" target=\"_blank\">Dokumentation &#8211; se bilder och l\u00e4s om dagarna \u2192<\/a><\/strong><\/p>\n<p>::::::::::::::::::::::::::::::::::<\/p>\n<p><strong>V\u00e4lkommen till tv\u00e5 dagar i Malm\u00f6!<\/strong><\/p>\n<p><strong>Resa till Malm\u00f6<\/strong><br \/>\nF\u00f6r l\u00e4ngre resor ger vi ett st\u00f6d f\u00f6r kostnader upp till 750 kr, mot kvitto\/biljetter.<\/p>\n<p>Vi bjuder p\u00e5 fika p\u00e5 l\u00f6rdagen och lunch p\u00e5 s\u00f6ndagen. H\u00f6r av dig om du \u00e4nnu inte har l\u00f6st \u00f6vernattningen och beh\u00f6ver tips p\u00e5 hostel.<\/p>\n<p>\/Towe, Hannah &amp; August<\/p>\n<p>::::::::::::::::::::::::::::::::::<\/p>\n<h2>Program: Internat 31 januari-1 februari, Malm\u00f6<\/h2>\n<p><em>Tips fredag kv\u00e4ll fr\u00e5n Ananda:<\/em><\/p>\n<blockquote><p><strong>Poesi, cello och foto med Ocean Ananda Hillfon och Simon B\u00e5ng.<\/strong><br \/>\nFredag den 30:de 19.00 Poeten p\u00e5 h\u00f6rnet i Malm\u00f6: <a href=\"http:\/\/poetenpahornet.se\/kalendarium\/\" target=\"_blank\">http:\/\/poetenpahornet.se\/<wbr \/>kalendarium\/<\/a><\/p>\n<p><em>M\u00e5ngkonstn\u00e4ren Ocean Ananda Hillfon skriver, skapar dansf\u00f6rest\u00e4llningar och fotograferar. I h\u00f6stas sj\u00e4lvpublicerade hon sin f\u00f6rsta diktsamling \u201dNatten f\u00f6der p\u00e4rlor\u201d. P\u00e5 Poeten p\u00e5 h\u00f6rnet kommer hon att l\u00e4sa ett utdrag tillsammans med cellisten, komposit\u00f6ren och dirigenten Simon B\u00e5ng. De har p\u00e5b\u00f6rjat ett samarbete som kommer att resultera i gr\u00e4ns\u00f6verskridande f\u00f6rest\u00e4llningar d\u00e4r dans, musik, ord och bild m\u00f6ts. P\u00e5 Poeten p\u00e5 h\u00f6rnet blir det ord, musik och bild som f\u00f6renas.<\/em><br \/>\n<em> <a href=\"http:\/\/www.oceananandahillfon.n.nu\/\" target=\"_blank\">http:\/\/www.oceananandahillfon.<wbr \/>n.nu\/<\/a> <\/em><\/p><\/blockquote>\n<h3><span style=\"text-decoration: underline;\">L\u00f6rdag 31 januari<\/span><\/h3>\n<p><span style=\"text-decoration: underline;\">Plats: Tryckeriet, Rolfsgatan 7b<\/span>. L\u00e4nk till karta: <a href=\"http:\/\/3bl.me\/4cdy54\" target=\"_blank\">http:\/\/3bl.me\/4cdy54<\/a><\/p>\n<p>12.00 V\u00e4lkomna, med l\u00e4tt fika! (\u00c4t lunch innan eller ta med dig mat)<\/p>\n<p>12.30-14.30 Boksamtal om de b\u00f6cker vi har l\u00e4st<\/p>\n<p>Vi lyssnar till en person\/bok i taget:<\/p>\n<ul>\n<li>Presentation av den bok du har l\u00e4st (5-10 min)<br \/>\nVad finner du intressant i l\u00e4sningen, vad f\u00e5ngar dig? Vilka teman och fr\u00e5gor tar boken upp?<\/li>\n<li>Diskussion utifr\u00e5n f\u00f6rberedd fr\u00e5ga, och kommentarer eller fr\u00e5gor kopplat till boken fr\u00e5n de andra (10 min)<\/li>\n<\/ul>\n<p>F\u00f6rbered allts\u00e5 en kort presentation av den bok du l\u00e4ser och det du finner intressant, samt en fr\u00e5ga f\u00f6r diskussion.<\/p>\n<p>14.30 Paus med fika<\/p>\n<p>15.00-17.00 Creative Ideas Society &#8211; presentera och f\u00e5 feedback p\u00e5 \u00a0din projektid\u00e9!<\/p>\n<p>Sessionen h\u00e5lls av Michael Wunsch, deltagare i kursen. Publik utifr\u00e5n \u00e4r v\u00e4lkommen!<\/p>\n<p><em>The Cool Ideas Society format lets you work collectively on ideas that change the world. As a social entrepreneur you get the chance to pitch your idea, project or product to a critical audience and collect valuable feedback. If you are not a social entrepreneur, you get the chance to make your contribution through a fun and well tested feedback process. Your ideas count!<br \/>\n<\/em><a href=\"https:\/\/www.facebook.com\/events\/600162700116545\/\">Inbjudan p\u00e5 fb <\/a>&#8211; sprid g\u00e4rna!<\/p>\n<p>&#8211; Fri kv\u00e4ll! &#8211;<\/p>\n<h3><span style=\"text-decoration: underline;\">S\u00f6ndag 1 februari<\/span><\/h3>\n<p><span style=\"text-decoration: underline;\">Plats: Sofielunds Folkets Hus, Rolfsgatan 16<\/span>. Karta: <a href=\"http:\/\/goo.gl\/maps\/yRB3n\" target=\"_blank\">http:\/\/goo.gl\/maps\/yRB3n<\/a><\/p>\n<p>10.00-11.30 Kursplanering &#8211; inf\u00f6r v\u00e5rens moment i kursen<\/p>\n<p>11.30-12.00 Promenad till g\u00e5gatan vid Triangeln<\/p>\n<p>12.00-12.30\u00a0 M\u00f6te med <a href=\"http:\/\/www.mellanrum.nu\/\" target=\"_blank\">projektet Mellanrum<\/a>; om hur ytor och lokaler i stadsrummet kan anv\u00e4ndas f\u00f6r tillf\u00e4lliga initiativ och nya ideer.<br \/>\n&#8221;Vi arbetar som en intermedi\u00e4r mellan initiativtagare och fastighets\u00e4gare f\u00f6r att f\u00e5 tillg\u00e5ng till vakanta butiker, byggnader och \u00f6ppna ytor f\u00f6r att sedan vidarebefordra dem till olika initiativ.&#8221;<br \/>\nI ett p\u00e5g\u00e5ende samarbete utnyttjar konstn\u00e4rer stadens tomma butikslokaler (l\u00e4s sydsvenskans artikel\u00a0<a href=\"http:\/\/www.sydsvenskan.se\/kultur--nojen\/regndrabbade-konstnarer-flyttar-in-i-tomma-butikslokaler-pa-gagatan\/\">http:\/\/www.sydsvenskan.se\/kultur&#8211;nojen\/regndrabbade-konstnarer-flyttar-in-i-tomma-butikslokaler-pa-gagatan\/<\/a>)<\/p>\n<p>12.30-13.00 Promenad till Mitt M\u00f6llan<\/p>\n<p>13.00-14.00 Lunch och m\u00f6te med Rude Food Malm\u00f6; som tar vara p\u00e5 mat som annars sl\u00e4ngs och f\u00f6r\u00e4dlar den till l\u00e4ckerheter. Kolla in deras facebooksida\u00a0<a href=\"https:\/\/www.facebook.com\/RudeFoodMalmo\">https:\/\/www.facebook.com\/RudeFoodMalmo<\/a><\/p>\n<p>14.00-15.00 Eftersnack och avslutning f\u00f6r dagarna.<\/p>\n","protected":false},"excerpt":{"rendered":"<p>Dokumentation &#8211; se bilder och l\u00e4s om dagarna \u2192 :::::::::::::::::::::::::::::::::: V\u00e4lkommen till tv\u00e5 dagar i Malm\u00f6! Resa till Malm\u00f6 F\u00f6r l\u00e4ngre resor ger vi ett st\u00f6d f\u00f6r kostnader upp till 750 kr, mot kvitto\/biljetter. Vi bjuder p\u00e5 fika p\u00e5 l\u00f6rdagen och lunch p\u00e5 s\u00f6ndagen. H\u00f6r av dig om du \u00e4nnu inte har l\u00f6st \u00f6vernattningen och [&hellip;]<\/p>\n","protected":false},"author":1001021,"featured_media":0,"parent":0,"menu_order":0,"comment_status":"open","ping_status":"open","template":"","meta":{"_bbp_topic_count":0,"_bbp_reply_count":0,"_bbp_total_topic_count":0,"_bbp_total_reply_count":0,"_bbp_voice_count":0,"_bbp_anonymous_reply_count":0,"_bbp_topic_count_hidden":0,"_bbp_reply_count_hidden":0,"_bbp_forum_subforum_count":0,"footnotes":""},"class_list":["post-3305","page","type-page","status-publish","hentry"],"jetpack_sharing_enabled":true,"_links":{"self":[{"href":"https:\/\/samhallsentreprenor.glokala.net\/she2\/wp-json\/wp\/v2\/pages\/3305","targetHints":{"allow":["GET"]}}],"collection":[{"href":"https:\/\/samhallsentreprenor.glokala.net\/she2\/wp-json\/wp\/v2\/pages"}],"about":[{"href":"https:\/\/samhallsentreprenor.glokala.net\/she2\/wp-json\/wp\/v2\/types\/page"}],"author":[{"embeddable":true,"href":"https:\/\/samhallsentreprenor.glokala.net\/she2\/wp-json\/wp\/v2\/users\/1001021"}],"replies":[{"embeddable":true,"href":"https:\/\/samhallsentreprenor.glokala.net\/she2\/wp-json\/wp\/v2\/comments?post=3305"}],"version-history":[{"count":11,"href":"https:\/\/samhallsentreprenor.glokala.net\/she2\/wp-json\/wp\/v2\/pages\/3305\/revisions"}],"predecessor-version":[{"id":3417,"href":"https:\/\/samhallsentreprenor.glokala.net\/she2\/wp-json\/wp\/v2\/pages\/3305\/revisions\/3417"}],"wp:attachment":[{"href":"https:\/\/samhallsentreprenor.glokala.net\/she2\/wp-json\/wp\/v2\/media?parent=3305"}],"curies":[{"name":"wp","href":"https:\/\/api.w.org\/{rel}","templated":true}]}}