{"id":413,"date":"2011-12-14T10:21:10","date_gmt":"2011-12-14T09:21:10","guid":{"rendered":"http:\/\/she2.glokala.se\/?page_id=413"},"modified":"2012-01-11T10:10:01","modified_gmt":"2012-01-11T09:10:01","slug":"internat-13-14-januari","status":"publish","type":"page","link":"https:\/\/samhallsentreprenor.glokala.net\/she2\/internat-13-14-januari\/","title":{"rendered":"Internat 13-14 januari"},"content":{"rendered":"<p>Hej!<\/p>\n<p>H\u00e4r \u00e4r ett prelimin\u00e4rt program f\u00f6r dagar tillsammans i Malm\u00f6.<\/p>\n<p>Reseers\u00e4ttning: F\u00f6r l\u00e4ngre resor ger vi st\u00f6d upp till 500 kr.<\/p>\n<p>Boende: Ordnas p\u00e5 egen hand. H\u00f6r av dig om du beh\u00f6ver tips.<\/p>\n<p>Mat: Vi bjuder p\u00e5 lunch som start under fredagen och f\u00f6rmiddagsfika p\u00e5 l\u00f6rdagen.<\/p>\n<p>Anm\u00e4lan, fr\u00e5gor: Skriv eller ring g\u00e4rna om du har fr\u00e5gor inf\u00f6r dagarna. Bekr\u00e4fta att du kommer till august (at) glokala.se.<\/p>\n<p>&#8211; \u2013 &#8211; \u2013 &#8211; \u2013 &#8211; \u2013 &#8211; \u2013 &#8211; \u2013 &#8211; \u2013 &#8211; \u2013 &#8211; \u2013 &#8211; \u2013 &#8211; \u2013 &#8211; \u2013 &#8211; \u2013 &#8211; \u2013 &#8211; &#8211;<\/p>\n<h4>Prelimin\u00e4rt program f\u00f6r dagarna<\/h4>\n<p><strong>13 januari, fredag<br \/>\n<\/strong><\/p>\n<p>Vi m\u00f6ts p\u00e5 caf\u00e9 Selma, F\u00f6reningsgatan 43 &#8211; <a href=\"http:\/\/g.co\/maps\/893uk\" target=\"_blank\">l\u00e4nk till karta<\/a><br \/>\n13.00 \u2013 15.00 V\u00e4lkomna, intro till dagarna och presentation av oss som \u00e4r p\u00e5 plats. Uppdateringar och input!<\/p>\n<p>15.00 &#8211; 16.00\u00a0 Paus med promenad genom staden<\/p>\n<p>16.00 \u2013 18.00 <a title=\"Id\u00e9mingel p\u00e5 Simpan\" href=\"http:\/\/samhallsentreprenor.glokala.net\/she2\/2012\/01\/idemingel-pa-simpan\/\">Id\u00e9mingel p\u00e5 caf\u00e9 Simpan<\/a>, Simrishamnsgatan 3 vid M\u00f6llev\u00e5ngstorget. M\u00f6jlighet att presentera id\u00e9er och resonemang. Vi har bjudit in brett!<\/p>\n<p>Kv\u00e4llen &#8211; \u00f6ppet f\u00f6r f\u00f6rslag<\/p>\n<p><strong>14 januari, l\u00f6rdag<br \/>\n<\/strong><\/p>\n<p>Sal 12, Sofielunds Folkets Hus, Rolfsgatan 16<\/p>\n<p>10.00 \u2013 14.00 Id\u00e9er i gruppen och direkt feedback. Tid f\u00f6r var och en att presentera utvecklingen i projekt\/initiativ.<\/p>\n<p>14.00 \u2013 15.00 Lunch<\/p>\n<p>15.00 \u2013 16.00 Inspiration\/aktivitet<\/p>\n<p>16.00 \u2013 18.00 \u00d6versikt f\u00f6r v\u00e5ren, planering och arbetsformer. Utv\u00e4rdering av dagarna.<\/p>\n<p>&#8211; \u2013 &#8211; \u2013 &#8211; \u2013 &#8211; \u2013 &#8211; \u2013 &#8211; \u2013 &#8211; \u2013 &#8211; \u2013 &#8211; \u2013 &#8211; \u2013 &#8211; \u2013 &#8211; \u2013 &#8211; \u2013 &#8211; \u2013 &#8211; &#8211;<\/p>\n","protected":false},"excerpt":{"rendered":"<p>Hej! H\u00e4r \u00e4r ett prelimin\u00e4rt program f\u00f6r dagar tillsammans i Malm\u00f6. Reseers\u00e4ttning: F\u00f6r l\u00e4ngre resor ger vi st\u00f6d upp till 500 kr. Boende: Ordnas p\u00e5 egen hand. H\u00f6r av dig om du beh\u00f6ver tips. Mat: Vi bjuder p\u00e5 lunch som start under fredagen och f\u00f6rmiddagsfika p\u00e5 l\u00f6rdagen. Anm\u00e4lan, fr\u00e5gor: Skriv eller ring g\u00e4rna om du [&hellip;]<\/p>\n","protected":false},"author":1001021,"featured_media":0,"parent":0,"menu_order":0,"comment_status":"open","ping_status":"open","template":"","meta":{"_bbp_topic_count":0,"_bbp_reply_count":0,"_bbp_total_topic_count":0,"_bbp_total_reply_count":0,"_bbp_voice_count":0,"_bbp_anonymous_reply_count":0,"_bbp_topic_count_hidden":0,"_bbp_reply_count_hidden":0,"_bbp_forum_subforum_count":0,"footnotes":""},"class_list":["post-413","page","type-page","status-publish","hentry"],"jetpack_sharing_enabled":true,"_links":{"self":[{"href":"https:\/\/samhallsentreprenor.glokala.net\/she2\/wp-json\/wp\/v2\/pages\/413","targetHints":{"allow":["GET"]}}],"collection":[{"href":"https:\/\/samhallsentreprenor.glokala.net\/she2\/wp-json\/wp\/v2\/pages"}],"about":[{"href":"https:\/\/samhallsentreprenor.glokala.net\/she2\/wp-json\/wp\/v2\/types\/page"}],"author":[{"embeddable":true,"href":"https:\/\/samhallsentreprenor.glokala.net\/she2\/wp-json\/wp\/v2\/users\/1001021"}],"replies":[{"embeddable":true,"href":"https:\/\/samhallsentreprenor.glokala.net\/she2\/wp-json\/wp\/v2\/comments?post=413"}],"version-history":[{"count":3,"href":"https:\/\/samhallsentreprenor.glokala.net\/she2\/wp-json\/wp\/v2\/pages\/413\/revisions"}],"predecessor-version":[{"id":425,"href":"https:\/\/samhallsentreprenor.glokala.net\/she2\/wp-json\/wp\/v2\/pages\/413\/revisions\/425"}],"wp:attachment":[{"href":"https:\/\/samhallsentreprenor.glokala.net\/she2\/wp-json\/wp\/v2\/media?parent=413"}],"curies":[{"name":"wp","href":"https:\/\/api.w.org\/{rel}","templated":true}]}}