{"id":4946,"date":"2017-02-03T14:28:06","date_gmt":"2017-02-03T13:28:06","guid":{"rendered":"http:\/\/samhallsentreprenor.glokala.net\/she2\/?page_id=4946"},"modified":"2017-02-06T12:27:31","modified_gmt":"2017-02-06T11:27:31","slug":"internattraff-17-18-februari","status":"publish","type":"page","link":"https:\/\/samhallsentreprenor.glokala.net\/she2\/internattraff-17-18-februari\/","title":{"rendered":"Internattr\u00e4ff 17-18 februari"},"content":{"rendered":"<p>Den 17-18 februari ses vi p\u00e5 kursens andra internattr\u00e4ff i Malm\u00f6.<\/p>\n<p>Vi kommer att jobba kring utvecklingen i era initiativ\/projekt, planera f\u00f6r v\u00e5ren i kursen och inspireras av m\u00f6tet med n\u00e5gon akt\u00f6r i Malm\u00f6. Vi kommer ocks\u00e5 att ha en liten verkstad med Sara Stiber som \u00e4r webbdesigner och kan ge tips och r\u00e5d kring hemsidor och grafiska profiler.<\/p>\n<p><strong>Tidsramar:<\/strong><br \/>\nFredag 17 februari kl 12 &#8211; 18<br \/>\nL\u00f6rdag 18 februari kl 9 &#8211; 15<\/p>\n<p><strong>Praktiskt:<\/strong><br \/>\nDu bokar och betalar sj\u00e4lv din resa till Malm\u00f6 men mot inl\u00e4mning av kvitto\/biljett kan du f\u00e5 reseers\u00e4ttning upp till 750 kr.<\/p>\n<p>Vi bjuder p\u00e5 lunch och fika p\u00e5 fredagen. P\u00e5 l\u00f6rdagen st\u00e5r du sj\u00e4lv f\u00f6r lunchen medan vi bjuder p\u00e5 frukost.<\/p>\n<p>Meddela din medverkan i tr\u00e4ffen s\u00e5 snart som m\u00f6jligt men senast torsdag den 2 februari genom att maila Emma p\u00e5 emma@glokala.org.<\/p>\n<h2>Program: Internat 17 \u2013 18 februari, Malm\u00f6<\/h2>\n<h3>Fredag 17 februari<\/h3>\n<p>Plats: Vi startar i restaurangen p\u00e5 Sofielunds Folkets Hus, Rolfsgatan 16. Karta: <a href=\"http:\/\/goo.gl\/maps\/yRB3n\" target=\"_blank\">http:\/\/goo.gl\/maps\/yRB3n<\/a><\/p>\n<p>12.00 V\u00e4lkomna, med lunch! (Sofielunds Folkets Hus)<\/p>\n<p>13.15 Bes\u00f6k hos <strong><a href=\"https:\/\/www.facebook.com\/yallasofielund\/\" target=\"_blank\">Yalla Sofielund<\/a><\/strong>. Nobelv\u00e4gen 23.<\/p>\n<p>\u201dEtt jobbskaparinitiativ som utvecklar id\u00e9er och m\u00f6jligheter till arbete och socialt f\u00f6retagande.\u201d<\/p>\n<p>Se videoklipp: <a href=\"http:\/\/www.svt.se\/nyheter\/lokalt\/skane\/kunskapscenter-ska-fa-ut-arbetslosa-i-yrkeslivet\">\u201dNy hubb ska f\u00e5 ut arbetsl\u00f6sa i yrkeslivet\u201d \u2192<br \/>\n<\/a><a href=\"http:\/\/malmo.se\/Kommun--politik\/Organisation\/Stadsomradesforvaltningar\/Stadsomradesforvaltning-Innerstaden\/Stadsomradesforvaltning\/Omradesutveckling\/Yalla-Sofielund.html\" target=\"_blank\">L\u00e4s ocks\u00e5 mer h\u00e4r \u2192<\/a><\/p>\n<p><img data-recalc-dims=\"1\" loading=\"lazy\" decoding=\"async\" class=\"alignnone size-medium wp-image-196\" src=\"https:\/\/i0.wp.com\/samhallsentreprenor.glokala.net\/2016-2017\/wp-content\/uploads\/2016\/08\/13932801_1240288342648362_8097450554113458716_n-600x222.jpg?resize=600%2C222\" sizes=\"auto, (max-width: 600px) 100vw, 600px\" srcset=\"http:\/\/samhallsentreprenor.glokala.net\/2016-2017\/wp-content\/uploads\/2016\/08\/13932801_1240288342648362_8097450554113458716_n-600x222.jpg 600w, http:\/\/samhallsentreprenor.glokala.net\/2016-2017\/wp-content\/uploads\/2016\/08\/13932801_1240288342648362_8097450554113458716_n-768x284.jpg 768w, http:\/\/samhallsentreprenor.glokala.net\/2016-2017\/wp-content\/uploads\/2016\/08\/13932801_1240288342648362_8097450554113458716_n-624x231.jpg 624w, http:\/\/samhallsentreprenor.glokala.net\/2016-2017\/wp-content\/uploads\/2016\/08\/13932801_1240288342648362_8097450554113458716_n-750x278.jpg 750w, http:\/\/samhallsentreprenor.glokala.net\/2016-2017\/wp-content\/uploads\/2016\/08\/13932801_1240288342648362_8097450554113458716_n.jpg 851w\" alt=\"13932801_1240288342648362_8097450554113458716_n\" width=\"600\" height=\"222\" data-attachment-id=\"196\" data-permalink=\"http:\/\/samhallsentreprenor.glokala.net\/2016-2017\/modul-1\/internat-1-12-13-september\/attachment\/13932801_1240288342648362_8097450554113458716_n\/\" data-orig-file=\"http:\/\/samhallsentreprenor.glokala.net\/2016-2017\/wp-content\/uploads\/2016\/08\/13932801_1240288342648362_8097450554113458716_n.jpg\" data-orig-size=\"851,315\" data-comments-opened=\"1\" data-image-meta=\"{&quot;aperture&quot;:&quot;0&quot;,&quot;credit&quot;:&quot;&quot;,&quot;camera&quot;:&quot;&quot;,&quot;caption&quot;:&quot;&quot;,&quot;created_timestamp&quot;:&quot;0&quot;,&quot;copyright&quot;:&quot;&quot;,&quot;focal_length&quot;:&quot;0&quot;,&quot;iso&quot;:&quot;0&quot;,&quot;shutter_speed&quot;:&quot;0&quot;,&quot;title&quot;:&quot;&quot;,&quot;orientation&quot;:&quot;0&quot;}\" data-image-title=\"13932801_1240288342648362_8097450554113458716_n\" data-image-description=\"\" data-medium-file=\"http:\/\/samhallsentreprenor.glokala.net\/2016-2017\/wp-content\/uploads\/2016\/08\/13932801_1240288342648362_8097450554113458716_n-600x222.jpg\" data-large-file=\"http:\/\/samhallsentreprenor.glokala.net\/2016-2017\/wp-content\/uploads\/2016\/08\/13932801_1240288342648362_8097450554113458716_n.jpg\" \/><\/p>\n<p>14.30 &#8211; 15.15 Bes\u00f6k p\u00e5 <a href=\"http:\/\/stpln.se\/\" target=\"_blank\">Stpln<\/a><\/p>\n<p><a href=\"http:\/\/stpln.se\/\" target=\"_blank\"><img data-recalc-dims=\"1\" loading=\"lazy\" decoding=\"async\" class=\"alignnone size-full wp-image-4959\" src=\"https:\/\/i0.wp.com\/samhallsentreprenor.glokala.net\/she2\/wp-content\/uploads\/2017\/02\/stpln.png?resize=1109%2C638\" alt=\"\" width=\"1109\" height=\"638\" srcset=\"https:\/\/i0.wp.com\/samhallsentreprenor.glokala.net\/she2\/wp-content\/uploads\/2017\/02\/stpln.png?w=1109&amp;ssl=1 1109w, https:\/\/i0.wp.com\/samhallsentreprenor.glokala.net\/she2\/wp-content\/uploads\/2017\/02\/stpln.png?resize=400%2C230&amp;ssl=1 400w, https:\/\/i0.wp.com\/samhallsentreprenor.glokala.net\/she2\/wp-content\/uploads\/2017\/02\/stpln.png?resize=768%2C442&amp;ssl=1 768w, https:\/\/i0.wp.com\/samhallsentreprenor.glokala.net\/she2\/wp-content\/uploads\/2017\/02\/stpln.png?resize=1024%2C589&amp;ssl=1 1024w, https:\/\/i0.wp.com\/samhallsentreprenor.glokala.net\/she2\/wp-content\/uploads\/2017\/02\/stpln.png?resize=624%2C359&amp;ssl=1 624w, https:\/\/i0.wp.com\/samhallsentreprenor.glokala.net\/she2\/wp-content\/uploads\/2017\/02\/stpln.png?resize=750%2C431&amp;ssl=1 750w\" sizes=\"auto, (max-width: 1000px) 100vw, 1000px\" \/><\/a><\/p>\n<p>15.15 &#8211; ca 17.30 Fokus p\u00e5 utvecklingen i initiativ\/projekt (i m\u00f6tesrum p\u00e5 Stpln) + medverkan via Skype<br \/>\nPresentationer och gemensam feedback. F\u00f6rbered fr\u00e5gor, saker du funderar \u00f6ver i utveckling, som du g\u00e4rna vill f\u00e5 input p\u00e5.<\/p>\n<p>\/\/ Fri kv\u00e4ll! \/\/<\/p>\n<h3>L\u00f6rdag 18 februari<\/h3>\n<p>Samling i \u201dUnderverket\u201d, ing\u00e5ng genom garagenedfart i korsningen Hasselgatan och Bokgatan. Karta: <a href=\"https:\/\/goo.gl\/maps\/3kiumpm6qDv\">https:\/\/goo.gl\/maps\/3kiumpm6qDv<\/a><\/p>\n<p>9.00 Fika och reflektion: Vilken tid \u00e4r det i v\u00e4rlden?<\/p>\n<p>10.00 Kursplanering \u2013 inf\u00f6r v\u00e5rens moment i kursen<\/p>\n<p>11.30 Lunch, m\u00f6te med Sara Stiber som ber\u00e4ttar om ett nystartat Arvsfondsprojekt<\/p>\n<p>12.45 &#8211; 14.30 Verkstad med Sara Stiber om grafisk kommunikation och webb. (m\u00f6jlighet att delta per Skype)<br \/>\nTa g\u00e4rna med dig fr\u00e5gor du har om kommunikation kopplat till ditt initiativ.<br \/>\nM\u00f6jlighet finns \u00e4ven att jobba praktiskt med kursmoment som sl\u00e4par efter.<\/p>\n<p>14.30 Avslutning f\u00f6r dagarna<\/p>\n","protected":false},"excerpt":{"rendered":"<p>Den 17-18 februari ses vi p\u00e5 kursens andra internattr\u00e4ff i Malm\u00f6. Vi kommer att jobba kring utvecklingen i era initiativ\/projekt, planera f\u00f6r v\u00e5ren i kursen och inspireras av m\u00f6tet med n\u00e5gon akt\u00f6r i Malm\u00f6. Vi kommer ocks\u00e5 att ha en liten verkstad med Sara Stiber som \u00e4r webbdesigner och kan ge tips och r\u00e5d kring [&hellip;]<\/p>\n","protected":false},"author":1001021,"featured_media":0,"parent":0,"menu_order":0,"comment_status":"open","ping_status":"closed","template":"","meta":{"_bbp_topic_count":0,"_bbp_reply_count":0,"_bbp_total_topic_count":0,"_bbp_total_reply_count":0,"_bbp_voice_count":0,"_bbp_anonymous_reply_count":0,"_bbp_topic_count_hidden":0,"_bbp_reply_count_hidden":0,"_bbp_forum_subforum_count":0,"footnotes":""},"class_list":["post-4946","page","type-page","status-publish","hentry"],"jetpack_sharing_enabled":true,"_links":{"self":[{"href":"https:\/\/samhallsentreprenor.glokala.net\/she2\/wp-json\/wp\/v2\/pages\/4946","targetHints":{"allow":["GET"]}}],"collection":[{"href":"https:\/\/samhallsentreprenor.glokala.net\/she2\/wp-json\/wp\/v2\/pages"}],"about":[{"href":"https:\/\/samhallsentreprenor.glokala.net\/she2\/wp-json\/wp\/v2\/types\/page"}],"author":[{"embeddable":true,"href":"https:\/\/samhallsentreprenor.glokala.net\/she2\/wp-json\/wp\/v2\/users\/1001021"}],"replies":[{"embeddable":true,"href":"https:\/\/samhallsentreprenor.glokala.net\/she2\/wp-json\/wp\/v2\/comments?post=4946"}],"version-history":[{"count":3,"href":"https:\/\/samhallsentreprenor.glokala.net\/she2\/wp-json\/wp\/v2\/pages\/4946\/revisions"}],"predecessor-version":[{"id":4960,"href":"https:\/\/samhallsentreprenor.glokala.net\/she2\/wp-json\/wp\/v2\/pages\/4946\/revisions\/4960"}],"wp:attachment":[{"href":"https:\/\/samhallsentreprenor.glokala.net\/she2\/wp-json\/wp\/v2\/media?parent=4946"}],"curies":[{"name":"wp","href":"https:\/\/api.w.org\/{rel}","templated":true}]}}

Internatträff 17-18 februari

<p>Den 17-18 februari ses vi på kursens andra internatträff i Malmö.</p>
<p>Vi kommer att jobba kring utvecklingen i era initiativ/projekt, planera för våren i kursen och inspireras av mötet med någon aktör i Malmö. Vi kommer också att ha en liten verkstad med Sara Stiber som är webbdesigner och kan ge tips och råd kring hemsidor och grafiska profiler.</p>
<p><strong>Tidsramar:</strong><br />
Fredag 17 februari kl 12 &#8211; 18<br />
Lördag 18 februari kl 9 &#8211; 15</p>
<p><strong>Praktiskt:</strong><br />
Du bokar och betalar själv din resa till Malmö men mot inlämning av kvitto/biljett kan du få reseersättning upp till 750 kr.</p>
<p>Vi bjuder på lunch och fika på fredagen. På lördagen står du själv för lunchen medan vi bjuder på frukost.</p>
<p>Meddela din medverkan i träffen så snart som möjligt men senast torsdag den 2 februari genom att maila Emma på emma@glokala.org.</p>
<h2>Program: Internat 17 – 18 februari, Malmö</h2>
<h3>Fredag 17 februari</h3>
<p>Plats: Vi startar i restaurangen på Sofielunds Folkets Hus, Rolfsgatan 16. Karta: <a href="http://goo.gl/maps/yRB3n" target="_blank">http://goo.gl/maps/yRB3n</a></p>
<p>12.00 Välkomna, med lunch! (Sofielunds Folkets Hus)</p>
<p>13.15 Besök hos <strong><a href="https://www.facebook.com/yallasofielund/" target="_blank">Yalla Sofielund</a></strong>. Nobelvägen 23.</p>
<p>”Ett jobbskaparinitiativ som utvecklar idéer och möjligheter till arbete och socialt företagande.”</p>
<p>Se videoklipp: <a href="http://www.svt.se/nyheter/lokalt/skane/kunskapscenter-ska-fa-ut-arbetslosa-i-yrkeslivet">”Ny hubb ska få ut arbetslösa i yrkeslivet” →<br />
</a><a href="http://malmo.se/Kommun--politik/Organisation/Stadsomradesforvaltningar/Stadsomradesforvaltning-Innerstaden/Stadsomradesforvaltning/Omradesutveckling/Yalla-Sofielund.html" target="_blank">Läs också mer här →</a></p>
<p><img data-recalc-dims="1" loading="lazy" decoding="async" class="alignnone size-medium wp-image-196" src="https://i0.wp.com/samhallsentreprenor.glokala.net/2016-2017/wp-content/uploads/2016/08/13932801_1240288342648362_8097450554113458716_n-600x222.jpg?resize=600%2C222" sizes="auto, (max-width: 600px) 100vw, 600px" srcset="http://samhallsentreprenor.glokala.net/2016-2017/wp-content/uploads/2016/08/13932801_1240288342648362_8097450554113458716_n-600x222.jpg 600w, http://samhallsentreprenor.glokala.net/2016-2017/wp-content/uploads/2016/08/13932801_1240288342648362_8097450554113458716_n-768x284.jpg 768w, http://samhallsentreprenor.glokala.net/2016-2017/wp-content/uploads/2016/08/13932801_1240288342648362_8097450554113458716_n-624x231.jpg 624w, http://samhallsentreprenor.glokala.net/2016-2017/wp-content/uploads/2016/08/13932801_1240288342648362_8097450554113458716_n-750x278.jpg 750w, http://samhallsentreprenor.glokala.net/2016-2017/wp-content/uploads/2016/08/13932801_1240288342648362_8097450554113458716_n.jpg 851w" alt="13932801_1240288342648362_8097450554113458716_n" width="600" height="222" data-attachment-id="196" data-permalink="http://samhallsentreprenor.glokala.net/2016-2017/modul-1/internat-1-12-13-september/attachment/13932801_1240288342648362_8097450554113458716_n/" data-orig-file="http://samhallsentreprenor.glokala.net/2016-2017/wp-content/uploads/2016/08/13932801_1240288342648362_8097450554113458716_n.jpg" data-orig-size="851,315" data-comments-opened="1" data-image-meta="{&quot;aperture&quot;:&quot;0&quot;,&quot;credit&quot;:&quot;&quot;,&quot;camera&quot;:&quot;&quot;,&quot;caption&quot;:&quot;&quot;,&quot;created_timestamp&quot;:&quot;0&quot;,&quot;copyright&quot;:&quot;&quot;,&quot;focal_length&quot;:&quot;0&quot;,&quot;iso&quot;:&quot;0&quot;,&quot;shutter_speed&quot;:&quot;0&quot;,&quot;title&quot;:&quot;&quot;,&quot;orientation&quot;:&quot;0&quot;}" data-image-title="13932801_1240288342648362_8097450554113458716_n" data-image-description="" data-medium-file="http://samhallsentreprenor.glokala.net/2016-2017/wp-content/uploads/2016/08/13932801_1240288342648362_8097450554113458716_n-600x222.jpg" data-large-file="http://samhallsentreprenor.glokala.net/2016-2017/wp-content/uploads/2016/08/13932801_1240288342648362_8097450554113458716_n.jpg" /></p>
<p>14.30 &#8211; 15.15 Besök på <a href="http://stpln.se/" target="_blank">Stpln</a></p>
<p><a href="http://stpln.se/" target="_blank"><img data-recalc-dims="1" loading="lazy" decoding="async" class="alignnone size-full wp-image-4959" src="https://i0.wp.com/samhallsentreprenor.glokala.net/she2/wp-content/uploads/2017/02/stpln.png?resize=1109%2C638" alt="" width="1109" height="638" srcset="https://i0.wp.com/samhallsentreprenor.glokala.net/she2/wp-content/uploads/2017/02/stpln.png?w=1109&amp;ssl=1 1109w, https://i0.wp.com/samhallsentreprenor.glokala.net/she2/wp-content/uploads/2017/02/stpln.png?resize=400%2C230&amp;ssl=1 400w, https://i0.wp.com/samhallsentreprenor.glokala.net/she2/wp-content/uploads/2017/02/stpln.png?resize=768%2C442&amp;ssl=1 768w, https://i0.wp.com/samhallsentreprenor.glokala.net/she2/wp-content/uploads/2017/02/stpln.png?resize=1024%2C589&amp;ssl=1 1024w, https://i0.wp.com/samhallsentreprenor.glokala.net/she2/wp-content/uploads/2017/02/stpln.png?resize=624%2C359&amp;ssl=1 624w, https://i0.wp.com/samhallsentreprenor.glokala.net/she2/wp-content/uploads/2017/02/stpln.png?resize=750%2C431&amp;ssl=1 750w" sizes="auto, (max-width: 1000px) 100vw, 1000px" /></a></p>
<p>15.15 &#8211; ca 17.30 Fokus på utvecklingen i initiativ/projekt (i mötesrum på Stpln) + medverkan via Skype<br />
Presentationer och gemensam feedback. Förbered frågor, saker du funderar över i utveckling, som du gärna vill få input på.</p>
<p>// Fri kväll! //</p>
<h3>Lördag 18 februari</h3>
<p>Samling i ”Underverket”, ingång genom garagenedfart i korsningen Hasselgatan och Bokgatan. Karta: <a href="https://goo.gl/maps/3kiumpm6qDv">https://goo.gl/maps/3kiumpm6qDv</a></p>
<p>9.00 Fika och reflektion: Vilken tid är det i världen?</p>
<p>10.00 Kursplanering – inför vårens moment i kursen</p>
<p>11.30 Lunch, möte med Sara Stiber som berättar om ett nystartat Arvsfondsprojekt</p>
<p>12.45 &#8211; 14.30 Verkstad med Sara Stiber om grafisk kommunikation och webb. (möjlighet att delta per Skype)<br />
Ta gärna med dig frågor du har om kommunikation kopplat till ditt initiativ.<br />
Möjlighet finns även att jobba praktiskt med kursmoment som släpar efter.</p>
<p>14.30 Avslutning för dagarna</p>

<p>Den 17-18 februari ses vi på kursens andra internatträff i Malmö. Vi kommer att jobba kring utvecklingen i era initiativ/projekt, planera för våren i kursen och inspireras av mötet med någon aktör i Malmö. Vi kommer också att ha en liten verkstad med Sara Stiber som är webbdesigner och kan ge tips och råd kring [&hellip;]</p>
