{"id":5090,"date":"2017-03-29T09:11:16","date_gmt":"2017-03-29T07:11:16","guid":{"rendered":"http:\/\/samhallsentreprenor.glokala.net\/she2\/?page_id=5090"},"modified":"2017-04-20T14:42:31","modified_gmt":"2017-04-20T12:42:31","slug":"internattraff-i-malmo-22-23-april","status":"publish","type":"page","link":"https:\/\/samhallsentreprenor.glokala.net\/she2\/internattraff-i-malmo-22-23-april\/","title":{"rendered":"Internattr\u00e4ff i Malm\u00f6 22-23 april"},"content":{"rendered":"<p>Kursens tredje tr\u00e4ff p\u00e5 plats i Malm\u00f6 n\u00e4rmar sig!<\/p>\n<p><strong>Tidsramar:<\/strong><br \/>\nL\u00f6rdag 22 april kl 12 \u2013 17<br \/>\nS\u00f6ndag 23 april kl 10 \u2013 15<\/p>\n<p><strong>Praktiskt<\/strong>:<br \/>\n\u2192 Vi bjuder p\u00e5 matig fika b\u00e5da dagarna. Skriv till oss om du har matpreferenser ut\u00f6ver veganskt.<br \/>\n\u2192 Resa till Malm\u00f6: F\u00f6r l\u00e4ngre resor ger vi ett st\u00f6d f\u00f6r kostnader upp till 750 kr, mot kvitto\/biljetter.<br \/>\n<strong>\u2192 Meddela din medverkan<\/strong> i tr\u00e4ffen till August eller Fatuma.<\/p>\n<p><strong>Medverkan via Skype<\/strong> &#8211; f\u00f6r den\/de som inte kan vara med p\u00e5 plats kopplar vi upp p\u00e5 skype f\u00f6ljande pass:<br \/>\n&#8211; L\u00f6rdag 12.45 Presentationer F\u00f6rdjupning &#8211; Mitt sammanhang<br \/>\n&#8211; L\u00f6rdag 14.30 Samtal med Joakim Grina<br \/>\n&#8211; L\u00f6rdag 15.30 Utvecklingen i initiativ\/projekt<br \/>\n&#8211; S\u00f6ndag 10.15 Samtal om textkompendiet<\/p>\n<h3>L\u00f6rdag 22 april<\/h3>\n<p><img data-recalc-dims=\"1\" loading=\"lazy\" decoding=\"async\" class=\"alignright wp-image-5149\" src=\"https:\/\/i0.wp.com\/samhallsentreprenor.glokala.net\/she2\/wp-content\/uploads\/2017\/03\/Suellska-villan-sigill.jpg?resize=381%2C386\" alt=\"\" width=\"381\" height=\"386\" srcset=\"https:\/\/i0.wp.com\/samhallsentreprenor.glokala.net\/she2\/wp-content\/uploads\/2017\/03\/Suellska-villan-sigill.jpg?w=580&amp;ssl=1 580w, https:\/\/i0.wp.com\/samhallsentreprenor.glokala.net\/she2\/wp-content\/uploads\/2017\/03\/Suellska-villan-sigill.jpg?resize=395%2C400&amp;ssl=1 395w\" sizes=\"auto, (max-width: 381px) 100vw, 381px\" \/>Plats: <a href=\"http:\/\/www.suellskavillan.se\/\" target=\"_blank\">Suellska Villan<\/a>, Barkgatan 15 vid Folkets park. Karta: <a href=\"https:\/\/goo.gl\/maps\/TkXjkuBXRMy\" target=\"_blank\">https:\/\/goo.gl\/maps\/TkXjkuBXRMy<\/a><em><br \/>\n<\/em><\/p>\n<p>12.00 V\u00e4lkomna, med matig fika!<\/p>\n<p>12.45<strong> Presentationer: <a href=\"http:\/\/samhallsentreprenor.glokala.net\/she2\/2017\/03\/uppgift-fordjupning-mitt-sammanhang-2\/\">F\u00f6rdjupning \u2013 Mitt sammanhang<\/a><\/strong><br \/>\nF\u00f6rbered en presentation p\u00e5 ca 10-15 minuter om din valda f\u00f6rdjupning, d\u00e4r du ber\u00e4ttar om temat och dina reflektioner kring det. <a href=\"http:\/\/samhallsentreprenor.glokala.net\/she2\/2017\/03\/uppgift-fordjupning-mitt-sammanhang-2\/\">Mer info om uppgiften \u2192<\/a><\/p>\n<p>\/\/ Paus \/\/<\/p>\n<p>14.30 &#8211; 15.30 <strong>Fika och samtal med inbjudan g\u00e4st: Joakim Grina<\/strong><br \/>\nJoakim Grina arbetar som f\u00f6retagsutvecklare p\u00e5 Coompanion Sk\u00e5ne, och \u00e4r en av medarbetarna i projektet <a href=\"http:\/\/socialinnovationskane.se\/\" target=\"_blank\">Social Innovation Sk\u00e5ne.<\/a> Han jobbar \u00e4ven i <a href=\"https:\/\/www.facebook.com\/INitiativetLund\/\" target=\"_blank\">ESF-projektet INitiativet Lund<\/a> som syftar till att etablera socialt arbetsintegrerande f\u00f6retag i Lund.<\/p>\n<p>15.30 &#8211; 17.00 <strong>Fokus p\u00e5 utvecklingen i initiativ\/projekt:<\/strong> Presentationer och gemensam feedback. F\u00f6rbered fr\u00e5gor, saker du funderar \u00f6ver i utveckling, som du g\u00e4rna vill f\u00e5 input p\u00e5.<\/p>\n<p>\u2013 Fri kv\u00e4ll! \u2013<\/p>\n<h3>S\u00f6ndag 23 april<\/h3>\n<p>Samling i \u201dUnderverket\u201d, ing\u00e5ng genom garagenedfart i korsningen Hasselgatan och Bokgatan. Karta: <a href=\"https:\/\/goo.gl\/maps\/3kiumpm6qDv\">https:\/\/goo.gl\/maps\/3kiumpm6qDv<\/a><\/p>\n<p>10.00 &#8211; 11.30 <strong>Samtal om textkompendiet.<\/strong> <a href=\"http:\/\/samhallsentreprenor.glokala.net\/she2\/2017\/03\/text-kompendium\/\" target=\"_blank\">Mer om texterna och fr\u00e5gor till l\u00e4sningen \u2192<\/a><\/p>\n<p>\/\/ Promenad och inhandling av lunch \/\/<\/p>\n<p>12.30 &#8211; 13.30 <strong>Lunch och eventuellt samtal<\/strong> med inbjuden g\u00e4st<\/p>\n<p>13.30 &#8211; 14.30 <strong>Bes\u00f6k p\u00e5 utst\u00e4llningarna <\/strong><a href=\"http:\/\/www.modernamuseet.se\/malmo\/sv\/utstallningar\/annika-eriksson\/\" target=\"_blank\"><strong>The Social<\/strong> (Annika Eriksson)<\/a> och <a href=\"http:\/\/www.modernamuseet.se\/malmo\/sv\/utstallningar\/malmo-brinner\/\" target=\"_blank\"><strong>Malm\u00f6 brinner<\/strong><\/a> (Moderna Museet)<\/p>\n<p><a href=\"http:\/\/www.modernamuseet.se\/malmo\/sv\/utstallningar\/annika-eriksson\/\" target=\"_blank\"><img data-recalc-dims=\"1\" loading=\"lazy\" decoding=\"async\" class=\"alignnone wp-image-5148\" src=\"https:\/\/i0.wp.com\/samhallsentreprenor.glokala.net\/she2\/wp-content\/uploads\/2017\/03\/eriksson-annika_installationsvy-the-social_2017_mm_1500x1197-1440x1149-1024x817.jpg?resize=524%2C418\" alt=\"\" width=\"524\" height=\"418\" srcset=\"https:\/\/i0.wp.com\/samhallsentreprenor.glokala.net\/she2\/wp-content\/uploads\/2017\/03\/eriksson-annika_installationsvy-the-social_2017_mm_1500x1197-1440x1149.jpg?resize=1024%2C817&amp;ssl=1 1024w, https:\/\/i0.wp.com\/samhallsentreprenor.glokala.net\/she2\/wp-content\/uploads\/2017\/03\/eriksson-annika_installationsvy-the-social_2017_mm_1500x1197-1440x1149.jpg?resize=400%2C319&amp;ssl=1 400w, https:\/\/i0.wp.com\/samhallsentreprenor.glokala.net\/she2\/wp-content\/uploads\/2017\/03\/eriksson-annika_installationsvy-the-social_2017_mm_1500x1197-1440x1149.jpg?resize=768%2C613&amp;ssl=1 768w, https:\/\/i0.wp.com\/samhallsentreprenor.glokala.net\/she2\/wp-content\/uploads\/2017\/03\/eriksson-annika_installationsvy-the-social_2017_mm_1500x1197-1440x1149.jpg?resize=624%2C498&amp;ssl=1 624w, https:\/\/i0.wp.com\/samhallsentreprenor.glokala.net\/she2\/wp-content\/uploads\/2017\/03\/eriksson-annika_installationsvy-the-social_2017_mm_1500x1197-1440x1149.jpg?resize=750%2C598&amp;ssl=1 750w, https:\/\/i0.wp.com\/samhallsentreprenor.glokala.net\/she2\/wp-content\/uploads\/2017\/03\/eriksson-annika_installationsvy-the-social_2017_mm_1500x1197-1440x1149.jpg?resize=1440%2C1149&amp;ssl=1 1440w\" sizes=\"auto, (max-width: 524px) 100vw, 524px\" \/><\/a><\/p>\n<p>14.30 <strong>Reflektion kring dagarna<\/strong> och fram\u00e5tblickande<\/p>\n","protected":false},"excerpt":{"rendered":"<p>Kursens tredje tr\u00e4ff p\u00e5 plats i Malm\u00f6 n\u00e4rmar sig! Tidsramar: L\u00f6rdag 22 april kl 12 \u2013 17 S\u00f6ndag 23 april kl 10 \u2013 15 Praktiskt: \u2192 Vi bjuder p\u00e5 matig fika b\u00e5da dagarna. Skriv till oss om du har matpreferenser ut\u00f6ver veganskt. \u2192 Resa till Malm\u00f6: F\u00f6r l\u00e4ngre resor ger vi ett st\u00f6d f\u00f6r kostnader [&hellip;]<\/p>\n","protected":false},"author":1001021,"featured_media":0,"parent":0,"menu_order":0,"comment_status":"open","ping_status":"closed","template":"","meta":{"_bbp_topic_count":0,"_bbp_reply_count":0,"_bbp_total_topic_count":0,"_bbp_total_reply_count":0,"_bbp_voice_count":0,"_bbp_anonymous_reply_count":0,"_bbp_topic_count_hidden":0,"_bbp_reply_count_hidden":0,"_bbp_forum_subforum_count":0,"footnotes":""},"class_list":["post-5090","page","type-page","status-publish","hentry"],"jetpack_sharing_enabled":true,"_links":{"self":[{"href":"https:\/\/samhallsentreprenor.glokala.net\/she2\/wp-json\/wp\/v2\/pages\/5090","targetHints":{"allow":["GET"]}}],"collection":[{"href":"https:\/\/samhallsentreprenor.glokala.net\/she2\/wp-json\/wp\/v2\/pages"}],"about":[{"href":"https:\/\/samhallsentreprenor.glokala.net\/she2\/wp-json\/wp\/v2\/types\/page"}],"author":[{"embeddable":true,"href":"https:\/\/samhallsentreprenor.glokala.net\/she2\/wp-json\/wp\/v2\/users\/1001021"}],"replies":[{"embeddable":true,"href":"https:\/\/samhallsentreprenor.glokala.net\/she2\/wp-json\/wp\/v2\/comments?post=5090"}],"version-history":[{"count":5,"href":"https:\/\/samhallsentreprenor.glokala.net\/she2\/wp-json\/wp\/v2\/pages\/5090\/revisions"}],"predecessor-version":[{"id":5157,"href":"https:\/\/samhallsentreprenor.glokala.net\/she2\/wp-json\/wp\/v2\/pages\/5090\/revisions\/5157"}],"wp:attachment":[{"href":"https:\/\/samhallsentreprenor.glokala.net\/she2\/wp-json\/wp\/v2\/media?parent=5090"}],"curies":[{"name":"wp","href":"https:\/\/api.w.org\/{rel}","templated":true}]}}