{"id":5292,"date":"2017-08-15T14:28:37","date_gmt":"2017-08-15T12:28:37","guid":{"rendered":"http:\/\/samhallsentreprenor.glokala.net\/she2\/?page_id=5292"},"modified":"2017-08-15T14:28:37","modified_gmt":"2017-08-15T12:28:37","slug":"uppstart-planeringsfas","status":"publish","type":"page","link":"https:\/\/samhallsentreprenor.glokala.net\/she2\/uppstart-planeringsfas\/","title":{"rendered":"Uppstart &#038; planeringsfas"},"content":{"rendered":"<h4><b>28 aug &#8211; 24 sept<\/b><\/h4>\n<p>Vi startar upp kursen och planerar tillsammans inneh\u00e5ll, form och uppl\u00e4gg f\u00f6r kursen. Helgen 16-17 sept m\u00f6ts vi f\u00f6r kursens f\u00f6rsta tr\u00e4ff i Malm\u00f6.\u00a0Uppgifter: Presentation och F\u00f6rv\u00e4ntningar.<\/p>\n<p><img data-recalc-dims=\"1\" loading=\"lazy\" decoding=\"async\" class=\"size-medium wp-image-3825 aligncenter\" src=\"https:\/\/i0.wp.com\/samhallsentreprenor.glokala.net\/she2\/wp-content\/uploads\/2015\/10\/bild-Hannah-214x400.jpg?resize=214%2C400\" alt=\"\" width=\"214\" height=\"400\" \/><\/p>\n","protected":false},"excerpt":{"rendered":"<p>28 aug &#8211; 24 sept Vi startar upp kursen och planerar tillsammans inneh\u00e5ll, form och uppl\u00e4gg f\u00f6r kursen. Helgen 16-17 sept m\u00f6ts vi f\u00f6r kursens f\u00f6rsta tr\u00e4ff i Malm\u00f6.\u00a0Uppgifter: Presentation och F\u00f6rv\u00e4ntningar.<\/p>\n","protected":false},"author":1001020,"featured_media":0,"parent":0,"menu_order":0,"comment_status":"closed","ping_status":"closed","template":"","meta":{"_bbp_topic_count":0,"_bbp_reply_count":0,"_bbp_total_topic_count":0,"_bbp_total_reply_count":0,"_bbp_voice_count":0,"_bbp_anonymous_reply_count":0,"_bbp_topic_count_hidden":0,"_bbp_reply_count_hidden":0,"_bbp_forum_subforum_count":0,"footnotes":""},"class_list":["post-5292","page","type-page","status-publish","hentry"],"jetpack_sharing_enabled":true,"_links":{"self":[{"href":"https:\/\/samhallsentreprenor.glokala.net\/she2\/wp-json\/wp\/v2\/pages\/5292","targetHints":{"allow":["GET"]}}],"collection":[{"href":"https:\/\/samhallsentreprenor.glokala.net\/she2\/wp-json\/wp\/v2\/pages"}],"about":[{"href":"https:\/\/samhallsentreprenor.glokala.net\/she2\/wp-json\/wp\/v2\/types\/page"}],"author":[{"embeddable":true,"href":"https:\/\/samhallsentreprenor.glokala.net\/she2\/wp-json\/wp\/v2\/users\/1001020"}],"replies":[{"embeddable":true,"href":"https:\/\/samhallsentreprenor.glokala.net\/she2\/wp-json\/wp\/v2\/comments?post=5292"}],"version-history":[{"count":2,"href":"https:\/\/samhallsentreprenor.glokala.net\/she2\/wp-json\/wp\/v2\/pages\/5292\/revisions"}],"predecessor-version":[{"id":5294,"href":"https:\/\/samhallsentreprenor.glokala.net\/she2\/wp-json\/wp\/v2\/pages\/5292\/revisions\/5294"}],"wp:attachment":[{"href":"https:\/\/samhallsentreprenor.glokala.net\/she2\/wp-json\/wp\/v2\/media?parent=5292"}],"curies":[{"name":"wp","href":"https:\/\/api.w.org\/{rel}","templated":true}]}}