{"id":5516,"date":"2017-10-04T11:06:18","date_gmt":"2017-10-04T09:06:18","guid":{"rendered":"http:\/\/samhallsentreprenor.glokala.net\/she2\/?page_id=5516"},"modified":"2017-10-04T11:06:18","modified_gmt":"2017-10-04T09:06:18","slug":"boklasning-hosten","status":"publish","type":"page","link":"https:\/\/samhallsentreprenor.glokala.net\/she2\/boklasning-hosten\/","title":{"rendered":"Bokl\u00e4sning &#8211; h\u00f6sten"},"content":{"rendered":"<p><strong>Ett moment under h\u00f6sten blir att l\u00e4sa en bok eller ta del av n\u00e5got annat material som du \u00e4r nyfiken p\u00e5. Det kan handla om ett tema du vill unders\u00f6ka n\u00e4rmre eller l\u00e4ra dig mer om, direkt kopplat till det du jobbar med eller mer frist\u00e5ende.<\/strong><\/p>\n<p>Nedan ger vi f\u00f6rslag p\u00e5 litteratur som vi tror kan vara givande att f\u00f6rdjupa sig i. Men det \u00e4r ocks\u00e5 fritt fram att v\u00e4lja n\u00e5gon annan bok, eller material i annan form (artiklar, film, blogg&#8230;). Ett tips \u00e4r att v\u00e4lja ut delar att l\u00e4sa ur en bok \u2013 inte alla b\u00f6cker beh\u00f6ver ju l\u00e4sas fr\u00e5n p\u00e4rm till p\u00e4rm. Bolla g\u00e4rna med oss pedagoger om du \u00e4r fundersam!<\/p>\n<p><span style=\"text-decoration: underline;\">Ramar f\u00f6r bokl\u00e4sningen under h\u00f6sten:<\/span><\/p>\n<p>\u2192 <strong>Meddela ditt val<\/strong> av bok eller material med en kommentar till det h\u00e4r inl\u00e4gget, senast fredag <strong>13 oktober<\/strong>.<\/p>\n<p><strong>\u2192 Skriftlig eller inspelad reflektion<\/strong>. Inl\u00e4mning <strong>26 november<\/strong>.<br \/>\nTr\u00e5d i kursforumet:\u00a0<a href=\"http:\/\/samhallsentreprenor.glokala.net\/she2\/groups\/kursforum-2017-2018\/forum\/topic\/uppgift-boklasning-hosten-2\/#post-5522\" target=\"_blank\" rel=\"noopener\">http:\/\/samhallsentreprenor.glokala.net\/she2\/groups\/kursforum-2017-2018\/forum\/topic\/uppgift-boklasning-hosten-2\/#post-5522<\/a><br \/>\nSkriv eller spela in (ljud\/video) en reflektion kring boken\/materialet.<br \/>\nF\u00f6rslag till en struktur f\u00f6r reflektionen med dina tankar:<\/p>\n<ul>\n<li>Summera inneh\u00e5llet i korthet (vad handlar boken\/materialet om)<\/li>\n<li>Vilka nya perspektiv ger boken eller materialet?<\/li>\n<li>Hur relaterar boken eller materialet till det du utvecklar, finns det saker som du har praktisk anv\u00e4ndning av eller kan ta intryck av i ditt arbete?<\/li>\n<\/ul>\n<p><span style=\"text-decoration: underline;\">Inl\u00e4mning<\/span>: 26 november, i<a href=\"http:\/\/samhallsentreprenor.glokala.net\/she2\/groups\/kursforum-2017-2018\/forum\/topic\/uppgift-boklasning-hosten-2\/#post-5522\" target=\"_blank\" rel=\"noopener\"> kursforumet.<\/a><br \/>\n<span style=\"text-decoration: underline;\">Omfattning:<\/span> I text ca 3 000 &#8211; 5 000 tecken (inkl mellanrum), eller 5-10 minuter i ljud\/video.<\/p>\n<p><strong>\u2192 Skype-samtal<\/strong> utifr\u00e5n b\u00f6ckerna \/ materialet<br \/>\nUtifr\u00e5n v\u00e5ra reflektioner presenterar vi tankar, och diskuterar tillsammans. F\u00f6rbered dig genom att ta del av de andras reflektioner som l\u00e4ggs upp i forumet.<br \/>\n<span style=\"text-decoration: underline;\">Datum och tid:<\/span>\u00a0onsdagen<strong> 6\u00a0december<\/strong>, 19:00 &#8211; 20:30.<br \/>\n<span style=\"text-decoration: underline;\">Form:<\/span> Samtal via skype, vi planerar att endast anv\u00e4nda ljud. Kontakta oss om du har fr\u00e5gor tekniskt s\u00e5 f\u00f6rs\u00f6ker vi l\u00f6sa det.<br \/>\n<span style=\"text-decoration: underline;\">Bekr\u00e4fta att du kan vara med i samtalet:<\/span> Maila Annika med ditt skype-namn, eller skriv ett privat meddelande h\u00e4r p\u00e5 plattformen.<br \/>\nMeddela \u00e4ven om du skulle ha f\u00f6rhinder och inte har m\u00f6jlighet att vara med.<\/p>\n<p><span style=\"text-decoration: underline;\">Uppl\u00e4gg f\u00f6r samtalet:<\/span><\/p>\n<ul>\n<li>V\u00e4lkomna och introduktion till formen f\u00f6r samtalet. Vi lyssnar till en person\/bok i taget:<\/li>\n<li>Presentation av den bok eller det material du har l\u00e4st \/ tagit del av (5 min per person)<br \/>\nVad\u00a0 har du funnit intressant i l\u00e4sningen, vad har f\u00e5ngat dig?<\/li>\n<li>Diskussion utifr\u00e5n f\u00f6rberedd fr\u00e5ga fr\u00e5n l\u00e4saren, och kommentarer eller fr\u00e5gor kopplat till boken (10 min per person)<\/li>\n<\/ul>\n<p>F\u00f6rbered allts\u00e5 en kort presentation av den bok du har l\u00e4st och det du finner intressant, samt en fr\u00e5ga f\u00f6r diskussion.<\/p>\n<h2><strong>F\u00f6rslag p\u00e5 b\u00f6cker<\/strong><\/h2>\n<p><!--more--><\/p>\n<h4>Understanding Social Enterprise &#8211; Theory and Practice<\/h4>\n<p>Rory Ridley-Duff, Mike Bull (2015)<img data-recalc-dims=\"1\" loading=\"lazy\" decoding=\"async\" class=\"alignright wp-image-4254\" src=\"https:\/\/i0.wp.com\/samhallsentreprenor.glokala.net\/she2\/wp-content\/uploads\/2016\/02\/Understanding-social-enterprise-bok.jpeg?resize=176%2C219\" alt=\"Understanding social enterprise bok\" width=\"176\" height=\"219\" \/><\/p>\n<p>&#8221;The emergence of social enterprises over the past 35 years has been an exciting and significant development in the economy at a local, national and international level. How should we understand the growing popularity of social enterprise and the wider social economy? Are alternative business models even more relevant in an uncertain business climate? Do they provide a robust response to periods of state &#8217;austerity&#8217;? How do social enterprises contribute to global initiatives to improve the sustainability and responsibility of the business community?&#8221; Andra upplagan. Vi har boken att l\u00e5na ut.<\/p>\n<p><a href=\"http:\/\/libris.kb.se\/bib\/12094589\" target=\"_blank\" rel=\"noopener\">L\u00e4nk till boken p\u00e5 libris.kb.se<\/a>, upplagan fr\u00e5n 2011.<\/p>\n<h4>Prometheus eller Narcissus? Entrepren\u00f6ren som samh\u00e4llsomv\u00e4lvare<\/h4>\n<p><a href=\"http:\/\/korpenkoloni.se\/aktuellt.html\" target=\"_blank\" rel=\"nofollow noopener\"><img data-recalc-dims=\"1\" loading=\"lazy\" decoding=\"async\" class=\"alignleft\" title=\"Palm\u00e5s\" src=\"https:\/\/i0.wp.com\/korpenkoloni.se\/palmas.png?resize=120%2C178\" alt=\"\" width=\"120\" height=\"178\" \/><\/a> Karl Palm\u00e5s (2011)<\/p>\n<p>En mer filosofisk bok som varvar en rad teoretiska ing\u00e5ngar med exempel p\u00e5 verksamheter:<br \/>\n\u201dDen h\u00e4r boken kartl\u00e4gger gr\u00e4nslandet mellan aff\u00e4rsverksamhet och politisk verksamhet. Varf\u00f6r framst\u00e4ller sig allt fler f\u00f6retag som revolution\u00e4ra akt\u00f6rer? \u00c4r det m\u00f6jligt att f\u00f6r\u00e4ndra v\u00e4rlden genom att driva ett f\u00f6retag?<\/p>\n<p>Med utg\u00e5ngspunkt i fem svenska f\u00f6retags ber\u00e4ttelser j\u00e4mf\u00f6r Palm\u00e5s olika perspektiv p\u00e5 entrepren\u00f6rers m\u00f6jligheter att f\u00f6r\u00e4ndra samh\u00e4llet. Vad har h\u00e4nt med det vi kallar kapitalism om marknaden har blivit en arena f\u00f6r motst\u00e5ndet, samtidigt som motst\u00e5ndet har blivit en marknad?\u201d<\/p>\n<p><a href=\"http:\/\/libris.kb.se\/bib\/12192870\" target=\"_blank\" rel=\"nofollow noopener\">L\u00e4nk till boken p\u00e5 libris.kb.se<\/a><\/p>\n<h4>Det enda som r\u00e4knas \u2013 socialt entrepren\u00f6rskap p\u00e5 riktigt<\/h4>\n<p><img data-recalc-dims=\"1\" loading=\"lazy\" decoding=\"async\" class=\"alignleft\" src=\"https:\/\/i0.wp.com\/samhallsentreprenor.glokala.net\/she2\/wp-content\/uploads\/2013\/01\/154422_479883628721442_16195056_n-329x400.jpg?resize=163%2C199\" alt=\"\" width=\"163\" height=\"199\" \/> Bj\u00f6rn S\u00f6derberg (2012)<\/p>\n<p>Fr\u00e5n <a href=\"http:\/\/socialinnovation.se\/sv\/bokguide-det-enda-som-raknas-socialt-entreprenorskap-pa-riktigt\/\" target=\"_blank\" rel=\"nofollow noopener\">socialinnovation.se<\/a>: \u201dS\u00f6derberg \u00e4r transparent med sina misslyckanden \u2013 vilket \u00e4r en frisk fl\u00e4kt i f\u00f6retags-v\u00e4rlden \u2013 och hur dessa lett honom till \u00e4nnu b\u00e4ttre l\u00f6sningar och f\u00f6retag. I till\u00e4gg f\u00e5r l\u00e4saren konkreta exempel p\u00e5 hur personalens sociala engagemang uppmuntras (som ringar p\u00e5 vattnet av S\u00f6derbergs egna engagemang), h\u00e5llbart ledarskap, att samarbeta med m\u00e5lgruppen ist\u00e4llet f\u00f6r \u201djag-ska-r\u00e4dda-de-fattiga-inst\u00e4llningen\u201d samt goda exempel p\u00e5 kreativa l\u00f6sningar f\u00f6r ett v\u00e4lk\u00e4nt problem \u2013 n\u00e4mligen mutor.\u201d<\/p>\n<p><a href=\"http:\/\/libris.kb.se\/bib\/13535190\" target=\"_blank\" rel=\"nofollow noopener\">L\u00e4nk till boken p\u00e5 libris.kb.se<\/a><\/p>\n<h4><img data-recalc-dims=\"1\" loading=\"lazy\" decoding=\"async\" class=\"alignright wp-image-3814\" src=\"https:\/\/i0.wp.com\/samhallsentreprenor.glokala.net\/she2\/wp-content\/uploads\/2015\/09\/brinntid-266x400.jpg?resize=143%2C215\" alt=\"brinntid\" width=\"143\" height=\"215\" srcset=\"https:\/\/i0.wp.com\/samhallsentreprenor.glokala.net\/she2\/wp-content\/uploads\/2015\/09\/brinntid.jpg?resize=266%2C400&amp;ssl=1 266w, https:\/\/i0.wp.com\/samhallsentreprenor.glokala.net\/she2\/wp-content\/uploads\/2015\/09\/brinntid.jpg?w=377&amp;ssl=1 377w\" sizes=\"auto, (max-width: 143px) 100vw, 143px\" \/><\/h4>\n<p>Brinntid<\/p>\n<p>Pernilla Alexandersson, Sanna Lilie (2012)<\/p>\n<p>Brinntid \u00e4r en bok om utbr\u00e4ndhet, om att g\u00e5 in i v\u00e4ggen och prestera till bristningsgr\u00e4nsen. En bra bok att l\u00e4sa i f\u00f6rebyggande syfte. Om man sj\u00e4lv befunnit sig i utbr\u00e4ndhet eller i n\u00e4rheten\/n\u00e4rvaron av det kan det vara en v\u00e4rdefull bok f\u00f6r bland annat bearbetning.<\/p>\n<p><a href=\"http:\/\/libris.kb.se\/bib\/12344898\" target=\"_blank\" rel=\"noopener\">L\u00e4nk till libris.kb.se<\/a><\/p>\n<h4>Social Entrepreneurship: Theory and Practice<\/h4>\n<p><img data-recalc-dims=\"1\" loading=\"lazy\" decoding=\"async\" class=\" wp-image-5518 alignleft\" src=\"https:\/\/i0.wp.com\/samhallsentreprenor.glokala.net\/she2\/wp-content\/uploads\/2017\/10\/bokbild-250x400.jpeg?resize=121%2C194\" alt=\"\" width=\"121\" height=\"194\" srcset=\"https:\/\/i0.wp.com\/samhallsentreprenor.glokala.net\/she2\/wp-content\/uploads\/2017\/10\/bokbild.jpeg?resize=250%2C400&amp;ssl=1 250w, https:\/\/i0.wp.com\/samhallsentreprenor.glokala.net\/she2\/wp-content\/uploads\/2017\/10\/bokbild.jpeg?w=569&amp;ssl=1 569w\" sizes=\"auto, (max-width: 121px) 100vw, 121px\" \/><br \/>\nRyszard Praszkier &amp; Andrzej Nowak (2011)<\/p>\n<p>\u201dSocial Entrepreneurship: Theory and Practice is about the creative ways in which social entrepreneurs solve pressing and insurmountable social problems. Theories of social change are presented to help demystify the \u2018magic\u2019 of making an immense, yet durable and irreversible, social impact. Utilizing case studies drawn from various fields and all over the world, the authors document how social entrepreneurs foster bottom-up change that empowers people and societies.\u201d<\/p>\n<p><a href=\"http:\/\/libris.kb.se\/bib\/12538353\" target=\"_blank\" rel=\"nofollow noopener\">L\u00e4nk till boken p\u00e5 libris.kb.se<\/a> \u2013 <a href=\"http:\/\/libris.kb.se\/bib\/13363004\" target=\"_blank\" rel=\"nofollow noopener\">L\u00e4nk till e-bok p\u00e5 libris<\/a><\/p>\n<h4>Towards Collective Liberation &#8211;\u00a0Anti-Racist Organizing, Feminist Praxis, and Movement Building Strategy<\/h4>\n<p><img data-recalc-dims=\"1\" loading=\"lazy\" decoding=\"async\" class=\"alignright wp-image-4255\" src=\"https:\/\/i0.wp.com\/samhallsentreprenor.glokala.net\/she2\/wp-content\/uploads\/2016\/02\/ChrisCrassBok-266x400.jpeg?resize=148%2C223\" alt=\"Towards Collective Liberation\" width=\"148\" height=\"223\" \/><br \/>\nChris Crass (2013)<\/p>\n<p>Chris Crass is a longtime organizer working to build powerful working class-based, feminist, multiracial movements for collective liberation. The book &#8221;Towards Collective Liberation is for activists engaging with dynamic questions of how to create and support effective movements for visionary systemic change, namely those who wish to ensure that all movements are both feminist and anti-racist in nature. Drawing on two decades of personal activist experience and case studies of anti-racist social justice organisations, Crass insightfully explores ways of transforming divisions of race, class and gender into catalysts for powerful vision, strategy and movement building in the world today.&#8221;<\/p>\n<p><a href=\"http:\/\/libris.kb.se\/bib\/18168017\" target=\"_blank\" rel=\"noopener\">L\u00e4nk till e-bok p\u00e5 libris.kb.se<\/a><\/p>\n<h4>Social entrepreneurship : cases and concepts<\/h4>\n<p><a href=\"https:\/\/i0.wp.com\/samhallsentreprenor.glokala.net\/2015-2016\/wp-content\/uploads\/2015\/09\/bok-barinaga.jpeg\"><img data-recalc-dims=\"1\" loading=\"lazy\" decoding=\"async\" class=\"alignleft wp-image-323\" src=\"https:\/\/i0.wp.com\/samhallsentreprenor.glokala.net\/2015-2016\/wp-content\/uploads\/2015\/09\/bok-barinaga.jpeg?resize=156%2C225\" alt=\"bok barinaga\" width=\"156\" height=\"225\" \/><\/a>Ester Barinaga (2014)<\/p>\n<p>\u201dWhen is the right time to start up a social venture? How should it price its first services? What constituencies should be considered when shaping the board? What collaborations should the venture establish? When is it time to expand? And to close down? How can long-term economic sustainability be achieved? Which scaling-up strategy is most appropriate? How can social impact be assessed? These are a few of the questions that social entrepreneurs have to answer when aiming for social change.<\/p>\n<p>Social Entrepreneurship \u2013 Cases and Concepts challenges social entrepreneurs, non-profit managers, social workers, community organisers, activists, and artists to think carefully and critically about the social issues addressed through their work. It balances the pragmatism of the entrepreneur with the social pathos of the sociologist.\u201d<\/p>\n<p><a href=\"http:\/\/libris.kb.se\/bib\/17081261\" target=\"_blank\" rel=\"noopener\">L\u00e4nk till boken p\u00e5 libris.kb.se<\/a><\/p>\n<h4><\/h4>\n<h4>Radikala entrepren\u00f6rer &#8211; rebeller och samh\u00e4llsf\u00f6rnyare<\/h4>\n<p><img data-recalc-dims=\"1\" loading=\"lazy\" decoding=\"async\" class=\"alignright wp-image-3813\" src=\"https:\/\/i0.wp.com\/samhallsentreprenor.glokala.net\/she2\/wp-content\/uploads\/2015\/09\/9789144092607-278x400.jpg?resize=188%2C271\" alt=\"9789144092607\" width=\"188\" height=\"271\" srcset=\"https:\/\/i0.wp.com\/samhallsentreprenor.glokala.net\/she2\/wp-content\/uploads\/2015\/09\/9789144092607.jpg?resize=278%2C400&amp;ssl=1 278w, https:\/\/i0.wp.com\/samhallsentreprenor.glokala.net\/she2\/wp-content\/uploads\/2015\/09\/9789144092607.jpg?w=555&amp;ssl=1 555w\" sizes=\"auto, (max-width: 188px) 100vw, 188px\" \/><\/p>\n<p>Bengt Johannisson, Caroline Wigren Kristoferson (2015)<\/p>\n<p>&#8221;Entrepren\u00f6rskap inneb\u00e4r att initiera och realisera f\u00f6r\u00e4ndringar. De flesta entrepren\u00f6rer v\u00e4lkomnar och respekterar samh\u00e4llets lagar och regler eftersom de ger st\u00f6djande ramar f\u00f6r det egna f\u00f6r\u00e4ndringsarbetet. Men n\u00e5gra entrepren\u00f6rer bryter mot g\u00e4llande normer, ibland rentav mot lagen. Vissa av dem \u00e4r olydiga d\u00e4rf\u00f6r att de vill driva sina verksamheter efter eget tycke, andra f\u00f6r att de ser som sin huvuduppgift att utmana vad som tas f\u00f6r givet av medborgare, organisationer och myndigheter. Vi kallar dessa revolt\u00f6rer f\u00f6r radikala entrepren\u00f6rer.&#8221;<\/p>\n<p><a href=\"http:\/\/libris.kb.se\/bib\/17665352\" target=\"_blank\" rel=\"noopener\">L\u00e4nk till libris.kb.se<\/a><\/p>\n<p>&nbsp;<\/p>\n<h4>The Lean Startup<\/h4>\n<p><img data-recalc-dims=\"1\" decoding=\"async\" class=\"alignleft\" src=\"https:\/\/i0.wp.com\/theleanstartup.com\/images\/book_book.png?w=250\" alt=\"\"  \/>Eric Ries, 2011<\/p>\n<p>\u201dHow Today\u2019s Entrepreneurs Use Continuous Innovation to Create Radically Successful Businesses\u201d<\/p>\n<p>Eric Ries presenterar en modell f\u00f6r att starta upp som bygger p\u00e5 hans erfarenheter fr\u00e5n flera uppstartsf\u00f6retag i USA. Metodiken har f\u00f6rst blivit popul\u00e4r kring Silicon Valley, men har sedan f\u00e5tt ett internationellt genomslag.<\/p>\n<p><a href=\"http:\/\/libris.kb.se\/bib\/12333595\" target=\"_blank\" rel=\"nofollow noopener\">L\u00e4nk till boken p\u00e5 libris.kb.se<\/a><\/p>\n<p>::::::::::::::::::::::::<\/p>\n<h4>Fler tips p\u00e5 b\u00f6cker att l\u00e4sa finns ocks\u00e5 i grund\u00e5ret:\u00a0<a href=\"http:\/\/samhallsentreprenor.glokala.net\/2017-2018\/modul-1\/upg-3-perspektiv-pa-samhallsentreprenorskap\/\" target=\"_blank\" rel=\"noopener\">http:\/\/samhallsentreprenor.glokala.net\/2017-2018\/modul-1\/upg-3-perspektiv-pa-samhallsentreprenorskap\/<\/a>\u00a0(bl\u00e4ddra ner till rubriken B\u00f6cker &#8211; f\u00f6rslag)<\/h4>\n<h4>Tips p\u00e5 l\u00e4sning kring solidarisk ekonomi finns h\u00e4r: <a href=\"http:\/\/solidaritynyc.org\/#\/resources\/resource-library\" target=\"_blank\" rel=\"noopener\">http:\/\/solidaritynyc.org\/#\/resources\/resource-library<\/a><\/h4>\n","protected":false},"excerpt":{"rendered":"<p>Ett moment under h\u00f6sten blir att l\u00e4sa en bok eller ta del av n\u00e5got annat material som du \u00e4r nyfiken p\u00e5. Det kan handla om ett tema du vill unders\u00f6ka n\u00e4rmre eller l\u00e4ra dig mer om, direkt kopplat till det du jobbar med eller mer frist\u00e5ende. Nedan ger vi f\u00f6rslag p\u00e5 litteratur som vi tror [&hellip;]<\/p>\n","protected":false},"author":1001020,"featured_media":0,"parent":0,"menu_order":0,"comment_status":"open","ping_status":"closed","template":"","meta":{"_bbp_topic_count":0,"_bbp_reply_count":0,"_bbp_total_topic_count":0,"_bbp_total_reply_count":0,"_bbp_voice_count":0,"_bbp_anonymous_reply_count":0,"_bbp_topic_count_hidden":0,"_bbp_reply_count_hidden":0,"_bbp_forum_subforum_count":0,"footnotes":""},"class_list":["post-5516","page","type-page","status-publish","hentry"],"jetpack_sharing_enabled":true,"_links":{"self":[{"href":"https:\/\/samhallsentreprenor.glokala.net\/she2\/wp-json\/wp\/v2\/pages\/5516","targetHints":{"allow":["GET"]}}],"collection":[{"href":"https:\/\/samhallsentreprenor.glokala.net\/she2\/wp-json\/wp\/v2\/pages"}],"about":[{"href":"https:\/\/samhallsentreprenor.glokala.net\/she2\/wp-json\/wp\/v2\/types\/page"}],"author":[{"embeddable":true,"href":"https:\/\/samhallsentreprenor.glokala.net\/she2\/wp-json\/wp\/v2\/users\/1001020"}],"replies":[{"embeddable":true,"href":"https:\/\/samhallsentreprenor.glokala.net\/she2\/wp-json\/wp\/v2\/comments?post=5516"}],"version-history":[{"count":3,"href":"https:\/\/samhallsentreprenor.glokala.net\/she2\/wp-json\/wp\/v2\/pages\/5516\/revisions"}],"predecessor-version":[{"id":5523,"href":"https:\/\/samhallsentreprenor.glokala.net\/she2\/wp-json\/wp\/v2\/pages\/5516\/revisions\/5523"}],"wp:attachment":[{"href":"https:\/\/samhallsentreprenor.glokala.net\/she2\/wp-json\/wp\/v2\/media?parent=5516"}],"curies":[{"name":"wp","href":"https:\/\/api.w.org\/{rel}","templated":true}]}}