{"id":6004,"date":"2018-04-17T14:47:08","date_gmt":"2018-04-17T12:47:08","guid":{"rendered":"http:\/\/samhallsentreprenor.glokala.net\/she2\/?page_id=6004"},"modified":"2018-04-30T10:46:18","modified_gmt":"2018-04-30T08:46:18","slug":"kurstraff-5-6-maj-i-malmo","status":"publish","type":"page","link":"https:\/\/samhallsentreprenor.glokala.net\/she2\/kurstraff-5-6-maj-i-malmo\/","title":{"rendered":"Kurstr\u00e4ff 5-6 maj i Malm\u00f6"},"content":{"rendered":"<p>Kursens tredje tr\u00e4ff p\u00e5 plats i Malm\u00f6 n\u00e4rmar sig!<\/p>\n<p><strong>Tidsramar:<\/strong><br \/>\nL\u00f6rdag 5 maj kl 12:00 &#8211; 18:00<br \/>\nS\u00f6ndag 6 maj kl 9:30 &#8211; 14:00<\/p>\n<p><strong>Praktiskt<\/strong>:<br \/>\n\u2192 Lunch finns till sj\u00e4lvkostnadspris p\u00e5 l\u00f6rdagen.P\u00e5 s\u00f6ndagen bjuder vi p\u00e5 matig fika.<br \/>\n\u2192 Resa till Malm\u00f6: F\u00f6r l\u00e4ngre resor ger vi ett st\u00f6d f\u00f6r kostnader upp till 750 kr, mot kvitto\/biljetter.<br \/>\n<strong>\u2192 Meddela din medverkan<\/strong> i tr\u00e4ffen till August.<\/p>\n<p><strong>Medverkan via Skype<\/strong> \u2013 f\u00f6r den\/de som inte kan vara med p\u00e5 plats kopplar vi upp p\u00e5 skype f\u00f6ljande pass:<br \/>\n\u2013 S\u00f6ndag 09.30 Utvecklingen i initiativ\/projekt<br \/>\n\u2013 S\u00f6ndag 11.20 Samtal om v\u00e5rens gemensamma l\u00e4sning<strong><br \/>\n<\/strong><\/p>\n<h4>L\u00f6rdag 5 maj<\/h4>\n<p>Plats: <a href=\"https:\/\/stpln.org\/\" target=\"_blank\" rel=\"noopener\">Stpln<\/a> i V\u00e4stra hamnen, <a href=\"https:\/\/goo.gl\/maps\/9wRgJa4JKVL2\">https:\/\/goo.gl\/maps\/9wRgJa4JKVL2<\/a><\/p>\n<p><img loading=\"lazy\" decoding=\"async\" class=\"alignnone size-medium\" src=\"https:\/\/i2.wp.com\/static1.squarespace.com\/static\/591aa9a1893fc07f230a0633\/t\/5a9fd7d1f9619a03dd491e17\/1520425343931\/stpln-01.jpg?resize=960%2C480&amp;ssl=1\" width=\"720\" height=\"360\" \/><\/p>\n<p><span class=\"_4n-j _3cht fsl\" data-testid=\"event-permalink-details\"><strong>11:00 \u2013 16:00: Vi medverkar i det publika arrangemanget <a href=\"https:\/\/www.facebook.com\/events\/2068931180056119\/\" target=\"_blank\" rel=\"noopener\">\u201dKlimatsamling Malm\u00f6\u201d<\/a><\/strong><br \/>\n<\/span><\/p>\n<p>11:00 Sticklingsbyte: D\u00f6rrarna \u00e4r \u00f6ppna f\u00f6r inl\u00e4mning av sticklingar 11:00-12:00. F\u00f6r mer info: <a href=\"https:\/\/www.facebook.com\/events\/398143623985800\/\">https:\/\/www.facebook.com\/events\/398143623985800\/<\/a><\/p>\n<p>11:00-11:30 Live fr\u00e5n Klimatriksdagen: Klimatkrisen \u00e4r en moralisk kris (Anders Wijkman)<\/p>\n<p>11:30-12:00 Live fr\u00e5n Klimatriksdagen: Skavlansoffan.<br \/>\nAllvar och skratt n\u00e4r Martin Emten\u00e4s och Stefan Sundstr\u00f6m samtalar med inbjudna g\u00e4ster Anders Wijkman, Heidi Andersson, Bj\u00f6rn Ferry m fl. Vad st\u00e5r vi inf\u00f6r, vad kan vi sj\u00e4lva g\u00f6ra f\u00f6r att bidra och hur g\u00f6r vi f\u00f6r att f\u00e5 med oss den stora massan?<\/p>\n<p>11:30-12:00 L\u00e4r dig placera dina pengar etiskt och fossilfritt &#8211; med Fossil Free Sverige<\/p>\n<p>12:00 Lunch: Kontrapunkt serverar lunch<\/p>\n<p>12:30-13:20 Car-free streets Malm\u00f6 &#8211; exempel fr\u00e5n andra st\u00e4der och samtal om Malm\u00f6. F\u00f6rel\u00e4sning p\u00e5 engelska med Bilfri innerstad Malm\u00f6.<\/p>\n<p>12:30-14:00 Civil olydnad som verktyg i milj\u00f6kampen. Med Klimatfronten<\/p>\n<p>13:00-14:00 Sticklingsbyte: \u00d6ppet f\u00f6r h\u00e4mtning av sticklingar.<\/p>\n<p>13:30-14:00 Samtal: Framtiden smakar lokalt. Hur kan vi agera f\u00f6r mer lokal och h\u00e5llbar mat? Medverkande: Cecilia Ward (REKO-ring Malm\u00f6 &amp; Landet Oss)<\/p>\n<p>14:00-16:00 Live fr\u00e5n Klimatriksdagen &#8211; s\u00e4ndning fr\u00e5n seminarier<\/p>\n<p>14:00-16:00 Malm\u00f6 f\u00f6r r\u00e4ttvisa: Planering inf\u00f6r demonstration 25 augusti &#8211; en del av Degrowth-konferensen i Malm\u00f6 21-25 augusti <a href=\"https:\/\/malmo.degrowth.org\/\" target=\"_blank\" rel=\"noopener\">https:\/\/malmo.degrowth.org\/<\/a><\/p>\n<p>Arrang\u00f6rer: Glokala Folkh\u00f6gskolan, Naturskyddsf\u00f6reningen Malm\u00f6, ABF Malm\u00f6, Studiefr\u00e4mjandet Sk\u00e5ne-Blekinge, Jordens V\u00e4nner Malm\u00f6-Lund, N\u00e4tverket f\u00f6r milj\u00f6- och solidaritet i Malm\u00f6. I samarbete med STPLN.<\/p>\n<p><strong>16:00 \u2013 17:00 Walk &amp; talk i V\u00e4stra hamnen:<\/strong> Reflektioner fr\u00e5n dagen.<\/p>\n<p>\/ fri kv\u00e4ll! \/<\/p>\n<h4>S\u00f6ndag 6 maj<\/h4>\n<p>Samling i \u201dUnderverket\u201d, ing\u00e5ng genom garagenedfart i korsningen Hasselgatan och Bokgatan. Karta: <a href=\"https:\/\/goo.gl\/maps\/3kiumpm6qDv\">https:\/\/goo.gl\/maps\/3kiumpm6qDv<\/a><\/p>\n<p>09:30 \u2013 ca 11:00 <strong>Fokus p\u00e5 utvecklingen i initiativ\/projekt:<\/strong> Presentationer och gemensam feedback. F\u00f6rbered fr\u00e5gor, saker du funderar \u00f6ver i utveckling, som du g\u00e4rna vill f\u00e5 input p\u00e5.<\/p>\n<p>\/ paus \/<\/p>\n<p>11:20 &#8211; 13:00 <strong>Samtal om v\u00e5rens gemensamma l\u00e4sning<\/strong>. <a href=\"http:\/\/samhallsentreprenor.glokala.net\/she2\/groups\/kursforum-2017-2018\/forum\/topic\/uppgift-gemensam-lasning-varen\/\" target=\"_blank\" rel=\"noopener\">L\u00e4s mer om texterna i kursforumet \u2192<\/a><\/p>\n<p>\/ paus \/<\/p>\n<p>13:10 &#8211; 14:00 <strong>Walk &amp; talk:<\/strong> Reflektioner efter dagens samtal och om framtiden efter kursen.<\/p>\n<p>Slut f\u00f6r dagarna!<\/p>\n","protected":false},"excerpt":{"rendered":"<p>Kursens tredje tr\u00e4ff p\u00e5 plats i Malm\u00f6 n\u00e4rmar sig! Tidsramar: L\u00f6rdag 5 maj kl 12:00 &#8211; 18:00 S\u00f6ndag 6 maj kl 9:30 &#8211; 14:00 Praktiskt: \u2192 Lunch finns till sj\u00e4lvkostnadspris p\u00e5 l\u00f6rdagen.P\u00e5 s\u00f6ndagen bjuder vi p\u00e5 matig fika. \u2192 Resa till Malm\u00f6: F\u00f6r l\u00e4ngre resor ger vi ett st\u00f6d f\u00f6r kostnader upp till 750 kr, [&hellip;]<\/p>\n","protected":false},"author":1001021,"featured_media":0,"parent":0,"menu_order":0,"comment_status":"open","ping_status":"closed","template":"","meta":{"_bbp_topic_count":0,"_bbp_reply_count":0,"_bbp_total_topic_count":0,"_bbp_total_reply_count":0,"_bbp_voice_count":0,"_bbp_anonymous_reply_count":0,"_bbp_topic_count_hidden":0,"_bbp_reply_count_hidden":0,"_bbp_forum_subforum_count":0,"footnotes":""},"class_list":["post-6004","page","type-page","status-publish","hentry"],"jetpack_sharing_enabled":true,"_links":{"self":[{"href":"https:\/\/samhallsentreprenor.glokala.net\/she2\/wp-json\/wp\/v2\/pages\/6004","targetHints":{"allow":["GET"]}}],"collection":[{"href":"https:\/\/samhallsentreprenor.glokala.net\/she2\/wp-json\/wp\/v2\/pages"}],"about":[{"href":"https:\/\/samhallsentreprenor.glokala.net\/she2\/wp-json\/wp\/v2\/types\/page"}],"author":[{"embeddable":true,"href":"https:\/\/samhallsentreprenor.glokala.net\/she2\/wp-json\/wp\/v2\/users\/1001021"}],"replies":[{"embeddable":true,"href":"https:\/\/samhallsentreprenor.glokala.net\/she2\/wp-json\/wp\/v2\/comments?post=6004"}],"version-history":[{"count":4,"href":"https:\/\/samhallsentreprenor.glokala.net\/she2\/wp-json\/wp\/v2\/pages\/6004\/revisions"}],"predecessor-version":[{"id":6017,"href":"https:\/\/samhallsentreprenor.glokala.net\/she2\/wp-json\/wp\/v2\/pages\/6004\/revisions\/6017"}],"wp:attachment":[{"href":"https:\/\/samhallsentreprenor.glokala.net\/she2\/wp-json\/wp\/v2\/media?parent=6004"}],"curies":[{"name":"wp","href":"https:\/\/api.w.org\/{rel}","templated":true}]}}