{"id":696,"date":"2012-05-08T15:21:47","date_gmt":"2012-05-08T13:21:47","guid":{"rendered":"http:\/\/she2.glokala.se\/?page_id=696"},"modified":"2012-05-21T11:24:55","modified_gmt":"2012-05-21T09:24:55","slug":"7-14-maj","status":"publish","type":"page","link":"https:\/\/samhallsentreprenor.glokala.net\/she2\/7-14-maj\/","title":{"rendered":"7 &#8211; 14 maj"},"content":{"rendered":"<p>Hej!<\/p>\n<p>Vi hade en fin, men kall, dag i Malm\u00f6 6 maj; en hel del fika, en utst\u00e4llning och en picknick-teater!<br \/>\nM\u00e5ndagen st\u00e4llde vi in d\u00e5 vi var f\u00f6r f\u00e5.<\/p>\n<div>Som avslutande moment i kursen f\u00f6resl\u00e5r vi ett sista <strong>skypem\u00f6te<\/strong> f\u00f6r att reflektera \u00f6ver \u00e5ret:<br \/>\nVar \u00e4r vi nu, vad ser vi framf\u00f6r oss och vad tar vi med oss fr\u00e5n kursen?<\/div>\n<p>22 maj, kl 20 &#8211; 21.<\/p>\n<p><a href=\"http:\/\/www.doodle.com\/8h8cqshek77b8b77\" target=\"_blank\">http:\/\/www.doodle.com\/<\/a><wbr><a href=\"http:\/\/www.doodle.com\/8h8cqshek77b8b77\" target=\"_blank\">8h8cqshek77b8b77<\/a><\/wbr><\/p>\n<p><strong>Utv\u00e4rdering &#8211; Steg 2<\/strong><br \/>\nVi har mailat l\u00e4nk till utv\u00e4rdering av Steg 2-\u00e5ret, b\u00e5de en chans att sj\u00e4lv reflektera och bidra med tankar\u00a0 om hur kursuppl\u00e4gget kan utvecklas. Vi \u00e4r mycket tacksamma f\u00f6r alla tankar och kommentarer om kursen!<\/p>\n<p><strong>Personlig karta<\/strong> &#8211; verktyg f\u00f6r reflektion<br \/>\nEtt moment som vi planerade till tr\u00e4ffen i Malm\u00f6 var introduktion av ett s\u00e4tt att skissa en typ av personlig karta f\u00f6r projekt\/initiativ. H\u00e4r kommer en intro via video ist\u00e4llet! Hoppas det kan vara anv\u00e4ndbart.<\/p>\n<p>Kartan kan t ex skissas i b\u00f6rjan av arbetet med ett initiativ, som ett s\u00e4tt att skapa ett plattform f\u00f6r en sj\u00e4lv i arbetet. Tanken \u00e4r att synligg\u00f6ra vad du sj\u00e4lv har med dig i relation till det arbete du g\u00e5r in i.<\/p>\n<p><iframe loading=\"lazy\" src=\"http:\/\/player.vimeo.com\/video\/42117257\" frameborder=\"0\" width=\"500\" height=\"281\"><\/iframe><\/p>\n<p>Close-ups som bilder \ud83d\ude42<\/p>\n<p><a href=\"https:\/\/i0.wp.com\/samhallsentreprenor.glokala.net\/she2\/wp-content\/uploads\/2012\/05\/personlig_karta.jpg\"><img data-recalc-dims=\"1\" loading=\"lazy\" decoding=\"async\" class=\"size-medium wp-image-708 alignnone\" title=\"personlig_karta\" src=\"https:\/\/i0.wp.com\/samhallsentreprenor.glokala.net\/she2\/wp-content\/uploads\/2012\/05\/personlig_karta-400x278.jpg?resize=400%2C278\" alt=\"\" width=\"400\" height=\"278\" srcset=\"https:\/\/i0.wp.com\/samhallsentreprenor.glokala.net\/she2\/wp-content\/uploads\/2012\/05\/personlig_karta.jpg?resize=400%2C278&amp;ssl=1 400w, https:\/\/i0.wp.com\/samhallsentreprenor.glokala.net\/she2\/wp-content\/uploads\/2012\/05\/personlig_karta.jpg?resize=1024%2C711&amp;ssl=1 1024w, https:\/\/i0.wp.com\/samhallsentreprenor.glokala.net\/she2\/wp-content\/uploads\/2012\/05\/personlig_karta.jpg?w=2000&amp;ssl=1 2000w\" sizes=\"auto, (max-width: 400px) 100vw, 400px\" \/><\/a> <a href=\"https:\/\/i0.wp.com\/samhallsentreprenor.glokala.net\/she2\/wp-content\/uploads\/2012\/05\/personlig_karta_element.jpg\"><img data-recalc-dims=\"1\" loading=\"lazy\" decoding=\"async\" class=\"size-medium wp-image-709 alignnone\" title=\"personlig_karta_element\" src=\"https:\/\/i0.wp.com\/samhallsentreprenor.glokala.net\/she2\/wp-content\/uploads\/2012\/05\/personlig_karta_element-400x389.jpg?resize=400%2C389\" alt=\"\" width=\"400\" height=\"389\" srcset=\"https:\/\/i0.wp.com\/samhallsentreprenor.glokala.net\/she2\/wp-content\/uploads\/2012\/05\/personlig_karta_element.jpg?resize=400%2C389&amp;ssl=1 400w, https:\/\/i0.wp.com\/samhallsentreprenor.glokala.net\/she2\/wp-content\/uploads\/2012\/05\/personlig_karta_element.jpg?resize=1024%2C997&amp;ssl=1 1024w, https:\/\/i0.wp.com\/samhallsentreprenor.glokala.net\/she2\/wp-content\/uploads\/2012\/05\/personlig_karta_element.jpg?resize=24%2C24&amp;ssl=1 24w, https:\/\/i0.wp.com\/samhallsentreprenor.glokala.net\/she2\/wp-content\/uploads\/2012\/05\/personlig_karta_element.jpg?resize=36%2C36&amp;ssl=1 36w, https:\/\/i0.wp.com\/samhallsentreprenor.glokala.net\/she2\/wp-content\/uploads\/2012\/05\/personlig_karta_element.jpg?resize=48%2C48&amp;ssl=1 48w, https:\/\/i0.wp.com\/samhallsentreprenor.glokala.net\/she2\/wp-content\/uploads\/2012\/05\/personlig_karta_element.jpg?w=2000&amp;ssl=1 2000w\" sizes=\"auto, (max-width: 400px) 100vw, 400px\" \/><\/a><\/p>\n<p>\/\/<\/p>\n<blockquote><p><strong>&#8221;Att samh\u00e4llsentrepren\u00f6rskap trendar just nu \u00e4r uppenbart f\u00f6r de flesta. Nyligen publicerade b\u00e5de Sektor3 och CSR i Praktiken debattartiklar p\u00e5 \u00e4mnet. M\u00f6tesplats Social Innovation ger h\u00e4r sitt inl\u00e4gg i debatten.&#8221;<\/strong><\/p><\/blockquote>\n<p>P\u00e5 socialinnovation.se publicerades nyligen en artikel som delvis \u00e4r en reaktion p\u00e5 ess\u00e4n i Magasin NIC #10 om samh\u00e4llsentrepren\u00f6rskap. L\u00e4s och ge g\u00e4rna era kommentarer!<\/p>\n<p><a href=\"http:\/\/socialinnovation.se\/sv\/debatt-samhallsentreprenorskap\/\" target=\"_blank\">http:\/\/socialinnovation.se\/sv\/debatt-samhallsentreprenorskap\/<\/a><\/p>\n","protected":false},"excerpt":{"rendered":"<p>Hej! Vi hade en fin, men kall, dag i Malm\u00f6 6 maj; en hel del fika, en utst\u00e4llning och en picknick-teater! M\u00e5ndagen st\u00e4llde vi in d\u00e5 vi var f\u00f6r f\u00e5. Som avslutande moment i kursen f\u00f6resl\u00e5r vi ett sista skypem\u00f6te f\u00f6r att reflektera \u00f6ver \u00e5ret: Var \u00e4r vi nu, vad ser vi framf\u00f6r oss och [&hellip;]<\/p>\n","protected":false},"author":1001021,"featured_media":0,"parent":0,"menu_order":0,"comment_status":"open","ping_status":"open","template":"","meta":{"_bbp_topic_count":0,"_bbp_reply_count":0,"_bbp_total_topic_count":0,"_bbp_total_reply_count":0,"_bbp_voice_count":0,"_bbp_anonymous_reply_count":0,"_bbp_topic_count_hidden":0,"_bbp_reply_count_hidden":0,"_bbp_forum_subforum_count":0,"footnotes":""},"class_list":["post-696","page","type-page","status-publish","hentry"],"jetpack_sharing_enabled":true,"_links":{"self":[{"href":"https:\/\/samhallsentreprenor.glokala.net\/she2\/wp-json\/wp\/v2\/pages\/696","targetHints":{"allow":["GET"]}}],"collection":[{"href":"https:\/\/samhallsentreprenor.glokala.net\/she2\/wp-json\/wp\/v2\/pages"}],"about":[{"href":"https:\/\/samhallsentreprenor.glokala.net\/she2\/wp-json\/wp\/v2\/types\/page"}],"author":[{"embeddable":true,"href":"https:\/\/samhallsentreprenor.glokala.net\/she2\/wp-json\/wp\/v2\/users\/1001021"}],"replies":[{"embeddable":true,"href":"https:\/\/samhallsentreprenor.glokala.net\/she2\/wp-json\/wp\/v2\/comments?post=696"}],"version-history":[{"count":4,"href":"https:\/\/samhallsentreprenor.glokala.net\/she2\/wp-json\/wp\/v2\/pages\/696\/revisions"}],"predecessor-version":[{"id":707,"href":"https:\/\/samhallsentreprenor.glokala.net\/she2\/wp-json\/wp\/v2\/pages\/696\/revisions\/707"}],"wp:attachment":[{"href":"https:\/\/samhallsentreprenor.glokala.net\/she2\/wp-json\/wp\/v2\/media?parent=696"}],"curies":[{"name":"wp","href":"https:\/\/api.w.org\/{rel}","templated":true}]}}