{"id":95,"date":"2011-09-18T16:24:58","date_gmt":"2011-09-18T14:24:58","guid":{"rendered":"http:\/\/she2.glokala.se\/?page_id=95"},"modified":"2011-09-18T23:57:02","modified_gmt":"2011-09-18T21:57:02","slug":"19-september","status":"publish","type":"page","link":"https:\/\/samhallsentreprenor.glokala.net\/she2\/19-september\/","title":{"rendered":"19 september"},"content":{"rendered":"<h4>Fr\u00e5n dagarna i Malm\u00f6 16-17 september:<\/h4>\n<div class=\"tiled-gallery type-rectangular tiled-gallery-unresized\" data-original-width=\"500\" data-carousel-extra='null' itemscope itemtype=\"http:\/\/schema.org\/ImageGallery\" > <div class=\"gallery-row\" style=\"width: 500px; height: 142px;\" data-original-width=\"500\" data-original-height=\"142\" > <div class=\"gallery-group images-1\" style=\"width: 96px; height: 142px;\" data-original-width=\"96\" data-original-height=\"142\" > <div class=\"tiled-gallery-item tiled-gallery-item-small\" itemprop=\"associatedMedia\" itemscope itemtype=\"http:\/\/schema.org\/ImageObject\"> <a href=\"https:\/\/i0.wp.com\/samhallsentreprenor.glokala.net\/she2\/wp-content\/uploads\/2011\/09\/IMAG1091.jpg?ssl=1\" border=\"0\" itemprop=\"url\"> <meta itemprop=\"width\" content=\"92\"> <meta itemprop=\"height\" content=\"138\"> <img decoding=\"async\" class=\"\" data-attachment-id=\"103\" data-orig-file=\"https:\/\/samhallsentreprenor.glokala.net\/she2\/wp-content\/uploads\/2011\/09\/IMAG1091.jpg\" data-orig-size=\"1344,2016\" data-comments-opened=\"1\" data-image-meta=\"{&quot;aperture&quot;:&quot;0&quot;,&quot;credit&quot;:&quot;&quot;,&quot;camera&quot;:&quot;HTC Magic&quot;,&quot;caption&quot;:&quot;&quot;,&quot;created_timestamp&quot;:&quot;1316166700&quot;,&quot;copyright&quot;:&quot;&quot;,&quot;focal_length&quot;:&quot;0&quot;,&quot;iso&quot;:&quot;0&quot;,&quot;shutter_speed&quot;:&quot;0&quot;,&quot;title&quot;:&quot;&quot;}\" data-image-title=\"IMAG1091\" data-image-description=\"\" data-medium-file=\"https:\/\/i0.wp.com\/samhallsentreprenor.glokala.net\/she2\/wp-content\/uploads\/2011\/09\/IMAG1091.jpg?fit=266%2C400&#038;ssl=1\" data-large-file=\"https:\/\/i0.wp.com\/samhallsentreprenor.glokala.net\/she2\/wp-content\/uploads\/2011\/09\/IMAG1091.jpg?fit=682%2C1024&#038;ssl=1\" src=\"https:\/\/i0.wp.com\/samhallsentreprenor.glokala.net\/she2\/wp-content\/uploads\/2011\/09\/IMAG1091.jpg?w=92&#038;h=138&#038;ssl=1\" srcset=\"https:\/\/i0.wp.com\/samhallsentreprenor.glokala.net\/she2\/wp-content\/uploads\/2011\/09\/IMAG1091.jpg?w=1344&amp;ssl=1 1344w, https:\/\/i0.wp.com\/samhallsentreprenor.glokala.net\/she2\/wp-content\/uploads\/2011\/09\/IMAG1091.jpg?resize=266%2C400&amp;ssl=1 266w, https:\/\/i0.wp.com\/samhallsentreprenor.glokala.net\/she2\/wp-content\/uploads\/2011\/09\/IMAG1091.jpg?resize=682%2C1024&amp;ssl=1 682w\" width=\"92\" height=\"138\" loading=\"lazy\" data-original-width=\"92\" data-original-height=\"138\" itemprop=\"http:\/\/schema.org\/image\" title=\"IMAG1091\" alt=\"IMAG1091\" style=\"width: 92px; height: 138px;\" \/> <\/a> <\/div> <\/div> <!-- close group --> <div class=\"gallery-group images-1\" style=\"width: 96px; height: 142px;\" data-original-width=\"96\" data-original-height=\"142\" > <div class=\"tiled-gallery-item tiled-gallery-item-small\" itemprop=\"associatedMedia\" itemscope itemtype=\"http:\/\/schema.org\/ImageObject\"> <a href=\"https:\/\/i0.wp.com\/samhallsentreprenor.glokala.net\/she2\/wp-content\/uploads\/2011\/09\/IMAG1090.jpg?ssl=1\" border=\"0\" itemprop=\"url\"> <meta itemprop=\"width\" content=\"92\"> <meta itemprop=\"height\" content=\"138\"> <img decoding=\"async\" class=\"\" data-attachment-id=\"102\" data-orig-file=\"https:\/\/samhallsentreprenor.glokala.net\/she2\/wp-content\/uploads\/2011\/09\/IMAG1090.jpg\" data-orig-size=\"1344,2016\" data-comments-opened=\"1\" data-image-meta=\"{&quot;aperture&quot;:&quot;0&quot;,&quot;credit&quot;:&quot;&quot;,&quot;camera&quot;:&quot;HTC Magic&quot;,&quot;caption&quot;:&quot;&quot;,&quot;created_timestamp&quot;:&quot;1316166689&quot;,&quot;copyright&quot;:&quot;&quot;,&quot;focal_length&quot;:&quot;0&quot;,&quot;iso&quot;:&quot;0&quot;,&quot;shutter_speed&quot;:&quot;0&quot;,&quot;title&quot;:&quot;&quot;}\" data-image-title=\"IMAG1090\" data-image-description=\"\" data-medium-file=\"https:\/\/i0.wp.com\/samhallsentreprenor.glokala.net\/she2\/wp-content\/uploads\/2011\/09\/IMAG1090.jpg?fit=266%2C400&#038;ssl=1\" data-large-file=\"https:\/\/i0.wp.com\/samhallsentreprenor.glokala.net\/she2\/wp-content\/uploads\/2011\/09\/IMAG1090.jpg?fit=682%2C1024&#038;ssl=1\" src=\"https:\/\/i0.wp.com\/samhallsentreprenor.glokala.net\/she2\/wp-content\/uploads\/2011\/09\/IMAG1090.jpg?w=92&#038;h=138&#038;ssl=1\" srcset=\"https:\/\/i0.wp.com\/samhallsentreprenor.glokala.net\/she2\/wp-content\/uploads\/2011\/09\/IMAG1090.jpg?w=1344&amp;ssl=1 1344w, https:\/\/i0.wp.com\/samhallsentreprenor.glokala.net\/she2\/wp-content\/uploads\/2011\/09\/IMAG1090.jpg?resize=266%2C400&amp;ssl=1 266w, https:\/\/i0.wp.com\/samhallsentreprenor.glokala.net\/she2\/wp-content\/uploads\/2011\/09\/IMAG1090.jpg?resize=682%2C1024&amp;ssl=1 682w\" width=\"92\" height=\"138\" loading=\"lazy\" data-original-width=\"92\" data-original-height=\"138\" itemprop=\"http:\/\/schema.org\/image\" title=\"IMAG1090\" alt=\"IMAG1090\" style=\"width: 92px; height: 138px;\" \/> <\/a> <\/div> <\/div> <!-- close group --> <div class=\"gallery-group images-1\" style=\"width: 212px; height: 142px;\" data-original-width=\"212\" data-original-height=\"142\" > <div class=\"tiled-gallery-item tiled-gallery-item-small\" itemprop=\"associatedMedia\" itemscope itemtype=\"http:\/\/schema.org\/ImageObject\"> <a href=\"https:\/\/i0.wp.com\/samhallsentreprenor.glokala.net\/she2\/wp-content\/uploads\/2011\/09\/IMAG1089.jpg?ssl=1\" border=\"0\" itemprop=\"url\"> <meta itemprop=\"width\" content=\"208\"> <meta itemprop=\"height\" content=\"138\"> <img decoding=\"async\" class=\"\" data-attachment-id=\"101\" data-orig-file=\"https:\/\/samhallsentreprenor.glokala.net\/she2\/wp-content\/uploads\/2011\/09\/IMAG1089.jpg\" data-orig-size=\"2016,1344\" data-comments-opened=\"1\" data-image-meta=\"{&quot;aperture&quot;:&quot;0&quot;,&quot;credit&quot;:&quot;&quot;,&quot;camera&quot;:&quot;HTC Magic&quot;,&quot;caption&quot;:&quot;&quot;,&quot;created_timestamp&quot;:&quot;1316166680&quot;,&quot;copyright&quot;:&quot;&quot;,&quot;focal_length&quot;:&quot;0&quot;,&quot;iso&quot;:&quot;0&quot;,&quot;shutter_speed&quot;:&quot;0&quot;,&quot;title&quot;:&quot;&quot;}\" data-image-title=\"IMAG1089\" data-image-description=\"\" data-medium-file=\"https:\/\/i0.wp.com\/samhallsentreprenor.glokala.net\/she2\/wp-content\/uploads\/2011\/09\/IMAG1089.jpg?fit=400%2C266&#038;ssl=1\" data-large-file=\"https:\/\/i0.wp.com\/samhallsentreprenor.glokala.net\/she2\/wp-content\/uploads\/2011\/09\/IMAG1089.jpg?fit=1024%2C682&#038;ssl=1\" src=\"https:\/\/i0.wp.com\/samhallsentreprenor.glokala.net\/she2\/wp-content\/uploads\/2011\/09\/IMAG1089.jpg?w=208&#038;h=138&#038;ssl=1\" srcset=\"https:\/\/i0.wp.com\/samhallsentreprenor.glokala.net\/she2\/wp-content\/uploads\/2011\/09\/IMAG1089.jpg?w=2016&amp;ssl=1 2016w, https:\/\/i0.wp.com\/samhallsentreprenor.glokala.net\/she2\/wp-content\/uploads\/2011\/09\/IMAG1089.jpg?resize=400%2C266&amp;ssl=1 400w, https:\/\/i0.wp.com\/samhallsentreprenor.glokala.net\/she2\/wp-content\/uploads\/2011\/09\/IMAG1089.jpg?resize=1024%2C682&amp;ssl=1 1024w\" width=\"208\" height=\"138\" loading=\"lazy\" data-original-width=\"208\" data-original-height=\"138\" itemprop=\"http:\/\/schema.org\/image\" title=\"IMAG1089\" alt=\"IMAG1089\" style=\"width: 208px; height: 138px;\" \/> <\/a> <\/div> <\/div> <!-- close group --> <div class=\"gallery-group images-1\" style=\"width: 96px; height: 142px;\" data-original-width=\"96\" data-original-height=\"142\" > <div class=\"tiled-gallery-item tiled-gallery-item-small\" itemprop=\"associatedMedia\" itemscope itemtype=\"http:\/\/schema.org\/ImageObject\"> <a href=\"https:\/\/i0.wp.com\/samhallsentreprenor.glokala.net\/she2\/wp-content\/uploads\/2011\/09\/IMAG1088.jpg?ssl=1\" border=\"0\" itemprop=\"url\"> <meta itemprop=\"width\" content=\"92\"> <meta itemprop=\"height\" content=\"138\"> <img decoding=\"async\" class=\"\" data-attachment-id=\"100\" data-orig-file=\"https:\/\/samhallsentreprenor.glokala.net\/she2\/wp-content\/uploads\/2011\/09\/IMAG1088.jpg\" data-orig-size=\"1344,2016\" data-comments-opened=\"1\" data-image-meta=\"{&quot;aperture&quot;:&quot;0&quot;,&quot;credit&quot;:&quot;&quot;,&quot;camera&quot;:&quot;HTC Magic&quot;,&quot;caption&quot;:&quot;&quot;,&quot;created_timestamp&quot;:&quot;1316166401&quot;,&quot;copyright&quot;:&quot;&quot;,&quot;focal_length&quot;:&quot;0&quot;,&quot;iso&quot;:&quot;0&quot;,&quot;shutter_speed&quot;:&quot;0&quot;,&quot;title&quot;:&quot;&quot;}\" data-image-title=\"IMAG1088\" data-image-description=\"\" data-medium-file=\"https:\/\/i0.wp.com\/samhallsentreprenor.glokala.net\/she2\/wp-content\/uploads\/2011\/09\/IMAG1088.jpg?fit=266%2C400&#038;ssl=1\" data-large-file=\"https:\/\/i0.wp.com\/samhallsentreprenor.glokala.net\/she2\/wp-content\/uploads\/2011\/09\/IMAG1088.jpg?fit=682%2C1024&#038;ssl=1\" src=\"https:\/\/i0.wp.com\/samhallsentreprenor.glokala.net\/she2\/wp-content\/uploads\/2011\/09\/IMAG1088.jpg?w=92&#038;h=138&#038;ssl=1\" srcset=\"https:\/\/i0.wp.com\/samhallsentreprenor.glokala.net\/she2\/wp-content\/uploads\/2011\/09\/IMAG1088.jpg?w=1344&amp;ssl=1 1344w, https:\/\/i0.wp.com\/samhallsentreprenor.glokala.net\/she2\/wp-content\/uploads\/2011\/09\/IMAG1088.jpg?resize=266%2C400&amp;ssl=1 266w, https:\/\/i0.wp.com\/samhallsentreprenor.glokala.net\/she2\/wp-content\/uploads\/2011\/09\/IMAG1088.jpg?resize=682%2C1024&amp;ssl=1 682w\" width=\"92\" height=\"138\" loading=\"lazy\" data-original-width=\"92\" data-original-height=\"138\" itemprop=\"http:\/\/schema.org\/image\" title=\"IMAG1088\" alt=\"IMAG1088\" style=\"width: 92px; height: 138px;\" \/> <\/a> <\/div> <\/div> <!-- close group --> <\/div> <!-- close row --> <div class=\"gallery-row\" style=\"width: 500px; height: 373px;\" data-original-width=\"500\" data-original-height=\"373\" > <div class=\"gallery-group images-1\" style=\"width: 250px; height: 373px;\" data-original-width=\"250\" data-original-height=\"373\" > <div class=\"tiled-gallery-item tiled-gallery-item-small\" itemprop=\"associatedMedia\" itemscope itemtype=\"http:\/\/schema.org\/ImageObject\"> <a href=\"https:\/\/i0.wp.com\/samhallsentreprenor.glokala.net\/she2\/wp-content\/uploads\/2011\/09\/IMAG1087.jpg?ssl=1\" border=\"0\" itemprop=\"url\"> <meta itemprop=\"width\" content=\"246\"> <meta itemprop=\"height\" content=\"369\"> <img decoding=\"async\" class=\"\" data-attachment-id=\"99\" data-orig-file=\"https:\/\/samhallsentreprenor.glokala.net\/she2\/wp-content\/uploads\/2011\/09\/IMAG1087.jpg\" data-orig-size=\"1344,2016\" data-comments-opened=\"1\" data-image-meta=\"{&quot;aperture&quot;:&quot;0&quot;,&quot;credit&quot;:&quot;&quot;,&quot;camera&quot;:&quot;HTC Magic&quot;,&quot;caption&quot;:&quot;&quot;,&quot;created_timestamp&quot;:&quot;1316166380&quot;,&quot;copyright&quot;:&quot;&quot;,&quot;focal_length&quot;:&quot;0&quot;,&quot;iso&quot;:&quot;0&quot;,&quot;shutter_speed&quot;:&quot;0&quot;,&quot;title&quot;:&quot;&quot;}\" data-image-title=\"IMAG1087\" data-image-description=\"\" data-medium-file=\"https:\/\/i0.wp.com\/samhallsentreprenor.glokala.net\/she2\/wp-content\/uploads\/2011\/09\/IMAG1087.jpg?fit=266%2C400&#038;ssl=1\" data-large-file=\"https:\/\/i0.wp.com\/samhallsentreprenor.glokala.net\/she2\/wp-content\/uploads\/2011\/09\/IMAG1087.jpg?fit=682%2C1024&#038;ssl=1\" src=\"https:\/\/i0.wp.com\/samhallsentreprenor.glokala.net\/she2\/wp-content\/uploads\/2011\/09\/IMAG1087.jpg?w=246&#038;h=369&#038;ssl=1\" srcset=\"https:\/\/i0.wp.com\/samhallsentreprenor.glokala.net\/she2\/wp-content\/uploads\/2011\/09\/IMAG1087.jpg?w=1344&amp;ssl=1 1344w, https:\/\/i0.wp.com\/samhallsentreprenor.glokala.net\/she2\/wp-content\/uploads\/2011\/09\/IMAG1087.jpg?resize=266%2C400&amp;ssl=1 266w, https:\/\/i0.wp.com\/samhallsentreprenor.glokala.net\/she2\/wp-content\/uploads\/2011\/09\/IMAG1087.jpg?resize=682%2C1024&amp;ssl=1 682w\" width=\"246\" height=\"369\" loading=\"lazy\" data-original-width=\"246\" data-original-height=\"369\" itemprop=\"http:\/\/schema.org\/image\" title=\"IMAG1087\" alt=\"IMAG1087\" style=\"width: 246px; height: 369px;\" \/> <\/a> <\/div> <\/div> <!-- close group --> <div class=\"gallery-group images-1\" style=\"width: 250px; height: 373px;\" data-original-width=\"250\" data-original-height=\"373\" > <div class=\"tiled-gallery-item tiled-gallery-item-small\" itemprop=\"associatedMedia\" itemscope itemtype=\"http:\/\/schema.org\/ImageObject\"> <a href=\"https:\/\/i0.wp.com\/samhallsentreprenor.glokala.net\/she2\/wp-content\/uploads\/2011\/09\/IMAG1086.jpg?ssl=1\" border=\"0\" itemprop=\"url\"> <meta itemprop=\"width\" content=\"246\"> <meta itemprop=\"height\" content=\"369\"> <img decoding=\"async\" class=\"\" data-attachment-id=\"98\" data-orig-file=\"https:\/\/samhallsentreprenor.glokala.net\/she2\/wp-content\/uploads\/2011\/09\/IMAG1086.jpg\" data-orig-size=\"1344,2016\" data-comments-opened=\"1\" data-image-meta=\"{&quot;aperture&quot;:&quot;0&quot;,&quot;credit&quot;:&quot;&quot;,&quot;camera&quot;:&quot;HTC Magic&quot;,&quot;caption&quot;:&quot;&quot;,&quot;created_timestamp&quot;:&quot;1316166360&quot;,&quot;copyright&quot;:&quot;&quot;,&quot;focal_length&quot;:&quot;0&quot;,&quot;iso&quot;:&quot;0&quot;,&quot;shutter_speed&quot;:&quot;0&quot;,&quot;title&quot;:&quot;&quot;}\" data-image-title=\"IMAG1086\" data-image-description=\"\" data-medium-file=\"https:\/\/i0.wp.com\/samhallsentreprenor.glokala.net\/she2\/wp-content\/uploads\/2011\/09\/IMAG1086.jpg?fit=266%2C400&#038;ssl=1\" data-large-file=\"https:\/\/i0.wp.com\/samhallsentreprenor.glokala.net\/she2\/wp-content\/uploads\/2011\/09\/IMAG1086.jpg?fit=682%2C1024&#038;ssl=1\" src=\"https:\/\/i0.wp.com\/samhallsentreprenor.glokala.net\/she2\/wp-content\/uploads\/2011\/09\/IMAG1086.jpg?w=246&#038;h=369&#038;ssl=1\" srcset=\"https:\/\/i0.wp.com\/samhallsentreprenor.glokala.net\/she2\/wp-content\/uploads\/2011\/09\/IMAG1086.jpg?w=1344&amp;ssl=1 1344w, https:\/\/i0.wp.com\/samhallsentreprenor.glokala.net\/she2\/wp-content\/uploads\/2011\/09\/IMAG1086.jpg?resize=266%2C400&amp;ssl=1 266w, https:\/\/i0.wp.com\/samhallsentreprenor.glokala.net\/she2\/wp-content\/uploads\/2011\/09\/IMAG1086.jpg?resize=682%2C1024&amp;ssl=1 682w\" width=\"246\" height=\"369\" loading=\"lazy\" data-original-width=\"246\" data-original-height=\"369\" itemprop=\"http:\/\/schema.org\/image\" title=\"IMAG1086\" alt=\"IMAG1086\" style=\"width: 246px; height: 369px;\" \/> <\/a> <\/div> <\/div> <!-- close group --> <\/div> <!-- close row --> <div class=\"gallery-row\" style=\"width: 500px; height: 168px;\" data-original-width=\"500\" data-original-height=\"168\" > <div class=\"gallery-group images-1\" style=\"width: 250px; height: 168px;\" data-original-width=\"250\" data-original-height=\"168\" > <div class=\"tiled-gallery-item tiled-gallery-item-small\" itemprop=\"associatedMedia\" itemscope itemtype=\"http:\/\/schema.org\/ImageObject\"> <a href=\"https:\/\/i0.wp.com\/samhallsentreprenor.glokala.net\/she2\/wp-content\/uploads\/2011\/09\/IMAG1085.jpg?ssl=1\" border=\"0\" itemprop=\"url\"> <meta itemprop=\"width\" content=\"246\"> <meta itemprop=\"height\" content=\"164\"> <img decoding=\"async\" class=\"\" data-attachment-id=\"97\" data-orig-file=\"https:\/\/samhallsentreprenor.glokala.net\/she2\/wp-content\/uploads\/2011\/09\/IMAG1085.jpg\" data-orig-size=\"2016,1344\" data-comments-opened=\"1\" data-image-meta=\"{&quot;aperture&quot;:&quot;0&quot;,&quot;credit&quot;:&quot;&quot;,&quot;camera&quot;:&quot;HTC Magic&quot;,&quot;caption&quot;:&quot;&quot;,&quot;created_timestamp&quot;:&quot;1316166351&quot;,&quot;copyright&quot;:&quot;&quot;,&quot;focal_length&quot;:&quot;0&quot;,&quot;iso&quot;:&quot;0&quot;,&quot;shutter_speed&quot;:&quot;0&quot;,&quot;title&quot;:&quot;&quot;}\" data-image-title=\"IMAG1085\" data-image-description=\"\" data-medium-file=\"https:\/\/i0.wp.com\/samhallsentreprenor.glokala.net\/she2\/wp-content\/uploads\/2011\/09\/IMAG1085.jpg?fit=400%2C266&#038;ssl=1\" data-large-file=\"https:\/\/i0.wp.com\/samhallsentreprenor.glokala.net\/she2\/wp-content\/uploads\/2011\/09\/IMAG1085.jpg?fit=1024%2C682&#038;ssl=1\" src=\"https:\/\/i0.wp.com\/samhallsentreprenor.glokala.net\/she2\/wp-content\/uploads\/2011\/09\/IMAG1085.jpg?w=246&#038;h=164&#038;ssl=1\" srcset=\"https:\/\/i0.wp.com\/samhallsentreprenor.glokala.net\/she2\/wp-content\/uploads\/2011\/09\/IMAG1085.jpg?w=2016&amp;ssl=1 2016w, https:\/\/i0.wp.com\/samhallsentreprenor.glokala.net\/she2\/wp-content\/uploads\/2011\/09\/IMAG1085.jpg?resize=400%2C266&amp;ssl=1 400w, https:\/\/i0.wp.com\/samhallsentreprenor.glokala.net\/she2\/wp-content\/uploads\/2011\/09\/IMAG1085.jpg?resize=1024%2C682&amp;ssl=1 1024w\" width=\"246\" height=\"164\" loading=\"lazy\" data-original-width=\"246\" data-original-height=\"164\" itemprop=\"http:\/\/schema.org\/image\" title=\"IMAG1085\" alt=\"IMAG1085\" style=\"width: 246px; height: 164px;\" \/> <\/a> <\/div> <\/div> <!-- close group --> <div class=\"gallery-group images-1\" style=\"width: 250px; height: 168px;\" data-original-width=\"250\" data-original-height=\"168\" > <div class=\"tiled-gallery-item tiled-gallery-item-small\" itemprop=\"associatedMedia\" itemscope itemtype=\"http:\/\/schema.org\/ImageObject\"> <a href=\"https:\/\/i0.wp.com\/samhallsentreprenor.glokala.net\/she2\/wp-content\/uploads\/2011\/09\/IMAG1093.jpg?ssl=1\" border=\"0\" itemprop=\"url\"> <meta itemprop=\"width\" content=\"246\"> <meta itemprop=\"height\" content=\"164\"> <img decoding=\"async\" class=\"\" data-attachment-id=\"96\" data-orig-file=\"https:\/\/samhallsentreprenor.glokala.net\/she2\/wp-content\/uploads\/2011\/09\/IMAG1093.jpg\" data-orig-size=\"2016,1344\" data-comments-opened=\"1\" data-image-meta=\"{&quot;aperture&quot;:&quot;0&quot;,&quot;credit&quot;:&quot;&quot;,&quot;camera&quot;:&quot;HTC Magic&quot;,&quot;caption&quot;:&quot;&quot;,&quot;created_timestamp&quot;:&quot;1316198558&quot;,&quot;copyright&quot;:&quot;&quot;,&quot;focal_length&quot;:&quot;0&quot;,&quot;iso&quot;:&quot;0&quot;,&quot;shutter_speed&quot;:&quot;0&quot;,&quot;title&quot;:&quot;&quot;}\" data-image-title=\"IMAG1093\" data-image-description=\"\" data-medium-file=\"https:\/\/i0.wp.com\/samhallsentreprenor.glokala.net\/she2\/wp-content\/uploads\/2011\/09\/IMAG1093.jpg?fit=400%2C266&#038;ssl=1\" data-large-file=\"https:\/\/i0.wp.com\/samhallsentreprenor.glokala.net\/she2\/wp-content\/uploads\/2011\/09\/IMAG1093.jpg?fit=1024%2C682&#038;ssl=1\" src=\"https:\/\/i0.wp.com\/samhallsentreprenor.glokala.net\/she2\/wp-content\/uploads\/2011\/09\/IMAG1093.jpg?w=246&#038;h=164&#038;ssl=1\" srcset=\"https:\/\/i0.wp.com\/samhallsentreprenor.glokala.net\/she2\/wp-content\/uploads\/2011\/09\/IMAG1093.jpg?w=2016&amp;ssl=1 2016w, https:\/\/i0.wp.com\/samhallsentreprenor.glokala.net\/she2\/wp-content\/uploads\/2011\/09\/IMAG1093.jpg?resize=400%2C266&amp;ssl=1 400w, https:\/\/i0.wp.com\/samhallsentreprenor.glokala.net\/she2\/wp-content\/uploads\/2011\/09\/IMAG1093.jpg?resize=1024%2C682&amp;ssl=1 1024w\" width=\"246\" height=\"164\" loading=\"lazy\" data-original-width=\"246\" data-original-height=\"164\" itemprop=\"http:\/\/schema.org\/image\" title=\"IMAG1093\" alt=\"IMAG1093\" style=\"width: 246px; height: 164px;\" \/> <\/a> <\/div> <\/div> <!-- close group --> <\/div> <!-- close row --> <\/div>\n<p><span style=\"text-decoration: underline;\"><strong>Marshmallow Challenge online<\/strong><\/span> &#8211; &#8211; &#8211; &gt; <a href=\"http:\/\/marshmallowchallenge.com\/\" target=\"_blank\">http:\/\/marshmallowchallenge.com\/<\/a><\/p>\n<p><strong><span style=\"text-decoration: underline;\">Bert-Ola Bergstrands presentation<\/span><\/strong> 16 september:<br \/>\n<a href=\"http:\/\/samhallsentreprenor.glokala.net\/she2\/wp-content\/uploads\/2011\/09\/Socialt-kapital-Malm%C3%B6-16-september-2011.ppt\">Socialt kapital &#8211; Malm\u00f6 16 september 2011<\/a> (powerpoint)<\/p>\n<h4>Kursplaneringen<\/h4>\n<p>Hannah och jag kommer att skriva rent och konkretisera planerna och id\u00e9erna som vi tog fram under dagarna 16-17 september, vi hoppas \u00e5terkomma med ett mer f\u00e4rdigt f\u00f6rslag i b\u00f6rjan av n\u00e4sta vecka.<\/p>\n<h4>Inspiration\/debatt<\/h4>\n<p><a href=\"http:\/\/stockholm.etc.se\/ledare\/l%C3%A5t-samh%C3%A4llsentrepren%C3%B6rerna-blomstra\" target=\"_blank\">&#8221;L\u00e5t samh\u00e4llsentrepren\u00f6rerna blomstra&#8221; &#8211; l\u00e4nk<\/a><br \/>\n<em>Anders Wallner i ETC 2 september 2011<\/em><\/p>\n<p><a href=\"http:\/\/www.thepolisblog.org\/2011\/08\/beyond-consumption-enabling.html\" target=\"_blank\">&#8221;Beyond Consumption: Enabling Participation for Livable Cities&#8221; &#8211; l\u00e4nk<\/a><br \/>\n<em>Chiara Camponeschi p\u00e5 bloggen [polis]<\/em><\/p>\n","protected":false},"excerpt":{"rendered":"<p>Fr\u00e5n dagarna i Malm\u00f6 16-17 september: Marshmallow Challenge online &#8211; &#8211; &#8211; &gt; http:\/\/marshmallowchallenge.com\/ Bert-Ola Bergstrands presentation 16 september: Socialt kapital &#8211; Malm\u00f6 16 september 2011 (powerpoint) Kursplaneringen Hannah och jag kommer att skriva rent och konkretisera planerna och id\u00e9erna som vi tog fram under dagarna 16-17 september, vi hoppas \u00e5terkomma med ett mer f\u00e4rdigt [&hellip;]<\/p>\n","protected":false},"author":1001021,"featured_media":0,"parent":0,"menu_order":0,"comment_status":"open","ping_status":"open","template":"","meta":{"_bbp_topic_count":0,"_bbp_reply_count":0,"_bbp_total_topic_count":0,"_bbp_total_reply_count":0,"_bbp_voice_count":0,"_bbp_anonymous_reply_count":0,"_bbp_topic_count_hidden":0,"_bbp_reply_count_hidden":0,"_bbp_forum_subforum_count":0,"footnotes":""},"class_list":["post-95","page","type-page","status-publish","hentry"],"jetpack_sharing_enabled":true,"_links":{"self":[{"href":"https:\/\/samhallsentreprenor.glokala.net\/she2\/wp-json\/wp\/v2\/pages\/95","targetHints":{"allow":["GET"]}}],"collection":[{"href":"https:\/\/samhallsentreprenor.glokala.net\/she2\/wp-json\/wp\/v2\/pages"}],"about":[{"href":"https:\/\/samhallsentreprenor.glokala.net\/she2\/wp-json\/wp\/v2\/types\/page"}],"author":[{"embeddable":true,"href":"https:\/\/samhallsentreprenor.glokala.net\/she2\/wp-json\/wp\/v2\/users\/1001021"}],"replies":[{"embeddable":true,"href":"https:\/\/samhallsentreprenor.glokala.net\/she2\/wp-json\/wp\/v2\/comments?post=95"}],"version-history":[{"count":4,"href":"https:\/\/samhallsentreprenor.glokala.net\/she2\/wp-json\/wp\/v2\/pages\/95\/revisions"}],"predecessor-version":[{"id":110,"href":"https:\/\/samhallsentreprenor.glokala.net\/she2\/wp-json\/wp\/v2\/pages\/95\/revisions\/110"}],"wp:attachment":[{"href":"https:\/\/samhallsentreprenor.glokala.net\/she2\/wp-json\/wp\/v2\/media?parent=95"}],"curies":[{"name":"wp","href":"https:\/\/api.w.org\/{rel}","templated":true}]}}